{"id":9945,"date":"2025-02-20T21:50:05","date_gmt":"2025-02-20T21:50:05","guid":{"rendered":"https:\/\/alles-ueber-riffe.de\/?page_id=9945"},"modified":"2025-02-20T21:53:30","modified_gmt":"2025-02-20T21:53:30","slug":"tigerschwanz-seepferdchen-2","status":"publish","type":"page","link":"https:\/\/alles-ueber-riffe.de\/?page_id=9945","title":{"rendered":"Tigerschwanz Seepferdchen"},"content":{"rendered":"\n<div class=\"wp-block-group is-vertical is-layout-flex wp-container-core-group-is-layout-8cf370e7 wp-block-group-is-layout-flex\">\n<p><strong>Tigerschwanz Seepferdchen<\/strong><\/p>\n\n\n\n<p>Tiger tail seahorse<\/p>\n\n\n\n<p><em>Hippocampus comes<\/em><\/p>\n<\/div>\n\n\n\n<div style=\"height:30px\" aria-hidden=\"true\" class=\"wp-block-spacer\"><\/div>\n\n\n\n<figure class=\"wp-block-video\"><video height=\"576\" style=\"aspect-ratio: 1024 \/ 576;\" width=\"1024\" controls src=\"https:\/\/alles-ueber-riffe.de\/wp-content\/uploads\/2025\/02\/Tigerschwanz-Seepferdchen.mp4\"><\/video><\/figure>\n\n\n\n<hr class=\"wp-block-separator has-alpha-channel-opacity is-style-default\"\/>\n\n\n\n<p><strong>Gr\u00f6\u00dfe: <\/strong> bis 18,7 cm<\/p>\n\n\n\n<p><strong>Lebensraum:<\/strong> Korallenriff<\/p>\n\n\n\n<p><strong>Vorkommen:  <\/strong>ganz S\u00fcdostasien<\/p>\n\n\n\n<p><strong>Erkennungsmerkmale:<\/strong> Grundfarbe sehr variabel und zus\u00e4tzlich abh\u00e4ngig vom Geschlecht; Weibchen oft gelb mit schwarzen Querb\u00e4ndern am Schwanz; M\u00e4nnchen oft dunkelbraun mit hellen Querb\u00e4ndern am Schwanz<\/p>\n\n\n\n<p><strong>Biologie &amp; Verhalten: <\/strong> Man findet sie zwischen Hartkorallen, an denen es sich mit dem Schwanz festh\u00e4lt. Das M\u00e4nnchen betreibt Brutpflege. Nachtaktiv und gew\u00f6hnlich paarweise im Riff unterwegs.<\/p>\n\n\n\n<p><strong>Bedrohungsstatus:<\/strong> Die Art wird auf der Roten Liste der IUCN als <mark style=\"background-color:rgba(0, 0, 0, 0)\" class=\"has-inline-color has-vivid-red-color\">\u201egef\u00e4hrdet\u201c <\/mark>gef\u00fchrt. Es werden gro\u00dfe Mengen gefischt, da es in der chinesischen Medizin verwendet wird.<\/p>\n\n\n\n<hr class=\"wp-block-separator has-alpha-channel-opacity is-style-default\"\/>\n\n\n\n<p><\/p>\n","protected":false},"excerpt":{"rendered":"<p>Tigerschwanz Seepferdchen Tiger tail seahorse Hippocampus comes Gr\u00f6\u00dfe: bis 18,7 cm Lebensraum: Korallenriff Vorkommen: ganz S\u00fcdostasien Erkennungsmerkmale: Grundfarbe sehr variabel und zus\u00e4tzlich abh\u00e4ngig vom Geschlecht; Weibchen oft gelb mit schwarzen Querb\u00e4ndern am Schwanz; M\u00e4nnchen oft dunkelbraun mit hellen Querb\u00e4ndern am Schwanz Biologie &amp; Verhalten: Man findet sie zwischen Hartkorallen, an denen es sich mit dem &hellip; <\/p>\n<p class=\"link-more\"><a href=\"https:\/\/alles-ueber-riffe.de\/?page_id=9945\" class=\"more-link\"><span class=\"screen-reader-text\">\u201eTigerschwanz Seepferdchen\u201c<\/span> weiterlesen<\/a><\/p>\n","protected":false},"author":1,"featured_media":0,"parent":0,"menu_order":0,"comment_status":"closed","ping_status":"closed","template":"","meta":{"footnotes":""},"class_list":["post-9945","page","type-page","status-publish","hentry"],"_links":{"self":[{"href":"https:\/\/alles-ueber-riffe.de\/index.php?rest_route=\/wp\/v2\/pages\/9945","targetHints":{"allow":["GET"]}}],"collection":[{"href":"https:\/\/alles-ueber-riffe.de\/index.php?rest_route=\/wp\/v2\/pages"}],"about":[{"href":"https:\/\/alles-ueber-riffe.de\/index.php?rest_route=\/wp\/v2\/types\/page"}],"author":[{"embeddable":true,"href":"https:\/\/alles-ueber-riffe.de\/index.php?rest_route=\/wp\/v2\/users\/1"}],"replies":[{"embeddable":true,"href":"https:\/\/alles-ueber-riffe.de\/index.php?rest_route=%2Fwp%2Fv2%2Fcomments&post=9945"}],"version-history":[{"count":4,"href":"https:\/\/alles-ueber-riffe.de\/index.php?rest_route=\/wp\/v2\/pages\/9945\/revisions"}],"predecessor-version":[{"id":9950,"href":"https:\/\/alles-ueber-riffe.de\/index.php?rest_route=\/wp\/v2\/pages\/9945\/revisions\/9950"}],"wp:attachment":[{"href":"https:\/\/alles-ueber-riffe.de\/index.php?rest_route=%2Fwp%2Fv2%2Fmedia&parent=9945"}],"curies":[{"name":"wp","href":"https:\/\/api.w.org\/{rel}","templated":true}]}}