{"id":894,"date":"2024-10-16T17:58:43","date_gmt":"2024-10-16T17:58:43","guid":{"rendered":"https:\/\/alles-ueber-riffe.de\/?page_id=894"},"modified":"2025-02-06T16:19:55","modified_gmt":"2025-02-06T16:19:55","slug":"walhai","status":"publish","type":"page","link":"https:\/\/alles-ueber-riffe.de\/?page_id=894","title":{"rendered":"Walhai"},"content":{"rendered":"\n<div class=\"wp-block-group is-vertical is-layout-flex wp-container-core-group-is-layout-8cf370e7 wp-block-group-is-layout-flex\">\n<p><strong>Walhai<\/strong><\/p>\n\n\n\n<p>Whale shark<\/p>\n\n\n\n<p><em>(Rhincodon typus&nbsp;<em style=\"font-size: revert;\">)<\/em><\/em><\/p>\n<\/div>\n\n\n\n<div style=\"height:49px\" aria-hidden=\"true\" class=\"wp-block-spacer\"><\/div>\n\n\n\n<figure class=\"wp-block-video\"><video height=\"576\" style=\"aspect-ratio: 1024 \/ 576;\" width=\"1024\" controls src=\"https:\/\/alles-ueber-riffe.de\/wp-content\/uploads\/2024\/10\/walhai_1024x576.mp4\"><\/video><figcaption class=\"wp-element-caption\"><em>\u00a9 Michael Stadermann\/Just<\/em><\/figcaption><\/figure>\n\n\n\n<div style=\"height:50px\" aria-hidden=\"true\" class=\"wp-block-spacer\"><\/div>\n\n\n\n<p><strong>Gr\u00f6\u00dfe: <\/strong> bis 18,80 m<\/p>\n\n\n\n<p><strong>Lebensraum:<\/strong> pelagisch, gelegentlich zum Fressen in K\u00fcsten- bzw. Riffn\u00e4he<\/p>\n\n\n\n<p><strong>Vorkommen:  <\/strong> in allen tropischen Bereichen aller Ozeane<\/p>\n\n\n\n<p><strong>Erkennungsmerkmale: <\/strong> breiter Kopf; F\u00e4rbung graubraun mit kleinen wei\u00dfen Flecken . Unverwechselbare Erscheinung.<\/p>\n\n\n\n<p><strong>Biologie &amp; Verhalten: <\/strong> Der gr\u00f6\u00dfte Fisch der Welt versteht es nach wie vor, seine erste Lebensphase vor uns Menschen zu verheimlichen: Geboren werden Walhaie mit einer Gr\u00f6\u00dfe von ca. 80 cm, doch so kleine werden fast nie gesehen oder gefangen. Die kleinsten Walhaie, die Fischer oder Taucher zu Gesicht bekommen, messen bereits 3,50 m bis 4,00 m. Wo und wie werden Walhaie also geboren und wo verbringen Sie ihre ersten Jahre? 2009 fanden Fischer bei der Insel Cebu (Philippinen) einen kleinen, neugeborenen Walhai von 70 cm L\u00e4nge. Der WWF \u00e4u\u00dferte die Vermutung, dass die Gegend eine der Geburtsregionen sein k\u00f6nnte. Bei der Nachbarinsel Leyte wird der Pazifik auch richtig tief. Nicht weit davon Richtung Osten befindet sich der Mariannengraben, die mit 11.034 m tiefste Stelle der Ozeane \u00fcberhaupt. Also eine gute Gegend f\u00fcr kleine Walhaie, um in die Tiefsee zu verschwinden. Anders kann man die Abwesenheit kleiner Walhaie in den oberen Meeresregionen nicht erkl\u00e4ren, vermutet auch der Biologe David Rowat auf den Seychellen. Er beobachtet in dem Inselstaat vor Ostafrika seit \u00fcber 25 Jahren folgendes Ph\u00e4nomen: Immer im September und Oktober tauchen bei den Seychellen Walhaie auf. Nicht f\u00fcnf oder zehn, nein, oft bis zu dreihundert, und alle meist nur 3,50 m bis 4,5 m gro\u00df und weiblich. Wandern sie etwa von den Philippinen Richtung Westen und beenden ihr Tiefseeleben auf den Seychellen? Der wirkliche Nachweis hierf\u00fcr steht noch aus, und solange bleibt alles nur eine unbewiesene Theorie und weiterhin ein Geheimnis.<\/p>\n\n\n\n<p>Walhaie ern\u00e4hren sich wie die Bartenwale von Plankton, aber auch kleinen Fischen, die sie mit ihrem gro\u00dfen Maul aus dem Wasser filtern. Adulte Walhaie leben als Einzelg\u00e4nger und halten sich vorwiegend im oberen Bereich bis zu 20 m Tiefe auf. Durch Markierungen konnte nachgewiesen werden, dass Walhaie gro\u00dfe Strecken wandern. Der gr\u00f6\u00dfte dokumentierte Walhai hatte eine L\u00e4nge von 18,80 m. \u00dcber das Paarungsverhalten wissen wir nichts. Walhaie bringen lebende Junge zur Welt. Bis zu 300 kleine Walhaie in verschiedenen Entwicklungsstadien fand man 1995 im Bauch eines gefangenen Weibchens. Bis dahin glaubte man, dass Walhaie Eier legen, weil man 1953 ein Ei gefunden hat, doch dieses war eine Fehlgeburt, denn Walhaie vermehren sich ovovivipar, d.h. die Eier werden im Mutterleib ausgebr\u00fctet. Walhaie werden im Alter von 10 Jahren geschlechtsreif und k\u00f6nnen bis zu 100 Jahre alt werden.<\/p>\n\n\n\n<p>Der Schutz der Walhaie gestaltet sich als besonders schwierig. Auf seinen Wanderungen durchquert er internationale Gew\u00e4sser und auf Hoher See gibt es kein Gesetz und keine Zeugen. Selbst in gesch\u00fctzten Gew\u00e4ssern, wie den Philippinen, boten 2009 Wilderer aus Taiwan einheimischen Fischern 50.000 Dollar f\u00fcr einen Walhai. Eine Verm\u00f6gen in einem Land mit einem Durchschnittseinkommen von 300 Dollar im Monat.<\/p>\n\n\n\n<p><strong>Gefahr:<\/strong> Walhaie sind harmlos.<\/p>\n\n\n\n<p><strong>Bedrohungsstatus:<\/strong> Walhaie werden auf der Roten Liste der IUCN als \u201ebedroht\u201c gef\u00fchrt.<\/p>\n\n\n\n<p><strong>Video:<\/strong> \u00a9 Sandra Caramelle<\/p>\n\n\n\n<hr class=\"wp-block-separator has-alpha-channel-opacity is-style-wide\"\/>\n","protected":false},"excerpt":{"rendered":"<p>Walhai Whale shark (Rhincodon typus&nbsp;) Gr\u00f6\u00dfe: bis 18,80 m Lebensraum: pelagisch, gelegentlich zum Fressen in K\u00fcsten- bzw. Riffn\u00e4he Vorkommen: in allen tropischen Bereichen aller Ozeane Erkennungsmerkmale: breiter Kopf; F\u00e4rbung graubraun mit kleinen wei\u00dfen Flecken . Unverwechselbare Erscheinung. Biologie &amp; Verhalten: Der gr\u00f6\u00dfte Fisch der Welt versteht es nach wie vor, seine erste Lebensphase vor uns &hellip; <\/p>\n<p class=\"link-more\"><a href=\"https:\/\/alles-ueber-riffe.de\/?page_id=894\" class=\"more-link\"><span class=\"screen-reader-text\">\u201eWalhai\u201c<\/span> weiterlesen<\/a><\/p>\n","protected":false},"author":1,"featured_media":0,"parent":0,"menu_order":0,"comment_status":"closed","ping_status":"closed","template":"","meta":{"footnotes":""},"class_list":["post-894","page","type-page","status-publish","hentry"],"_links":{"self":[{"href":"https:\/\/alles-ueber-riffe.de\/index.php?rest_route=\/wp\/v2\/pages\/894","targetHints":{"allow":["GET"]}}],"collection":[{"href":"https:\/\/alles-ueber-riffe.de\/index.php?rest_route=\/wp\/v2\/pages"}],"about":[{"href":"https:\/\/alles-ueber-riffe.de\/index.php?rest_route=\/wp\/v2\/types\/page"}],"author":[{"embeddable":true,"href":"https:\/\/alles-ueber-riffe.de\/index.php?rest_route=\/wp\/v2\/users\/1"}],"replies":[{"embeddable":true,"href":"https:\/\/alles-ueber-riffe.de\/index.php?rest_route=%2Fwp%2Fv2%2Fcomments&post=894"}],"version-history":[{"count":6,"href":"https:\/\/alles-ueber-riffe.de\/index.php?rest_route=\/wp\/v2\/pages\/894\/revisions"}],"predecessor-version":[{"id":9003,"href":"https:\/\/alles-ueber-riffe.de\/index.php?rest_route=\/wp\/v2\/pages\/894\/revisions\/9003"}],"wp:attachment":[{"href":"https:\/\/alles-ueber-riffe.de\/index.php?rest_route=%2Fwp%2Fv2%2Fmedia&parent=894"}],"curies":[{"name":"wp","href":"https:\/\/api.w.org\/{rel}","templated":true}]}}