{"id":892,"date":"2024-10-16T17:58:27","date_gmt":"2024-10-16T17:58:27","guid":{"rendered":"https:\/\/alles-ueber-riffe.de\/?page_id=892"},"modified":"2025-02-06T16:19:13","modified_gmt":"2025-02-06T16:19:13","slug":"tigerhai","status":"publish","type":"page","link":"https:\/\/alles-ueber-riffe.de\/?page_id=892","title":{"rendered":"Tigerhai"},"content":{"rendered":"\n<div class=\"wp-block-group is-vertical is-layout-flex wp-container-core-group-is-layout-8cf370e7 wp-block-group-is-layout-flex\">\n<p><strong>Tigerhai<\/strong><\/p>\n\n\n\n<p>Tiger shark<\/p>\n\n\n\n<p><em>(Galeocerdo cuvier<em style=\"font-size: revert;\">)<\/em><\/em><\/p>\n\n\n\n<div style=\"height:50px\" aria-hidden=\"true\" class=\"wp-block-spacer wp-container-content-b30579f5\"><\/div>\n\n\n\n<figure class=\"wp-block-video\"><video height=\"576\" style=\"aspect-ratio: 1024 \/ 576;\" width=\"1024\" controls src=\"https:\/\/alles-ueber-riffe.de\/wp-content\/uploads\/2024\/10\/Tigerhai_1024x576.mp4\"><\/video><figcaption class=\"wp-element-caption\"><em>\u00a9 Petra Mandel<\/em><\/figcaption><\/figure>\n<\/div>\n\n\n\n<div style=\"height:50px\" aria-hidden=\"true\" class=\"wp-block-spacer\"><\/div>\n\n\n\n<p><strong>Gr\u00f6\u00dfe: <\/strong> bis 5,50 m<\/p>\n\n\n\n<p><strong>Lebensraum:<\/strong> k\u00fcstennah an Riffen, Sandfl\u00e4chen und Seegraswiesen<\/p>\n\n\n\n<p><strong>Vorkommen:  <\/strong>in allen subtropischen und tropischen Regionen des Indopazifik und Atlantik<\/p>\n\n\n\n<p><strong>Erkennungsmerkmale: <\/strong> Tigerartige Streifenmusterung, die aber bei zunehmendem Alter verblasst. Massiger und gro\u00dfer Hai.<\/p>\n\n\n\n<p><strong>Biologie &amp; Verhalten: <\/strong> Ein Tigerhai hat es bis ins Museum geschafft: Als Kunstwerk von Damien Hirst und in Formaldehyd eingelegt. Eindrucksvoller ist eine Begegnung mit diesem Hai in der freien Natur. Nicht nur seine Gr\u00f6\u00dfe und&nbsp;sein&nbsp;massiges Aussehen&nbsp;erh\u00f6hen<em>&nbsp;<\/em>den Blutdruck, sondern auch seine Neugierde. Furchtlos wie er ist, kommt er auch mal ganz nah heran.<\/p>\n\n\n\n<p>Tigerhaie sind Einzelg\u00e4nger.<\/p>\n\n\n\n<p>Auf dem Speiseplan steht alles, was fressbar ist: V\u00f6gel, andere Haie, selbst die Panzer von Schildkr\u00f6ten halten ihrem kr\u00e4ftigen Gebiss nicht stand. Bei Hawaii konnte eine Gruppe Tigerhaie bei einem Angriff auf einen Buckelwal beobachtet werden. Delfine meiden Gebiete, in denen Tigerhaie vorkommen. Vielleicht macht ihn sein Fressverhalten auch f\u00fcr Menschen so gef\u00e4hrlich: Furchtlos wie er ist, pr\u00fcft er alles was im Wasser schwimmt auf mit einem Testbiss. In&nbsp;den<em>&nbsp;<\/em>M\u00e4gen toter Tigerhaie fand man schon Nummernschilder, Autoreifen und Baseballschl\u00e4ger. Er tr\u00e4gt deshalb auch den Spitznamen \u201eM\u00fcllschlucker der Meere.\u201c<\/p>\n\n\n\n<p>Ihrer Rolle als Spitzenj\u00e4ger werden sie schon im Mutterleib gerecht. Noch nicht mal geboren, fressen die \u00c4lteren schon die kleineren Geschwister. Trotzdem werden nach einer Tragzeit von 15-16 Monaten immer noch bis zu 40 Junge lebend geboren.<\/p>\n\n\n\n<p><strong>Gefahr:<\/strong> Der Tigerhai belegt Platz Nr. 2 in der Statistik der Haiangriffe auf Menschen und in tropischen Gew\u00e4ssern Platz Nr. 1. Da er auch im ganz flachen Wasser, wie z.B. am Strand nach Beute sucht, kommt es immer wieder zu Unf\u00e4llen, vor allem mit Schwimmern und Schnorchlern. Insbesondere in Hawaii scheinen die Tigerhaie aggressiver zu sein als anderswo.&nbsp;<\/p>\n\n\n\n<p><strong>Bedrohungsstatus:<\/strong> Auf der Roten Liste der IUCN besitzt er den Status \u201egering gef\u00e4hrdet\u201c.<\/p>\n\n\n\n<p><strong>Video:<\/strong> \u00a9 Petra Mandel<\/p>\n\n\n\n<hr class=\"wp-block-separator has-alpha-channel-opacity is-style-wide\"\/>\n","protected":false},"excerpt":{"rendered":"<p>Tigerhai Tiger shark (Galeocerdo cuvier) Gr\u00f6\u00dfe: bis 5,50 m Lebensraum: k\u00fcstennah an Riffen, Sandfl\u00e4chen und Seegraswiesen Vorkommen: in allen subtropischen und tropischen Regionen des Indopazifik und Atlantik Erkennungsmerkmale: Tigerartige Streifenmusterung, die aber bei zunehmendem Alter verblasst. Massiger und gro\u00dfer Hai. Biologie &amp; Verhalten: Ein Tigerhai hat es bis ins Museum geschafft: Als Kunstwerk von Damien &hellip; <\/p>\n<p class=\"link-more\"><a href=\"https:\/\/alles-ueber-riffe.de\/?page_id=892\" class=\"more-link\"><span class=\"screen-reader-text\">\u201eTigerhai\u201c<\/span> weiterlesen<\/a><\/p>\n","protected":false},"author":1,"featured_media":0,"parent":0,"menu_order":0,"comment_status":"closed","ping_status":"closed","template":"","meta":{"footnotes":""},"class_list":["post-892","page","type-page","status-publish","hentry"],"_links":{"self":[{"href":"https:\/\/alles-ueber-riffe.de\/index.php?rest_route=\/wp\/v2\/pages\/892","targetHints":{"allow":["GET"]}}],"collection":[{"href":"https:\/\/alles-ueber-riffe.de\/index.php?rest_route=\/wp\/v2\/pages"}],"about":[{"href":"https:\/\/alles-ueber-riffe.de\/index.php?rest_route=\/wp\/v2\/types\/page"}],"author":[{"embeddable":true,"href":"https:\/\/alles-ueber-riffe.de\/index.php?rest_route=\/wp\/v2\/users\/1"}],"replies":[{"embeddable":true,"href":"https:\/\/alles-ueber-riffe.de\/index.php?rest_route=%2Fwp%2Fv2%2Fcomments&post=892"}],"version-history":[{"count":5,"href":"https:\/\/alles-ueber-riffe.de\/index.php?rest_route=\/wp\/v2\/pages\/892\/revisions"}],"predecessor-version":[{"id":9001,"href":"https:\/\/alles-ueber-riffe.de\/index.php?rest_route=\/wp\/v2\/pages\/892\/revisions\/9001"}],"wp:attachment":[{"href":"https:\/\/alles-ueber-riffe.de\/index.php?rest_route=%2Fwp%2Fv2%2Fmedia&parent=892"}],"curies":[{"name":"wp","href":"https:\/\/api.w.org\/{rel}","templated":true}]}}