{"id":886,"date":"2024-10-16T17:57:37","date_gmt":"2024-10-16T17:57:37","guid":{"rendered":"https:\/\/alles-ueber-riffe.de\/?page_id=886"},"modified":"2025-02-06T16:17:29","modified_gmt":"2025-02-06T16:17:29","slug":"schwarzspitzenhai","status":"publish","type":"page","link":"https:\/\/alles-ueber-riffe.de\/?page_id=886","title":{"rendered":"Schwarzspitzenhai"},"content":{"rendered":"\n<div class=\"wp-block-group is-vertical is-layout-flex wp-container-core-group-is-layout-8cf370e7 wp-block-group-is-layout-flex\">\n<p><strong>Schwarzspitzenhai<\/strong><\/p>\n\n\n\n<p><strong>Blacktip shark<\/strong><\/p>\n\n\n\n<p><em>(Carcharhinus limbatus<em style=\"font-size: revert;\">)<\/em><\/em><\/p>\n<\/div>\n\n\n\n<div style=\"height:49px\" aria-hidden=\"true\" class=\"wp-block-spacer\"><\/div>\n\n\n\n<figure class=\"wp-block-image size-full\"><img loading=\"lazy\" decoding=\"async\" width=\"1024\" height=\"768\" src=\"https:\/\/alles-ueber-riffe.de\/wp-content\/uploads\/2024\/10\/Schwarzspitzenhai_1024x768.jpg\" alt=\"\" class=\"wp-image-992\" srcset=\"https:\/\/alles-ueber-riffe.de\/wp-content\/uploads\/2024\/10\/Schwarzspitzenhai_1024x768.jpg 1024w, https:\/\/alles-ueber-riffe.de\/wp-content\/uploads\/2024\/10\/Schwarzspitzenhai_1024x768-300x225.jpg 300w, https:\/\/alles-ueber-riffe.de\/wp-content\/uploads\/2024\/10\/Schwarzspitzenhai_1024x768-768x576.jpg 768w\" sizes=\"auto, (max-width: 767px) 89vw, (max-width: 1000px) 54vw, (max-width: 1071px) 543px, 580px\" \/><figcaption class=\"wp-element-caption\"><em>\u00a9 Tomas Kotouc<\/em><\/figcaption><\/figure>\n\n\n\n<div style=\"height:50px\" aria-hidden=\"true\" class=\"wp-block-spacer\"><\/div>\n\n\n\n<p><strong>Gr\u00f6\u00dfe: <\/strong> bis 1,50 m<\/p>\n\n\n\n<p><strong>Lebensraum:<\/strong> Riffe und Mangroven<\/p>\n\n\n\n<p><strong>Vorkommen:  <\/strong> alle tropischen und subtropischen Bereiche aller Meere<\/p>\n\n\n\n<p><strong>Erkennungsmerkmale: <\/strong> schwarze Spitzen an allen Flossen<\/p>\n\n\n\n<p><strong>Biologie &amp; Verhalten: <\/strong> K\u00f6nnen sich Haie ungeschlechtlich fortpflanzen?&nbsp;<\/p>\n\n\n\n<p>2007 \u00fcberraschte ein in Gefangenschaft gehaltenes Weibchen im Aquarium &amp; Marine Center in Virginia (USA) Pfleger und Biologen gleicherma\u00dfen. Es war tr\u00e4chtig, und das, obwohl es keinen Kontakt zu einem m\u00e4nnlichen Tier hatte. Die DNA-Analyse des Neugeborenen best\u00e4tigte die&nbsp;Parthenogenese, wie diese Art der&nbsp;ungeschlechtliche Fortpflanzung von Biologen bezeichnet wird. Jetzt vermuten Biologen, dass dies auch bei anderen Haien m\u00f6glich sein k\u00f6nnte. Bisher nachgewiesen werden konnte die Jungfernzeugung aber nur bei dem Wei\u00dfgepunkteten Bambushai, dem Schaufelnasen-Hammerhai und dem Kalifornischen Schwellhai. Die Reproduktionsrate der Schwarzspitzenhaie liegt bei einem bis sieben Junge pro Wurf. Schwarzspitzenhaie geh\u00f6ren zur Familie der Requiemhaien, die \u00fcber f\u00fcnfzig Arten umfasst, darunter den Tiger-, den Wei\u00dfspitzen-Hochseehai und diverse Riffhaie.<\/p>\n\n\n\n<p>Eine weitere Besonderheit dieses Haies: Bei der Jagd nach Fischen springt er manchmal aus dem Wasser und dreht sich dabei wie ein Spinnerdelfin um die eigene Achse.<\/p>\n\n\n\n<p>Schwarzspitzenhaie sollte man nicht mit Schwarzspitzenriffhaien verwechseln. Diese haben zwar einen \u00e4hnlichen Namen, Gr\u00f6\u00dfe und oft auch Form und sind au\u00dferdem eng verwandt, aber der schwarze Fleck der Riffhaie auf der R\u00fcckenflosse ist wesentlich ausgepr\u00e4gter und gr\u00f6\u00dfer.<\/p>\n\n\n\n<p><strong>Gefahr:<\/strong> Schwarzspitzenhaie verhalten sich Menschen gegen\u00fcber eher sch\u00fcchtern und nicht aggressiv. Allerdings \u00e4ndert sich dieses Verhalten bei Anf\u00fctterungen, und es kam schon zu Unf\u00e4llen.<\/p>\n\n\n\n<p><strong>Bedrohungsstatus:<\/strong> Auf der Roten Liste der IUCN werden Schwarzspitzenhaie als \u201egering gef\u00e4hrdet\u201c gef\u00fchrt.<\/p>\n\n\n\n<p><strong>Foto:<\/strong> \u00a9 Tomas Kotouc<\/p>\n\n\n\n<hr class=\"wp-block-separator has-alpha-channel-opacity is-style-wide\"\/>\n","protected":false},"excerpt":{"rendered":"<p>Schwarzspitzenhai Blacktip shark (Carcharhinus limbatus) Gr\u00f6\u00dfe: bis 1,50 m Lebensraum: Riffe und Mangroven Vorkommen: alle tropischen und subtropischen Bereiche aller Meere Erkennungsmerkmale: schwarze Spitzen an allen Flossen Biologie &amp; Verhalten: K\u00f6nnen sich Haie ungeschlechtlich fortpflanzen?&nbsp; 2007 \u00fcberraschte ein in Gefangenschaft gehaltenes Weibchen im Aquarium &amp; Marine Center in Virginia (USA) Pfleger und Biologen gleicherma\u00dfen. Es &hellip; <\/p>\n<p class=\"link-more\"><a href=\"https:\/\/alles-ueber-riffe.de\/?page_id=886\" class=\"more-link\"><span class=\"screen-reader-text\">\u201eSchwarzspitzenhai\u201c<\/span> weiterlesen<\/a><\/p>\n","protected":false},"author":1,"featured_media":0,"parent":0,"menu_order":0,"comment_status":"closed","ping_status":"closed","template":"","meta":{"footnotes":""},"class_list":["post-886","page","type-page","status-publish","hentry"],"_links":{"self":[{"href":"https:\/\/alles-ueber-riffe.de\/index.php?rest_route=\/wp\/v2\/pages\/886","targetHints":{"allow":["GET"]}}],"collection":[{"href":"https:\/\/alles-ueber-riffe.de\/index.php?rest_route=\/wp\/v2\/pages"}],"about":[{"href":"https:\/\/alles-ueber-riffe.de\/index.php?rest_route=\/wp\/v2\/types\/page"}],"author":[{"embeddable":true,"href":"https:\/\/alles-ueber-riffe.de\/index.php?rest_route=\/wp\/v2\/users\/1"}],"replies":[{"embeddable":true,"href":"https:\/\/alles-ueber-riffe.de\/index.php?rest_route=%2Fwp%2Fv2%2Fcomments&post=886"}],"version-history":[{"count":5,"href":"https:\/\/alles-ueber-riffe.de\/index.php?rest_route=\/wp\/v2\/pages\/886\/revisions"}],"predecessor-version":[{"id":8997,"href":"https:\/\/alles-ueber-riffe.de\/index.php?rest_route=\/wp\/v2\/pages\/886\/revisions\/8997"}],"wp:attachment":[{"href":"https:\/\/alles-ueber-riffe.de\/index.php?rest_route=%2Fwp%2Fv2%2Fmedia&parent=886"}],"curies":[{"name":"wp","href":"https:\/\/api.w.org\/{rel}","templated":true}]}}