{"id":859,"date":"2024-10-16T17:50:45","date_gmt":"2024-10-16T17:50:45","guid":{"rendered":"https:\/\/alles-ueber-riffe.de\/?page_id=859"},"modified":"2025-02-06T16:08:41","modified_gmt":"2025-02-06T16:08:41","slug":"bullenhai","status":"publish","type":"page","link":"https:\/\/alles-ueber-riffe.de\/?page_id=859","title":{"rendered":"Bullenhai"},"content":{"rendered":"\n<div class=\"wp-block-group is-vertical is-layout-flex wp-container-core-group-is-layout-8cf370e7 wp-block-group-is-layout-flex\">\n<p><strong>Bullenhai<\/strong><\/p>\n\n\n\n<p>Bull shark<\/p>\n\n\n\n<p><em>(Carcharhinus leucas<em style=\"font-size: revert;\">)<\/em><\/em><\/p>\n<\/div>\n\n\n\n<div style=\"height:50px\" aria-hidden=\"true\" class=\"wp-block-spacer\"><\/div>\n\n\n\n<figure class=\"wp-block-image size-full\"><img loading=\"lazy\" decoding=\"async\" width=\"1024\" height=\"768\" src=\"https:\/\/alles-ueber-riffe.de\/wp-content\/uploads\/2024\/10\/Bullenhai_1024x768.jpg\" alt=\"\" class=\"wp-image-919\" srcset=\"https:\/\/alles-ueber-riffe.de\/wp-content\/uploads\/2024\/10\/Bullenhai_1024x768.jpg 1024w, https:\/\/alles-ueber-riffe.de\/wp-content\/uploads\/2024\/10\/Bullenhai_1024x768-300x225.jpg 300w, https:\/\/alles-ueber-riffe.de\/wp-content\/uploads\/2024\/10\/Bullenhai_1024x768-768x576.jpg 768w\" sizes=\"auto, (max-width: 767px) 89vw, (max-width: 1000px) 54vw, (max-width: 1071px) 543px, 580px\" \/><figcaption class=\"wp-element-caption\"><em>\u00a9 Tomas Kotouc<\/em><\/figcaption><\/figure>\n\n\n\n<div style=\"height:50px\" aria-hidden=\"true\" class=\"wp-block-spacer\"><\/div>\n\n\n\n<p><strong>Gr\u00f6\u00dfe: <\/strong> bis 3,50 m<\/p>\n\n\n\n<p><strong>Lebensraum:<\/strong> immer in der N\u00e4he der K\u00fcste, selbst im ganz flachen Wasser, Riffe, Sandfl\u00e4chen, Seegraswiesen, M\u00fcndungsgebiete und Fl\u00fcsse<\/p>\n\n\n\n<p><strong>Vorkommen:  <\/strong>in allen tropischen Gebieten aller Ozeane, wandert auch in Fl\u00fcsse ein<\/p>\n\n\n\n<p><strong>Erkennungsmerkmale: <\/strong> sehr bulliger, massiger Hai; kurze Schnauze und kleine Augen<\/p>\n\n\n\n<p><strong>Biologie &amp; Verhalten: <\/strong> Der Bullenhai dringt als einziger Hai \u00fcber die M\u00fcndungsgebiete tief in zahlreiche Fl\u00fcsse ein. Je nach Region tr\u00e4gt er deshalb auch Namen wie: Ganges-Bullenhai, Sambesi Hai oder Nicaraguahai. Bullenhaie fand man aber auch schon im Amazonas, im Mississippi und in zahlreichen anderen Fl\u00fcssen. Bullenhaie sind furchtlose J\u00e4ger.<\/p>\n\n\n\n<p>Weibchen geb\u00e4ren nach 12 Monaten Tragzeit bis zu 10 Junge.<\/p>\n\n\n\n<p><strong>Gefahr:<\/strong> Nach dem Wei\u00dfen Hai und dem Tigerhai belegt der Bullenhai Platz drei in der Statistik der Haiangriffe auf Menschen. Auch der bekannte Haiforscher Dr. Erich Ritter wurde von einem Bullenhai schwer verletzt. W\u00e4hrend einer Filmaufnahme auf den Bahamas wurde Herr Ritter im brusttiefem Wasser von einem Bullenhai in die Wade gebissen.<\/p>\n\n\n\n<p><strong>Bedrohungsstatus:<\/strong> Auf der Roten Liste der IUCN ist der Bullen als \u201enicht gef\u00e4hrdet\u201c eingestuft.<\/p>\n\n\n\n<p><strong>Foto:<\/strong> \u00a9 Tomas Kotouc<\/p>\n\n\n\n<hr class=\"wp-block-separator has-alpha-channel-opacity is-style-wide\"\/>\n","protected":false},"excerpt":{"rendered":"<p>Bullenhai Bull shark (Carcharhinus leucas) Gr\u00f6\u00dfe: bis 3,50 m Lebensraum: immer in der N\u00e4he der K\u00fcste, selbst im ganz flachen Wasser, Riffe, Sandfl\u00e4chen, Seegraswiesen, M\u00fcndungsgebiete und Fl\u00fcsse Vorkommen: in allen tropischen Gebieten aller Ozeane, wandert auch in Fl\u00fcsse ein Erkennungsmerkmale: sehr bulliger, massiger Hai; kurze Schnauze und kleine Augen Biologie &amp; Verhalten: Der Bullenhai dringt &hellip; <\/p>\n<p class=\"link-more\"><a href=\"https:\/\/alles-ueber-riffe.de\/?page_id=859\" class=\"more-link\"><span class=\"screen-reader-text\">\u201eBullenhai\u201c<\/span> weiterlesen<\/a><\/p>\n","protected":false},"author":1,"featured_media":0,"parent":0,"menu_order":0,"comment_status":"closed","ping_status":"closed","template":"","meta":{"footnotes":""},"class_list":["post-859","page","type-page","status-publish","hentry"],"_links":{"self":[{"href":"https:\/\/alles-ueber-riffe.de\/index.php?rest_route=\/wp\/v2\/pages\/859","targetHints":{"allow":["GET"]}}],"collection":[{"href":"https:\/\/alles-ueber-riffe.de\/index.php?rest_route=\/wp\/v2\/pages"}],"about":[{"href":"https:\/\/alles-ueber-riffe.de\/index.php?rest_route=\/wp\/v2\/types\/page"}],"author":[{"embeddable":true,"href":"https:\/\/alles-ueber-riffe.de\/index.php?rest_route=\/wp\/v2\/users\/1"}],"replies":[{"embeddable":true,"href":"https:\/\/alles-ueber-riffe.de\/index.php?rest_route=%2Fwp%2Fv2%2Fcomments&post=859"}],"version-history":[{"count":4,"href":"https:\/\/alles-ueber-riffe.de\/index.php?rest_route=\/wp\/v2\/pages\/859\/revisions"}],"predecessor-version":[{"id":8980,"href":"https:\/\/alles-ueber-riffe.de\/index.php?rest_route=\/wp\/v2\/pages\/859\/revisions\/8980"}],"wp:attachment":[{"href":"https:\/\/alles-ueber-riffe.de\/index.php?rest_route=%2Fwp%2Fv2%2Fmedia&parent=859"}],"curies":[{"name":"wp","href":"https:\/\/api.w.org\/{rel}","templated":true}]}}