{"id":6061,"date":"2025-01-09T11:50:14","date_gmt":"2025-01-09T11:50:14","guid":{"rendered":"https:\/\/alles-ueber-riffe.de\/?page_id=6061"},"modified":"2025-03-02T21:10:35","modified_gmt":"2025-03-02T21:10:35","slug":"pazifischer-kreolenfisch","status":"publish","type":"page","link":"https:\/\/alles-ueber-riffe.de\/?page_id=6061","title":{"rendered":"Pazifischer Kreolenfisch"},"content":{"rendered":"\n<div class=\"wp-block-group is-vertical is-layout-flex wp-container-core-group-is-layout-8cf370e7 wp-block-group-is-layout-flex\">\n<p><strong>Pazifischer Kreolenfisch<\/strong><\/p>\n\n\n\n<p>Pacific creole-fish<\/p>\n\n\n\n<p><em>Paranthias colonus<\/em><\/p>\n<\/div>\n\n\n\n<div style=\"height:30px\" aria-hidden=\"true\" class=\"wp-block-spacer\"><\/div>\n\n\n\n<figure class=\"wp-block-video\"><video height=\"576\" style=\"aspect-ratio: 1024 \/ 576;\" width=\"1024\" controls src=\"https:\/\/alles-ueber-riffe.de\/wp-content\/uploads\/2025\/03\/Pazifischer-Kreolenfisch.mp4\"><\/video><figcaption class=\"wp-element-caption\">\u00a9 Heinz Krimmer<\/figcaption><\/figure>\n\n\n\n<hr class=\"wp-block-separator has-alpha-channel-opacity is-style-default\"\/>\n\n\n\n<p><strong>Gr\u00f6\u00dfe: <\/strong> bis 35,6 cm<\/p>\n\n\n\n<p><strong>Lebensraum:<\/strong> Korallen- und Felsenriffe<\/p>\n\n\n\n<p><strong>Vorkommen:  <\/strong>Pazifikk\u00fcste Mittelamerikas, Galapagos, Cocos, Malpelo<\/p>\n\n\n\n<p><strong>Erkennungsmerkmale:<\/strong> Grundfarbe rotbraun; R\u00fccken-, Schwanz- und Afterflosse rot; vier wei\u00dfe kleine Punkte<\/p>\n\n\n\n<p><strong>Biologie &amp; Verhalten: <\/strong> Der Pazifische Kreolenfisch frisst Zooplankton. Er verh\u00e4lt sich wie eine Mischung aus Fahnenbarsch und F\u00fcsilier und kann in gro\u00dfen Schw\u00e4rmen auftreten. Er wagt sich weit ins Freiwasser, aber bei Gefahr fl\u00fcchtet er schnell ins Riff.<\/p>\n\n\n\n<p>Treten in kleinen als auch sehr gro\u00dfen Schw\u00e4rmen auf.<\/p>\n\n\n\n<p><strong>Bedrohungsstatus:<\/strong> Die Art wird auf der Roten Liste der IUCN als <mark style=\"background-color:rgba(0, 0, 0, 0)\" class=\"has-inline-color has-vivid-green-cyan-color\">\u201enicht gef\u00e4hrdet\u201c<\/mark> gef\u00fchrt.<\/p>\n\n\n\n<p><mark style=\"background-color:rgba(0, 0, 0, 0)\" class=\"has-inline-color has-vivid-red-color\"><strong>Gefahr:<\/strong> Vom Verzehr wird wegen der Gefahr einer ciguatoxischen Vergiftung wird gewarnt.<\/mark>\u00a0<br><\/p>\n\n\n\n<hr class=\"wp-block-separator has-alpha-channel-opacity is-style-default\"\/>\n\n\n\n<p><\/p>\n","protected":false},"excerpt":{"rendered":"<p>Pazifischer Kreolenfisch Pacific creole-fish Paranthias colonus Gr\u00f6\u00dfe: bis 35,6 cm Lebensraum: Korallen- und Felsenriffe Vorkommen: Pazifikk\u00fcste Mittelamerikas, Galapagos, Cocos, Malpelo Erkennungsmerkmale: Grundfarbe rotbraun; R\u00fccken-, Schwanz- und Afterflosse rot; vier wei\u00dfe kleine Punkte Biologie &amp; Verhalten: Der Pazifische Kreolenfisch frisst Zooplankton. Er verh\u00e4lt sich wie eine Mischung aus Fahnenbarsch und F\u00fcsilier und kann in gro\u00dfen Schw\u00e4rmen &hellip; <\/p>\n<p class=\"link-more\"><a href=\"https:\/\/alles-ueber-riffe.de\/?page_id=6061\" class=\"more-link\"><span class=\"screen-reader-text\">\u201ePazifischer Kreolenfisch\u201c<\/span> weiterlesen<\/a><\/p>\n","protected":false},"author":1,"featured_media":0,"parent":0,"menu_order":0,"comment_status":"closed","ping_status":"closed","template":"","meta":{"footnotes":""},"class_list":["post-6061","page","type-page","status-publish","hentry"],"_links":{"self":[{"href":"https:\/\/alles-ueber-riffe.de\/index.php?rest_route=\/wp\/v2\/pages\/6061","targetHints":{"allow":["GET"]}}],"collection":[{"href":"https:\/\/alles-ueber-riffe.de\/index.php?rest_route=\/wp\/v2\/pages"}],"about":[{"href":"https:\/\/alles-ueber-riffe.de\/index.php?rest_route=\/wp\/v2\/types\/page"}],"author":[{"embeddable":true,"href":"https:\/\/alles-ueber-riffe.de\/index.php?rest_route=\/wp\/v2\/users\/1"}],"replies":[{"embeddable":true,"href":"https:\/\/alles-ueber-riffe.de\/index.php?rest_route=%2Fwp%2Fv2%2Fcomments&post=6061"}],"version-history":[{"count":4,"href":"https:\/\/alles-ueber-riffe.de\/index.php?rest_route=\/wp\/v2\/pages\/6061\/revisions"}],"predecessor-version":[{"id":10365,"href":"https:\/\/alles-ueber-riffe.de\/index.php?rest_route=\/wp\/v2\/pages\/6061\/revisions\/10365"}],"wp:attachment":[{"href":"https:\/\/alles-ueber-riffe.de\/index.php?rest_route=%2Fwp%2Fv2%2Fmedia&parent=6061"}],"curies":[{"name":"wp","href":"https:\/\/api.w.org\/{rel}","templated":true}]}}