{"id":6037,"date":"2025-01-09T11:48:33","date_gmt":"2025-01-09T11:48:33","guid":{"rendered":"https:\/\/alles-ueber-riffe.de\/?page_id=6037"},"modified":"2025-03-01T22:25:58","modified_gmt":"2025-03-01T22:25:58","slug":"baskenmuetzen-zackenbarsch","status":"publish","type":"page","link":"https:\/\/alles-ueber-riffe.de\/?page_id=6037","title":{"rendered":"Baskenm\u00fctzen-Zackenbarsch"},"content":{"rendered":"\n<div class=\"wp-block-group is-vertical is-layout-flex wp-container-core-group-is-layout-8cf370e7 wp-block-group-is-layout-flex\">\n<p><strong>Baskenm\u00fctzen-Zackenbarsch<\/strong><\/p>\n\n\n\n<p>Blacktip grouper<\/p>\n\n\n\n<p><em>Epinephelus fasciatus<\/em><\/p>\n<\/div>\n\n\n\n<div style=\"height:30px\" aria-hidden=\"true\" class=\"wp-block-spacer\"><\/div>\n\n\n\n<figure class=\"wp-block-video\"><video height=\"576\" style=\"aspect-ratio: 1024 \/ 576;\" width=\"1024\" controls src=\"https:\/\/alles-ueber-riffe.de\/wp-content\/uploads\/2025\/03\/Baskenmuetzen-Zackenbarsch.mp4\"><\/video><figcaption class=\"wp-element-caption\">\u00a9 Heinz Krimmer<\/figcaption><\/figure>\n\n\n\n<hr class=\"wp-block-separator has-alpha-channel-opacity is-style-default\"\/>\n\n\n\n<p><strong>Gr\u00f6\u00dfe: <\/strong> bis 40 cm<\/p>\n\n\n\n<p><strong>Lebensraum:<\/strong> Korallenriffe, Sand- und Ger\u00f6llb\u00f6den, Seegraswiesen<\/p>\n\n\n\n<p><strong>Vorkommen:  <\/strong>von Ostafrika, Rotes Meer, S\u00fcdjapan, Vietnam, ganz S\u00fcdostasien, Nordaustralien, Papua-Neuguinea, Ozeanien bis zu den\u00a0Pitcairninseln<\/p>\n\n\n\n<p><strong>Erkennungsmerkmale:<\/strong> Grundfarbe und Zeichnung variabel; Grundfarbe hellbraun bis wei\u00df; mehr oder weniger ausgepr\u00e4gte bis gar nicht zu sehende rote bis braune, breite Querb\u00e4nder; dunkle rote, rotbraune bis schwarze Stirn<\/p>\n\n\n\n<p><strong>Biologie &amp; Verhalten: <\/strong>Meistens sieht man diesen Zackenbarsch auf dem Boden ruhend. Interessanterweise ern\u00e4hrt er sich in verschiedenen Verbreitungsgebieten von anderen Beutetieren. Im Roten Meer z.B. frisst er bevorzugt Fische, in anderen Gebieten vorwiegend Wirbellose.<\/p>\n\n\n\n<p>Kleinere Tiere sind Zwitter und bilden sowohl weibliche als auch m\u00e4nnliche Geschlechtsorgane aus. Gr\u00f6\u00dfere Individuen wandeln sich zu M\u00e4nnchen um.<\/p>\n\n\n\n<p><strong>Bedrohungsstatus:<\/strong> Die Art wird auf der Roten Liste der IUCN als <mark style=\"background-color:rgba(0, 0, 0, 0)\" class=\"has-inline-color has-vivid-green-cyan-color\">\u201enicht gef\u00e4hrdet\u201c<\/mark> gef\u00fchrt.<\/p>\n\n\n\n<hr class=\"wp-block-separator has-alpha-channel-opacity is-style-default\"\/>\n\n\n\n<p><\/p>\n","protected":false},"excerpt":{"rendered":"<p>Baskenm\u00fctzen-Zackenbarsch Blacktip grouper Epinephelus fasciatus Gr\u00f6\u00dfe: bis 40 cm Lebensraum: Korallenriffe, Sand- und Ger\u00f6llb\u00f6den, Seegraswiesen Vorkommen: von Ostafrika, Rotes Meer, S\u00fcdjapan, Vietnam, ganz S\u00fcdostasien, Nordaustralien, Papua-Neuguinea, Ozeanien bis zu den\u00a0Pitcairninseln Erkennungsmerkmale: Grundfarbe und Zeichnung variabel; Grundfarbe hellbraun bis wei\u00df; mehr oder weniger ausgepr\u00e4gte bis gar nicht zu sehende rote bis braune, breite Querb\u00e4nder; dunkle rote, &hellip; <\/p>\n<p class=\"link-more\"><a href=\"https:\/\/alles-ueber-riffe.de\/?page_id=6037\" class=\"more-link\"><span class=\"screen-reader-text\">\u201eBaskenm\u00fctzen-Zackenbarsch\u201c<\/span> weiterlesen<\/a><\/p>\n","protected":false},"author":1,"featured_media":0,"parent":0,"menu_order":0,"comment_status":"closed","ping_status":"closed","template":"","meta":{"footnotes":""},"class_list":["post-6037","page","type-page","status-publish","hentry"],"_links":{"self":[{"href":"https:\/\/alles-ueber-riffe.de\/index.php?rest_route=\/wp\/v2\/pages\/6037","targetHints":{"allow":["GET"]}}],"collection":[{"href":"https:\/\/alles-ueber-riffe.de\/index.php?rest_route=\/wp\/v2\/pages"}],"about":[{"href":"https:\/\/alles-ueber-riffe.de\/index.php?rest_route=\/wp\/v2\/types\/page"}],"author":[{"embeddable":true,"href":"https:\/\/alles-ueber-riffe.de\/index.php?rest_route=\/wp\/v2\/users\/1"}],"replies":[{"embeddable":true,"href":"https:\/\/alles-ueber-riffe.de\/index.php?rest_route=%2Fwp%2Fv2%2Fcomments&post=6037"}],"version-history":[{"count":4,"href":"https:\/\/alles-ueber-riffe.de\/index.php?rest_route=\/wp\/v2\/pages\/6037\/revisions"}],"predecessor-version":[{"id":10318,"href":"https:\/\/alles-ueber-riffe.de\/index.php?rest_route=\/wp\/v2\/pages\/6037\/revisions\/10318"}],"wp:attachment":[{"href":"https:\/\/alles-ueber-riffe.de\/index.php?rest_route=%2Fwp%2Fv2%2Fmedia&parent=6037"}],"curies":[{"name":"wp","href":"https:\/\/api.w.org\/{rel}","templated":true}]}}