{"id":6016,"date":"2025-01-08T22:43:16","date_gmt":"2025-01-08T22:43:16","guid":{"rendered":"https:\/\/alles-ueber-riffe.de\/?page_id=6016"},"modified":"2025-03-01T16:42:57","modified_gmt":"2025-03-01T16:42:57","slug":"indopazifischer-tarpun","status":"publish","type":"page","link":"https:\/\/alles-ueber-riffe.de\/?page_id=6016","title":{"rendered":"Indopazifischer Tarpun"},"content":{"rendered":"\n<div class=\"wp-block-group is-vertical is-layout-flex wp-container-core-group-is-layout-8cf370e7 wp-block-group-is-layout-flex\">\n<p><strong>Indopazifischer Tarpun<\/strong><\/p>\n\n\n\n<p>Indo-Pacific tarpon<\/p>\n\n\n\n<p><em>Megalops cyprinoides<\/em><\/p>\n<\/div>\n\n\n\n<div style=\"height:30px\" aria-hidden=\"true\" class=\"wp-block-spacer\"><\/div>\n\n\n\n<figure class=\"wp-block-image size-full\"><img loading=\"lazy\" decoding=\"async\" width=\"1024\" height=\"768\" src=\"https:\/\/alles-ueber-riffe.de\/wp-content\/uploads\/2025\/03\/Indopazifischer-Tarpun_1024x768.jpg\" alt=\"\" class=\"wp-image-10267\" srcset=\"https:\/\/alles-ueber-riffe.de\/wp-content\/uploads\/2025\/03\/Indopazifischer-Tarpun_1024x768.jpg 1024w, https:\/\/alles-ueber-riffe.de\/wp-content\/uploads\/2025\/03\/Indopazifischer-Tarpun_1024x768-300x225.jpg 300w, https:\/\/alles-ueber-riffe.de\/wp-content\/uploads\/2025\/03\/Indopazifischer-Tarpun_1024x768-768x576.jpg 768w\" sizes=\"auto, (max-width: 767px) 89vw, (max-width: 1000px) 54vw, (max-width: 1071px) 543px, 580px\" \/><figcaption class=\"wp-element-caption\">\u00a9 Heinz Krimmer<\/figcaption><\/figure>\n\n\n\n<hr class=\"wp-block-separator has-alpha-channel-opacity is-style-default\"\/>\n\n\n\n<p><strong>Gr\u00f6\u00dfe: <\/strong> bis 1,50 m<\/p>\n\n\n\n<p><strong>Lebensraum:<\/strong> Freiwasser in Riffn\u00e4he,  juvenile K\u00fcstennah in Mangrovengebieten, im Brackwasser und in Fl\u00fcssen<\/p>\n\n\n\n<p><strong>Vorkommen:  <\/strong>von Ostafrika, Rotes Meer, Malediven, S\u00fcdjapan, Vietnam, ganz S\u00fcdostasien, Nordaustralien, Papua-Neuguinea, Ozeanien bis zu den Gesellschaftsinseln<\/p>\n\n\n\n<p><strong>Erkennungsmerkmale:<\/strong> Grundfarbe silbern; schlanke, langgestreckte Form<\/p>\n\n\n\n<p><strong>Biologie &amp; Verhalten: <\/strong> Tarpune sind sehr tolerant was den Salz-, den Sauerstoffgehalt und den ph-Wert angeht. Sie vertragen sowohl S\u00fc\u00df- als auch Salzwasser. Oft wandern j\u00fcngere Tarpune weit in S\u00fc\u00dfwasserfl\u00fcsse ein. Die Larven der Tarpune sehen aus wie kleine Aale.<\/p>\n\n\n\n<p>Toller Raubfisch, der leider nur selten zu sehen ist.<\/p>\n\n\n\n<p><strong>Bedrohungsstatus:<\/strong> Es liegen zu wenig Daten vor, um einen Status auf der Roten Liste der IUCN zu bestimmen.<\/p>\n\n\n\n<hr class=\"wp-block-separator has-alpha-channel-opacity is-style-default\"\/>\n\n\n\n<p><\/p>\n","protected":false},"excerpt":{"rendered":"<p>Indopazifischer Tarpun Indo-Pacific tarpon Megalops cyprinoides Gr\u00f6\u00dfe: bis 1,50 m Lebensraum: Freiwasser in Riffn\u00e4he, juvenile K\u00fcstennah in Mangrovengebieten, im Brackwasser und in Fl\u00fcssen Vorkommen: von Ostafrika, Rotes Meer, Malediven, S\u00fcdjapan, Vietnam, ganz S\u00fcdostasien, Nordaustralien, Papua-Neuguinea, Ozeanien bis zu den Gesellschaftsinseln Erkennungsmerkmale: Grundfarbe silbern; schlanke, langgestreckte Form Biologie &amp; Verhalten: Tarpune sind sehr tolerant was den &hellip; <\/p>\n<p class=\"link-more\"><a href=\"https:\/\/alles-ueber-riffe.de\/?page_id=6016\" class=\"more-link\"><span class=\"screen-reader-text\">\u201eIndopazifischer Tarpun\u201c<\/span> weiterlesen<\/a><\/p>\n","protected":false},"author":1,"featured_media":0,"parent":0,"menu_order":0,"comment_status":"closed","ping_status":"closed","template":"","meta":{"footnotes":""},"class_list":["post-6016","page","type-page","status-publish","hentry"],"_links":{"self":[{"href":"https:\/\/alles-ueber-riffe.de\/index.php?rest_route=\/wp\/v2\/pages\/6016","targetHints":{"allow":["GET"]}}],"collection":[{"href":"https:\/\/alles-ueber-riffe.de\/index.php?rest_route=\/wp\/v2\/pages"}],"about":[{"href":"https:\/\/alles-ueber-riffe.de\/index.php?rest_route=\/wp\/v2\/types\/page"}],"author":[{"embeddable":true,"href":"https:\/\/alles-ueber-riffe.de\/index.php?rest_route=\/wp\/v2\/users\/1"}],"replies":[{"embeddable":true,"href":"https:\/\/alles-ueber-riffe.de\/index.php?rest_route=%2Fwp%2Fv2%2Fcomments&post=6016"}],"version-history":[{"count":5,"href":"https:\/\/alles-ueber-riffe.de\/index.php?rest_route=\/wp\/v2\/pages\/6016\/revisions"}],"predecessor-version":[{"id":10270,"href":"https:\/\/alles-ueber-riffe.de\/index.php?rest_route=\/wp\/v2\/pages\/6016\/revisions\/10270"}],"wp:attachment":[{"href":"https:\/\/alles-ueber-riffe.de\/index.php?rest_route=%2Fwp%2Fv2%2Fmedia&parent=6016"}],"curies":[{"name":"wp","href":"https:\/\/api.w.org\/{rel}","templated":true}]}}