{"id":6002,"date":"2025-01-08T22:42:06","date_gmt":"2025-01-08T22:42:06","guid":{"rendered":"https:\/\/alles-ueber-riffe.de\/?page_id=6002"},"modified":"2025-02-27T21:13:54","modified_gmt":"2025-02-27T21:13:54","slug":"orangetupfen-suesslippe","status":"publish","type":"page","link":"https:\/\/alles-ueber-riffe.de\/?page_id=6002","title":{"rendered":"Orangetupfen-S\u00fc\u00dflippe"},"content":{"rendered":"\n<div class=\"wp-block-group is-vertical is-layout-flex wp-container-core-group-is-layout-8cf370e7 wp-block-group-is-layout-flex\">\n<p><strong>Orangetupfen-S\u00fc\u00dflippe<\/strong><\/p>\n\n\n\n<p>Lemonfish<\/p>\n\n\n\n<p><em>Plectorhinchus flavomaculatus<\/em><\/p>\n<\/div>\n\n\n\n<div style=\"height:30px\" aria-hidden=\"true\" class=\"wp-block-spacer\"><\/div>\n\n\n\n<figure class=\"wp-block-video\"><video height=\"576\" style=\"aspect-ratio: 1024 \/ 576;\" width=\"1024\" controls src=\"https:\/\/alles-ueber-riffe.de\/wp-content\/uploads\/2025\/02\/Orangetupfen-Suesslippe.mp4\"><\/video><figcaption class=\"wp-element-caption\">\u00a9 Heinz Krimmer<\/figcaption><\/figure>\n\n\n\n<hr class=\"wp-block-separator has-alpha-channel-opacity is-style-default\"\/>\n\n\n\n<p><strong>Gr\u00f6\u00dfe: <\/strong> bis 60 cm<\/p>\n\n\n\n<p><strong>Lebensraum:<\/strong> Korallenriffe, Sand- und Ger\u00f6llb\u00f6den<\/p>\n\n\n\n<p><strong>Vorkommen:  <\/strong>von Ostafrika, s\u00fcdliches Rotes Meer, Oman, Malediven, ganz S\u00fcdostasien, S\u00fcdjapan, Vietnam, Nordaustralien, Papua-Neuguinea<\/p>\n\n\n\n<p><strong>Erkennungsmerkmale:<\/strong> Grundfarbe silbern; zahlreiche orangegelbe Punkte, juvenile Tiere schwarz mit wei\u00dfem L\u00e4ngsstreifen und gelbem Bauch.<\/p>\n\n\n\n<p><strong>Biologie &amp; Verhalten: <\/strong> Die Orangetupfen-S\u00fc\u00dflippe frisst Wirbellose und kleine Fische.<\/p>\n\n\n\n<p><strong>Bedrohungsstatus:<\/strong> Die Art wird auf der Roten Liste der IUCN als <mark style=\"background-color:rgba(0, 0, 0, 0)\" class=\"has-inline-color has-vivid-green-cyan-color\">\u201enicht gef\u00e4hrdet\u201c<\/mark> gef\u00fchrt.<\/p>\n\n\n\n<hr class=\"wp-block-separator has-alpha-channel-opacity is-style-default\"\/>\n\n\n\n<p><\/p>\n","protected":false},"excerpt":{"rendered":"<p>Orangetupfen-S\u00fc\u00dflippe Lemonfish Plectorhinchus flavomaculatus Gr\u00f6\u00dfe: bis 60 cm Lebensraum: Korallenriffe, Sand- und Ger\u00f6llb\u00f6den Vorkommen: von Ostafrika, s\u00fcdliches Rotes Meer, Oman, Malediven, ganz S\u00fcdostasien, S\u00fcdjapan, Vietnam, Nordaustralien, Papua-Neuguinea Erkennungsmerkmale: Grundfarbe silbern; zahlreiche orangegelbe Punkte, juvenile Tiere schwarz mit wei\u00dfem L\u00e4ngsstreifen und gelbem Bauch. Biologie &amp; Verhalten: Die Orangetupfen-S\u00fc\u00dflippe frisst Wirbellose und kleine Fische. Bedrohungsstatus: Die Art &hellip; <\/p>\n<p class=\"link-more\"><a href=\"https:\/\/alles-ueber-riffe.de\/?page_id=6002\" class=\"more-link\"><span class=\"screen-reader-text\">\u201eOrangetupfen-S\u00fc\u00dflippe\u201c<\/span> weiterlesen<\/a><\/p>\n","protected":false},"author":1,"featured_media":0,"parent":0,"menu_order":0,"comment_status":"closed","ping_status":"closed","template":"","meta":{"footnotes":""},"class_list":["post-6002","page","type-page","status-publish","hentry"],"_links":{"self":[{"href":"https:\/\/alles-ueber-riffe.de\/index.php?rest_route=\/wp\/v2\/pages\/6002","targetHints":{"allow":["GET"]}}],"collection":[{"href":"https:\/\/alles-ueber-riffe.de\/index.php?rest_route=\/wp\/v2\/pages"}],"about":[{"href":"https:\/\/alles-ueber-riffe.de\/index.php?rest_route=\/wp\/v2\/types\/page"}],"author":[{"embeddable":true,"href":"https:\/\/alles-ueber-riffe.de\/index.php?rest_route=\/wp\/v2\/users\/1"}],"replies":[{"embeddable":true,"href":"https:\/\/alles-ueber-riffe.de\/index.php?rest_route=%2Fwp%2Fv2%2Fcomments&post=6002"}],"version-history":[{"count":4,"href":"https:\/\/alles-ueber-riffe.de\/index.php?rest_route=\/wp\/v2\/pages\/6002\/revisions"}],"predecessor-version":[{"id":10237,"href":"https:\/\/alles-ueber-riffe.de\/index.php?rest_route=\/wp\/v2\/pages\/6002\/revisions\/10237"}],"wp:attachment":[{"href":"https:\/\/alles-ueber-riffe.de\/index.php?rest_route=%2Fwp%2Fv2%2Fmedia&parent=6002"}],"curies":[{"name":"wp","href":"https:\/\/api.w.org\/{rel}","templated":true}]}}