{"id":5943,"date":"2025-01-08T22:38:17","date_gmt":"2025-01-08T22:38:17","guid":{"rendered":"https:\/\/alles-ueber-riffe.de\/?page_id=5943"},"modified":"2025-02-25T20:23:47","modified_gmt":"2025-02-25T20:23:47","slug":"pilotfisch","status":"publish","type":"page","link":"https:\/\/alles-ueber-riffe.de\/?page_id=5943","title":{"rendered":"Pilotfisch"},"content":{"rendered":"\n<div class=\"wp-block-group is-vertical is-layout-flex wp-container-core-group-is-layout-8cf370e7 wp-block-group-is-layout-flex\">\n<p><strong>Pilotfisch<\/strong><\/p>\n\n\n\n<p>Pilotfish<\/p>\n\n\n\n<p><em>Naucrates ductor<\/em><\/p>\n<\/div>\n\n\n\n<div style=\"height:30px\" aria-hidden=\"true\" class=\"wp-block-spacer\"><\/div>\n\n\n\n<figure class=\"wp-block-image size-full\"><img loading=\"lazy\" decoding=\"async\" width=\"1024\" height=\"768\" src=\"https:\/\/alles-ueber-riffe.de\/wp-content\/uploads\/2025\/02\/Pilotfisch_1024x768.jpg\" alt=\"\" class=\"wp-image-10133\" srcset=\"https:\/\/alles-ueber-riffe.de\/wp-content\/uploads\/2025\/02\/Pilotfisch_1024x768.jpg 1024w, https:\/\/alles-ueber-riffe.de\/wp-content\/uploads\/2025\/02\/Pilotfisch_1024x768-300x225.jpg 300w, https:\/\/alles-ueber-riffe.de\/wp-content\/uploads\/2025\/02\/Pilotfisch_1024x768-768x576.jpg 768w\" sizes=\"auto, (max-width: 767px) 89vw, (max-width: 1000px) 54vw, (max-width: 1071px) 543px, 580px\" \/><figcaption class=\"wp-element-caption\">\u00a9 Stephan Moldzio<\/figcaption><\/figure>\n\n\n\n<hr class=\"wp-block-separator has-alpha-channel-opacity is-style-default\"\/>\n\n\n\n<p><strong>Gr\u00f6\u00dfe: <\/strong> bis 70 cm<\/p>\n\n\n\n<p><strong>Lebensraum:<\/strong> Korallenriffe<\/p>\n\n\n\n<p><strong>Vorkommen:  <\/strong>in allen tropischen und subtropischen Bereichen des Pazifik und des Atlantik einschlie\u00dflich der Nebenmeere<\/p>\n\n\n\n<p><strong>Erkennungsmerkmale:<\/strong> Grundfarbe wei\u00df mit schwarzen, breiten Querb\u00e4ndern<\/p>\n\n\n\n<p><strong>Biologie &amp; Verhalten: <\/strong> Die Pilotfische haben sich als Begleiter von gro\u00dfen Meerestieren eine besondere Nische erobert. Sie ern\u00e4hren sich von den Parasiten, Nahrungsresten und Exkrementen ihrer Wirtsfische. Die Larven der Pilotfische treiben zun\u00e4chst als Plankton im Meer, bevor sie bei Quallen oder treibenden Algen Schutz suchen. Erst sp\u00e4ter schlie\u00dfen sie sich einem gro\u00dfen Wirtstier an.<\/p>\n\n\n\n<p>Sind die Pilotfische goldgelb mit schwarzen Querstreifen, dann sind es keine Pilotfische, sondern juvenile Gold-Makrelen (<em>Gnathanodon speciosus<\/em>). Diese zeigen das gleiche Verhalten.<\/p>\n\n\n\n<p><strong>Bedrohungsstatus:<\/strong> Die Art wird auf der Roten Liste der IUCN als <mark style=\"background-color:rgba(0, 0, 0, 0)\" class=\"has-inline-color has-vivid-green-cyan-color\">\u201enicht gef\u00e4hrdet\u201c<\/mark> gef\u00fchrt.<\/p>\n\n\n\n<hr class=\"wp-block-separator has-alpha-channel-opacity is-style-default\"\/>\n\n\n\n<p><\/p>\n","protected":false},"excerpt":{"rendered":"<p>Pilotfisch Pilotfish Naucrates ductor Gr\u00f6\u00dfe: bis 70 cm Lebensraum: Korallenriffe Vorkommen: in allen tropischen und subtropischen Bereichen des Pazifik und des Atlantik einschlie\u00dflich der Nebenmeere Erkennungsmerkmale: Grundfarbe wei\u00df mit schwarzen, breiten Querb\u00e4ndern Biologie &amp; Verhalten: Die Pilotfische haben sich als Begleiter von gro\u00dfen Meerestieren eine besondere Nische erobert. Sie ern\u00e4hren sich von den Parasiten, Nahrungsresten &hellip; <\/p>\n<p class=\"link-more\"><a href=\"https:\/\/alles-ueber-riffe.de\/?page_id=5943\" class=\"more-link\"><span class=\"screen-reader-text\">\u201ePilotfisch\u201c<\/span> weiterlesen<\/a><\/p>\n","protected":false},"author":1,"featured_media":0,"parent":0,"menu_order":0,"comment_status":"closed","ping_status":"closed","template":"","meta":{"footnotes":""},"class_list":["post-5943","page","type-page","status-publish","hentry"],"_links":{"self":[{"href":"https:\/\/alles-ueber-riffe.de\/index.php?rest_route=\/wp\/v2\/pages\/5943","targetHints":{"allow":["GET"]}}],"collection":[{"href":"https:\/\/alles-ueber-riffe.de\/index.php?rest_route=\/wp\/v2\/pages"}],"about":[{"href":"https:\/\/alles-ueber-riffe.de\/index.php?rest_route=\/wp\/v2\/types\/page"}],"author":[{"embeddable":true,"href":"https:\/\/alles-ueber-riffe.de\/index.php?rest_route=\/wp\/v2\/users\/1"}],"replies":[{"embeddable":true,"href":"https:\/\/alles-ueber-riffe.de\/index.php?rest_route=%2Fwp%2Fv2%2Fcomments&post=5943"}],"version-history":[{"count":4,"href":"https:\/\/alles-ueber-riffe.de\/index.php?rest_route=\/wp\/v2\/pages\/5943\/revisions"}],"predecessor-version":[{"id":10135,"href":"https:\/\/alles-ueber-riffe.de\/index.php?rest_route=\/wp\/v2\/pages\/5943\/revisions\/10135"}],"wp:attachment":[{"href":"https:\/\/alles-ueber-riffe.de\/index.php?rest_route=%2Fwp%2Fv2%2Fmedia&parent=5943"}],"curies":[{"name":"wp","href":"https:\/\/api.w.org\/{rel}","templated":true}]}}