{"id":5923,"date":"2025-01-08T22:36:59","date_gmt":"2025-01-08T22:36:59","guid":{"rendered":"https:\/\/alles-ueber-riffe.de\/?page_id=5923"},"modified":"2025-02-24T20:52:31","modified_gmt":"2025-02-24T20:52:31","slug":"afrikanischer-pompano","status":"publish","type":"page","link":"https:\/\/alles-ueber-riffe.de\/?page_id=5923","title":{"rendered":"Afrikanischer Pompano"},"content":{"rendered":"\n<div class=\"wp-block-group is-vertical is-layout-flex wp-container-core-group-is-layout-8cf370e7 wp-block-group-is-layout-flex\">\n<p><strong>Afrikanischer Pompano<\/strong><\/p>\n\n\n\n<p>African pompano<\/p>\n\n\n\n<p><em>Alectis ciliaris<\/em><\/p>\n<\/div>\n\n\n\n<div style=\"height:30px\" aria-hidden=\"true\" class=\"wp-block-spacer\"><\/div>\n\n\n\n<figure class=\"wp-block-image size-full\"><img loading=\"lazy\" decoding=\"async\" width=\"1024\" height=\"768\" src=\"https:\/\/alles-ueber-riffe.de\/wp-content\/uploads\/2025\/02\/Afrikanischer-Pompano_1024x768.jpg\" alt=\"\" class=\"wp-image-10065\" srcset=\"https:\/\/alles-ueber-riffe.de\/wp-content\/uploads\/2025\/02\/Afrikanischer-Pompano_1024x768.jpg 1024w, https:\/\/alles-ueber-riffe.de\/wp-content\/uploads\/2025\/02\/Afrikanischer-Pompano_1024x768-300x225.jpg 300w, https:\/\/alles-ueber-riffe.de\/wp-content\/uploads\/2025\/02\/Afrikanischer-Pompano_1024x768-768x576.jpg 768w\" sizes=\"auto, (max-width: 767px) 89vw, (max-width: 1000px) 54vw, (max-width: 1071px) 543px, 580px\" \/><figcaption class=\"wp-element-caption\">\u00a9 Heinz Krimmer<\/figcaption><\/figure>\n\n\n\n<hr class=\"wp-block-separator has-alpha-channel-opacity is-style-default\"\/>\n\n\n\n<p><strong>Gr\u00f6\u00dfe: <\/strong> bis 1,50 m<\/p>\n\n\n\n<p><strong>Lebensraum:<\/strong> Freiwasser; taucht ab und zu in der N\u00e4he von Riffen auf<\/p>\n\n\n\n<p><strong>Vorkommen:  <\/strong>im tropischen Pazifik und Atlantik einschlie\u00dflich der Nebenmeere<\/p>\n\n\n\n<p><strong>Erkennungsmerkmale:<\/strong> Grundfarbe silbern; dunkle Punkte; hoher R\u00fccken; juvenile Tiere haben extrem lange Filamente an der R\u00fccken und Afterflosse, die ein mehrfaches der K\u00f6rperl\u00e4nge betragen k\u00f6nnen; die Filamente verschwinden mit zunehmendem Alter<\/p>\n\n\n\n<p><strong>Biologie &amp; Verhalten: <\/strong> \u00dcber alle Ozeane verbreitet, aber leider selten zu sehen. Am wahrscheinlichsten trifft man sie an steil abfallenden Felsen oder Korallenriffen. Insbesondere juvenile Tiere halten sich eher an der K\u00fcste oder an vorgelagerten Riffen und im Freiwasser auf.<\/p>\n\n\n\n<p><strong>Bedrohungsstatus:<\/strong> Die Art wird auf der Roten Liste der IUCN als <mark style=\"background-color:rgba(0, 0, 0, 0)\" class=\"has-inline-color has-vivid-green-cyan-color\">\u201enicht gef\u00e4hrdet\u201c<\/mark> gef\u00fchrt.<\/p>\n\n\n\n<p><mark style=\"background-color:rgba(0, 0, 0, 0)\" class=\"has-inline-color has-vivid-red-color\"><strong>Gefahr:<\/strong> Wie bei fast allen J\u00e4gern am Ende der Nahrungskette besteht bei Verzehr die Gefahr einer ciguatoxischen Vergiftung.<\/mark><\/p>\n\n\n\n<hr class=\"wp-block-separator has-alpha-channel-opacity is-style-default\"\/>\n\n\n\n<p><\/p>\n","protected":false},"excerpt":{"rendered":"<p>Afrikanischer Pompano African pompano Alectis ciliaris Gr\u00f6\u00dfe: bis 1,50 m Lebensraum: Freiwasser; taucht ab und zu in der N\u00e4he von Riffen auf Vorkommen: im tropischen Pazifik und Atlantik einschlie\u00dflich der Nebenmeere Erkennungsmerkmale: Grundfarbe silbern; dunkle Punkte; hoher R\u00fccken; juvenile Tiere haben extrem lange Filamente an der R\u00fccken und Afterflosse, die ein mehrfaches der K\u00f6rperl\u00e4nge betragen &hellip; <\/p>\n<p class=\"link-more\"><a href=\"https:\/\/alles-ueber-riffe.de\/?page_id=5923\" class=\"more-link\"><span class=\"screen-reader-text\">\u201eAfrikanischer Pompano\u201c<\/span> weiterlesen<\/a><\/p>\n","protected":false},"author":1,"featured_media":0,"parent":0,"menu_order":0,"comment_status":"closed","ping_status":"closed","template":"","meta":{"footnotes":""},"class_list":["post-5923","page","type-page","status-publish","hentry"],"_links":{"self":[{"href":"https:\/\/alles-ueber-riffe.de\/index.php?rest_route=\/wp\/v2\/pages\/5923","targetHints":{"allow":["GET"]}}],"collection":[{"href":"https:\/\/alles-ueber-riffe.de\/index.php?rest_route=\/wp\/v2\/pages"}],"about":[{"href":"https:\/\/alles-ueber-riffe.de\/index.php?rest_route=\/wp\/v2\/types\/page"}],"author":[{"embeddable":true,"href":"https:\/\/alles-ueber-riffe.de\/index.php?rest_route=\/wp\/v2\/users\/1"}],"replies":[{"embeddable":true,"href":"https:\/\/alles-ueber-riffe.de\/index.php?rest_route=%2Fwp%2Fv2%2Fcomments&post=5923"}],"version-history":[{"count":5,"href":"https:\/\/alles-ueber-riffe.de\/index.php?rest_route=\/wp\/v2\/pages\/5923\/revisions"}],"predecessor-version":[{"id":10068,"href":"https:\/\/alles-ueber-riffe.de\/index.php?rest_route=\/wp\/v2\/pages\/5923\/revisions\/10068"}],"wp:attachment":[{"href":"https:\/\/alles-ueber-riffe.de\/index.php?rest_route=%2Fwp%2Fv2%2Fmedia&parent=5923"}],"curies":[{"name":"wp","href":"https:\/\/api.w.org\/{rel}","templated":true}]}}