{"id":5917,"date":"2025-01-08T22:36:36","date_gmt":"2025-01-08T22:36:36","guid":{"rendered":"https:\/\/alles-ueber-riffe.de\/?page_id=5917"},"modified":"2025-02-23T12:08:28","modified_gmt":"2025-02-23T12:08:28","slug":"tentakel-drachenkopf","status":"publish","type":"page","link":"https:\/\/alles-ueber-riffe.de\/?page_id=5917","title":{"rendered":"Tentakel-Drachenkopf"},"content":{"rendered":"\n<div class=\"wp-block-group is-vertical is-layout-flex wp-container-core-group-is-layout-8cf370e7 wp-block-group-is-layout-flex\">\n<p><strong>Tentakel-Drachenkopf<\/strong><\/p>\n\n\n\n<p>Weedy scorpionfish<\/p>\n\n\n\n<p><em>Rhinopias frondosa<\/em><\/p>\n<\/div>\n\n\n\n<div style=\"height:30px\" aria-hidden=\"true\" class=\"wp-block-spacer\"><\/div>\n\n\n\n<figure class=\"wp-block-image size-full\"><img loading=\"lazy\" decoding=\"async\" width=\"1024\" height=\"768\" src=\"https:\/\/alles-ueber-riffe.de\/wp-content\/uploads\/2025\/02\/Tentakel-Drachenkopf_1024x768.jpg\" alt=\"\" class=\"wp-image-10017\" srcset=\"https:\/\/alles-ueber-riffe.de\/wp-content\/uploads\/2025\/02\/Tentakel-Drachenkopf_1024x768.jpg 1024w, https:\/\/alles-ueber-riffe.de\/wp-content\/uploads\/2025\/02\/Tentakel-Drachenkopf_1024x768-300x225.jpg 300w, https:\/\/alles-ueber-riffe.de\/wp-content\/uploads\/2025\/02\/Tentakel-Drachenkopf_1024x768-768x576.jpg 768w\" sizes=\"auto, (max-width: 767px) 89vw, (max-width: 1000px) 54vw, (max-width: 1071px) 543px, 580px\" \/><figcaption class=\"wp-element-caption\">\u00a9 Heinz Krimmer<\/figcaption><\/figure>\n\n\n\n<figure class=\"wp-block-image size-full\"><img loading=\"lazy\" decoding=\"async\" width=\"1024\" height=\"768\" src=\"https:\/\/alles-ueber-riffe.de\/wp-content\/uploads\/2025\/02\/Tentakel-Drachenkopf_1024x768-2.jpg\" alt=\"\" class=\"wp-image-10018\" srcset=\"https:\/\/alles-ueber-riffe.de\/wp-content\/uploads\/2025\/02\/Tentakel-Drachenkopf_1024x768-2.jpg 1024w, https:\/\/alles-ueber-riffe.de\/wp-content\/uploads\/2025\/02\/Tentakel-Drachenkopf_1024x768-2-300x225.jpg 300w, https:\/\/alles-ueber-riffe.de\/wp-content\/uploads\/2025\/02\/Tentakel-Drachenkopf_1024x768-2-768x576.jpg 768w\" sizes=\"auto, (max-width: 767px) 89vw, (max-width: 1000px) 54vw, (max-width: 1071px) 543px, 580px\" \/><figcaption class=\"wp-element-caption\">\u00a9 Heinz Krimmer<\/figcaption><\/figure>\n\n\n\n<hr class=\"wp-block-separator has-alpha-channel-opacity is-style-default\"\/>\n\n\n\n<p><strong>Gr\u00f6\u00dfe: <\/strong> bis 23 cm<\/p>\n\n\n\n<p><strong>Lebensraum:<\/strong> Korallenriffe, Sand-, Schlamm- und Ger\u00f6llb\u00f6den<\/p>\n\n\n\n<p><strong>Vorkommen:  <\/strong>von Ostafrika, S\u00fcdjapan, Papua-Neuguinea, Ostaustralien, Ozeanien bis Neukaledonien<\/p>\n\n\n\n<p><strong>Erkennungsmerkmale:<\/strong> Farbe rot bis violett; Muster aus helleren Flecken am ganzen K\u00f6rper; zahlreiche Tentakel<\/p>\n\n\n\n<p><strong>Biologie &amp; Verhalten: <\/strong> Der Tentakel-Drachenkopf geh\u00f6rt mit Sicherheit zu den skurrilsten Bewohner der Meere. Seltsam ist auch seine Art sich zu bewegen. Er schaukelt sich sozusagen auf seinen Brustflossen vorw\u00e4rts oder dreht sich auf diese Art und Weise. Nachtaktiver Lauerj\u00e4ger. Frisst Fische und Wirbellose.<\/p>\n\n\n\n<p><strong>Bedrohungsstatus:<\/strong> Die Art wird auf der Roten Liste der IUCN als <mark style=\"background-color:rgba(0, 0, 0, 0)\" class=\"has-inline-color has-vivid-green-cyan-color\">\u201enicht gef\u00e4hrdet\u201c<\/mark> gef\u00fchrt.<\/p>\n\n\n\n<p><mark style=\"background-color:rgba(0, 0, 0, 0)\" class=\"has-inline-color has-vivid-red-color\"><strong>Gefahr:<\/strong> Giftig! Ein Kontakt mit seinen Flossenstacheln kann extrem starke Schmerzen verursachen.<\/mark><\/p>\n\n\n\n<hr class=\"wp-block-separator has-alpha-channel-opacity is-style-default\"\/>\n\n\n\n<p><\/p>\n","protected":false},"excerpt":{"rendered":"<p>Tentakel-Drachenkopf Weedy scorpionfish Rhinopias frondosa Gr\u00f6\u00dfe: bis 23 cm Lebensraum: Korallenriffe, Sand-, Schlamm- und Ger\u00f6llb\u00f6den Vorkommen: von Ostafrika, S\u00fcdjapan, Papua-Neuguinea, Ostaustralien, Ozeanien bis Neukaledonien Erkennungsmerkmale: Farbe rot bis violett; Muster aus helleren Flecken am ganzen K\u00f6rper; zahlreiche Tentakel Biologie &amp; Verhalten: Der Tentakel-Drachenkopf geh\u00f6rt mit Sicherheit zu den skurrilsten Bewohner der Meere. Seltsam ist auch &hellip; <\/p>\n<p class=\"link-more\"><a href=\"https:\/\/alles-ueber-riffe.de\/?page_id=5917\" class=\"more-link\"><span class=\"screen-reader-text\">\u201eTentakel-Drachenkopf\u201c<\/span> weiterlesen<\/a><\/p>\n","protected":false},"author":1,"featured_media":0,"parent":0,"menu_order":0,"comment_status":"closed","ping_status":"closed","template":"","meta":{"footnotes":""},"class_list":["post-5917","page","type-page","status-publish","hentry"],"_links":{"self":[{"href":"https:\/\/alles-ueber-riffe.de\/index.php?rest_route=\/wp\/v2\/pages\/5917","targetHints":{"allow":["GET"]}}],"collection":[{"href":"https:\/\/alles-ueber-riffe.de\/index.php?rest_route=\/wp\/v2\/pages"}],"about":[{"href":"https:\/\/alles-ueber-riffe.de\/index.php?rest_route=\/wp\/v2\/types\/page"}],"author":[{"embeddable":true,"href":"https:\/\/alles-ueber-riffe.de\/index.php?rest_route=\/wp\/v2\/users\/1"}],"replies":[{"embeddable":true,"href":"https:\/\/alles-ueber-riffe.de\/index.php?rest_route=%2Fwp%2Fv2%2Fcomments&post=5917"}],"version-history":[{"count":5,"href":"https:\/\/alles-ueber-riffe.de\/index.php?rest_route=\/wp\/v2\/pages\/5917\/revisions"}],"predecessor-version":[{"id":10021,"href":"https:\/\/alles-ueber-riffe.de\/index.php?rest_route=\/wp\/v2\/pages\/5917\/revisions\/10021"}],"wp:attachment":[{"href":"https:\/\/alles-ueber-riffe.de\/index.php?rest_route=%2Fwp%2Fv2%2Fmedia&parent=5917"}],"curies":[{"name":"wp","href":"https:\/\/api.w.org\/{rel}","templated":true}]}}