{"id":5911,"date":"2025-01-08T22:36:16","date_gmt":"2025-01-08T22:36:16","guid":{"rendered":"https:\/\/alles-ueber-riffe.de\/?page_id=5911"},"modified":"2025-02-23T12:03:46","modified_gmt":"2025-02-23T12:03:46","slug":"gelbflecken-drachenkopf","status":"publish","type":"page","link":"https:\/\/alles-ueber-riffe.de\/?page_id=5911","title":{"rendered":"Gelbflecken-Drachenkopf"},"content":{"rendered":"\n<div class=\"wp-block-group is-vertical is-layout-flex wp-container-core-group-is-layout-8cf370e7 wp-block-group-is-layout-flex\">\n<p><strong>Gelbflecken-Drachenkopf<\/strong><\/p>\n\n\n\n<p>Yellowspotted scorpionfish<\/p>\n\n\n\n<p><em>Sebastapistes cyanostigma<\/em><\/p>\n<\/div>\n\n\n\n<div style=\"height:30px\" aria-hidden=\"true\" class=\"wp-block-spacer\"><\/div>\n\n\n\n<figure class=\"wp-block-image size-full\"><img loading=\"lazy\" decoding=\"async\" width=\"1024\" height=\"767\" src=\"https:\/\/alles-ueber-riffe.de\/wp-content\/uploads\/2025\/02\/Gelbflecken-Drachenkopf_1024x768.jpg\" alt=\"\" class=\"wp-image-10012\" srcset=\"https:\/\/alles-ueber-riffe.de\/wp-content\/uploads\/2025\/02\/Gelbflecken-Drachenkopf_1024x768.jpg 1024w, https:\/\/alles-ueber-riffe.de\/wp-content\/uploads\/2025\/02\/Gelbflecken-Drachenkopf_1024x768-300x225.jpg 300w, https:\/\/alles-ueber-riffe.de\/wp-content\/uploads\/2025\/02\/Gelbflecken-Drachenkopf_1024x768-768x575.jpg 768w\" sizes=\"auto, (max-width: 767px) 89vw, (max-width: 1000px) 54vw, (max-width: 1071px) 543px, 580px\" \/><figcaption class=\"wp-element-caption\">\u00a9 Stephan Moldzio<\/figcaption><\/figure>\n\n\n\n<hr class=\"wp-block-separator has-alpha-channel-opacity is-style-default\"\/>\n\n\n\n<p><strong>Gr\u00f6\u00dfe: <\/strong> bis 10 cm<\/p>\n\n\n\n<p><strong>Lebensraum:<\/strong> Korallenriffe<\/p>\n\n\n\n<p><strong>Vorkommen:  <\/strong>von Ostafrika, Rotes Meer, Malediven, Ostindonesien, Philippinen, S\u00fcdjapan, Papua-Neuguinea, Ozeanien bis Samoa<\/p>\n\n\n\n<p><strong>Erkennungsmerkmale:<\/strong> Grundfarbe rot bis rotbraun mit gelben Flecken<\/p>\n\n\n\n<p><strong>Biologie &amp; Verhalten: <\/strong> Dieser kleine Skorpionsfisch versteckt sich gerne zwischen Hartkorallen. Dieser kleine Skorpionsfisch versteckt sich gerne zwischen Hartkorallen. Bevorzugt\u00a0<em>Pocillopora\u00a0<\/em>und die Feuerkorallen<em>\u00a0Millepora<\/em>\u00a0and\u00a0<em>Styllophora<\/em>. Lauerj\u00e4ger. Kommt \u00f6fters auch in kleinen Gruppen vor. <\/p>\n\n\n\n<p><strong>Bedrohungsstatus:<\/strong> Die Art wird auf der Roten Liste der IUCN als <mark style=\"background-color:rgba(0, 0, 0, 0)\" class=\"has-inline-color has-vivid-green-cyan-color\">\u201enicht gef\u00e4hrdet\u201c<\/mark> gef\u00fchrt.<\/p>\n\n\n\n<p><mark style=\"background-color:rgba(0, 0, 0, 0)\" class=\"has-inline-color has-vivid-red-color\"><strong>Gefahr:<\/strong> Giftig! Ein Kontakt mit seinen Flossenstacheln kann extrem starke Schmerzen verursachen.<\/mark><\/p>\n\n\n\n<hr class=\"wp-block-separator has-alpha-channel-opacity is-style-default\"\/>\n\n\n\n<p><\/p>\n","protected":false},"excerpt":{"rendered":"<p>Gelbflecken-Drachenkopf Yellowspotted scorpionfish Sebastapistes cyanostigma Gr\u00f6\u00dfe: bis 10 cm Lebensraum: Korallenriffe Vorkommen: von Ostafrika, Rotes Meer, Malediven, Ostindonesien, Philippinen, S\u00fcdjapan, Papua-Neuguinea, Ozeanien bis Samoa Erkennungsmerkmale: Grundfarbe rot bis rotbraun mit gelben Flecken Biologie &amp; Verhalten: Dieser kleine Skorpionsfisch versteckt sich gerne zwischen Hartkorallen. Dieser kleine Skorpionsfisch versteckt sich gerne zwischen Hartkorallen. Bevorzugt\u00a0Pocillopora\u00a0und die Feuerkorallen\u00a0Millepora\u00a0and\u00a0Styllophora. Lauerj\u00e4ger. &hellip; <\/p>\n<p class=\"link-more\"><a href=\"https:\/\/alles-ueber-riffe.de\/?page_id=5911\" class=\"more-link\"><span class=\"screen-reader-text\">\u201eGelbflecken-Drachenkopf\u201c<\/span> weiterlesen<\/a><\/p>\n","protected":false},"author":1,"featured_media":0,"parent":0,"menu_order":0,"comment_status":"closed","ping_status":"closed","template":"","meta":{"footnotes":""},"class_list":["post-5911","page","type-page","status-publish","hentry"],"_links":{"self":[{"href":"https:\/\/alles-ueber-riffe.de\/index.php?rest_route=\/wp\/v2\/pages\/5911","targetHints":{"allow":["GET"]}}],"collection":[{"href":"https:\/\/alles-ueber-riffe.de\/index.php?rest_route=\/wp\/v2\/pages"}],"about":[{"href":"https:\/\/alles-ueber-riffe.de\/index.php?rest_route=\/wp\/v2\/types\/page"}],"author":[{"embeddable":true,"href":"https:\/\/alles-ueber-riffe.de\/index.php?rest_route=\/wp\/v2\/users\/1"}],"replies":[{"embeddable":true,"href":"https:\/\/alles-ueber-riffe.de\/index.php?rest_route=%2Fwp%2Fv2%2Fcomments&post=5911"}],"version-history":[{"count":5,"href":"https:\/\/alles-ueber-riffe.de\/index.php?rest_route=\/wp\/v2\/pages\/5911\/revisions"}],"predecessor-version":[{"id":10015,"href":"https:\/\/alles-ueber-riffe.de\/index.php?rest_route=\/wp\/v2\/pages\/5911\/revisions\/10015"}],"wp:attachment":[{"href":"https:\/\/alles-ueber-riffe.de\/index.php?rest_route=%2Fwp%2Fv2%2Fmedia&parent=5911"}],"curies":[{"name":"wp","href":"https:\/\/api.w.org\/{rel}","templated":true}]}}