{"id":5904,"date":"2025-01-08T22:35:48","date_gmt":"2025-01-08T22:35:48","guid":{"rendered":"https:\/\/alles-ueber-riffe.de\/?page_id=5904"},"modified":"2025-02-23T12:14:35","modified_gmt":"2025-02-23T12:14:35","slug":"filament-teufeslfisch","status":"publish","type":"page","link":"https:\/\/alles-ueber-riffe.de\/?page_id=5904","title":{"rendered":"Filament-Teufelsfisch"},"content":{"rendered":"\n<div class=\"wp-block-group is-vertical is-layout-flex wp-container-core-group-is-layout-8cf370e7 wp-block-group-is-layout-flex\">\n<p><strong>Filament-Teufeslfisch<\/strong><\/p>\n\n\n\n<p>Two-stick stingfish<\/p>\n\n\n\n<p><em>Inimicus filamentosus<\/em><\/p>\n<\/div>\n\n\n\n<div style=\"height:30px\" aria-hidden=\"true\" class=\"wp-block-spacer\"><\/div>\n\n\n\n<figure class=\"wp-block-image size-full\"><img loading=\"lazy\" decoding=\"async\" width=\"960\" height=\"640\" src=\"https:\/\/alles-ueber-riffe.de\/wp-content\/uploads\/2025\/02\/filament_teufelsfisch_960_640.jpg\" alt=\"\" class=\"wp-image-10026\" srcset=\"https:\/\/alles-ueber-riffe.de\/wp-content\/uploads\/2025\/02\/filament_teufelsfisch_960_640.jpg 960w, https:\/\/alles-ueber-riffe.de\/wp-content\/uploads\/2025\/02\/filament_teufelsfisch_960_640-300x200.jpg 300w, https:\/\/alles-ueber-riffe.de\/wp-content\/uploads\/2025\/02\/filament_teufelsfisch_960_640-768x512.jpg 768w\" sizes=\"auto, (max-width: 767px) 89vw, (max-width: 1000px) 54vw, (max-width: 1071px) 543px, 580px\" \/><figcaption class=\"wp-element-caption\">\u00a9 Heinz Krimmer<\/figcaption><\/figure>\n\n\n\n<figure class=\"wp-block-video\"><video height=\"576\" style=\"aspect-ratio: 1024 \/ 576;\" width=\"1024\" controls src=\"https:\/\/alles-ueber-riffe.de\/wp-content\/uploads\/2025\/02\/Filament-Teufeslfisch.mp4\"><\/video><figcaption class=\"wp-element-caption\">\u00a9 Heinz Krimmer<\/figcaption><\/figure>\n\n\n\n<hr class=\"wp-block-separator has-alpha-channel-opacity is-style-default\"\/>\n\n\n\n<p><strong>Gr\u00f6\u00dfe: <\/strong> bis 25 cm<\/p>\n\n\n\n<p><strong>Lebensraum:<\/strong> Sand- und Ger\u00f6llb\u00f6den in der N\u00e4he von Korallenriffen<\/p>\n\n\n\n<p><strong>Vorkommen:  <\/strong>von Ostafrika, Rotes Meer, Malediven<\/p>\n\n\n\n<p><strong>Erkennungsmerkmale:<\/strong> Farbe r\u00f6tlich bis braun mit hellen und dunklen Flecken; pr\u00e4chtig gef\u00e4rbte Brustflossen.<\/p>\n\n\n\n<p><strong>Biologie &amp; Verhalten: <\/strong> L\u00e4uft wie ein kleines Monster mit seinen fingerartigen Bauchflossenstrahlen \u00fcber den Sand. Oft gr\u00e4bt er sich ein und nur das Maul und die Augen schauen heraus. Die pr\u00e4chtigen Brustflossen sieht man leider nur, wenn der Fisch sich bedroht f\u00fchlt.<\/p>\n\n\n\n<p>Er sieht seinem engen Verwanden, dem Finger-Teufelsfisch sehr \u00e4hnlich. Dieser kommt aber weiter \u00f6stlich in ganz S\u00fcdostasien, Nordaustralien und Teilen Ozeaniens vor.<\/p>\n\n\n\n<p><strong>Bedrohungsstatus:<\/strong> Die Art wird auf der Roten Liste der IUCN als <mark style=\"background-color:rgba(0, 0, 0, 0)\" class=\"has-inline-color has-vivid-green-cyan-color\">\u201enicht gef\u00e4hrdet\u201c<\/mark> gef\u00fchrt.<\/p>\n\n\n\n<p><mark style=\"background-color:rgba(0, 0, 0, 0)\" class=\"has-inline-color has-vivid-red-color\"><strong>Gefahr:<\/strong> Ein Kontakt mit seinen Flossenstacheln kann starke Schmerzen verursachen. Da er sich auch im flachen Wasser aufh\u00e4lt, ist er auch f\u00fcr Badende eine Gefahr.<\/mark><\/p>\n\n\n\n<hr class=\"wp-block-separator has-alpha-channel-opacity is-style-default\"\/>\n\n\n\n<p><\/p>\n","protected":false},"excerpt":{"rendered":"<p>Filament-Teufeslfisch Two-stick stingfish Inimicus filamentosus Gr\u00f6\u00dfe: bis 25 cm Lebensraum: Sand- und Ger\u00f6llb\u00f6den in der N\u00e4he von Korallenriffen Vorkommen: von Ostafrika, Rotes Meer, Malediven Erkennungsmerkmale: Farbe r\u00f6tlich bis braun mit hellen und dunklen Flecken; pr\u00e4chtig gef\u00e4rbte Brustflossen. Biologie &amp; Verhalten: L\u00e4uft wie ein kleines Monster mit seinen fingerartigen Bauchflossenstrahlen \u00fcber den Sand. Oft gr\u00e4bt er &hellip; <\/p>\n<p class=\"link-more\"><a href=\"https:\/\/alles-ueber-riffe.de\/?page_id=5904\" class=\"more-link\"><span class=\"screen-reader-text\">\u201eFilament-Teufelsfisch\u201c<\/span> weiterlesen<\/a><\/p>\n","protected":false},"author":1,"featured_media":0,"parent":0,"menu_order":0,"comment_status":"closed","ping_status":"closed","template":"","meta":{"footnotes":""},"class_list":["post-5904","page","type-page","status-publish","hentry"],"_links":{"self":[{"href":"https:\/\/alles-ueber-riffe.de\/index.php?rest_route=\/wp\/v2\/pages\/5904","targetHints":{"allow":["GET"]}}],"collection":[{"href":"https:\/\/alles-ueber-riffe.de\/index.php?rest_route=\/wp\/v2\/pages"}],"about":[{"href":"https:\/\/alles-ueber-riffe.de\/index.php?rest_route=\/wp\/v2\/types\/page"}],"author":[{"embeddable":true,"href":"https:\/\/alles-ueber-riffe.de\/index.php?rest_route=\/wp\/v2\/users\/1"}],"replies":[{"embeddable":true,"href":"https:\/\/alles-ueber-riffe.de\/index.php?rest_route=%2Fwp%2Fv2%2Fcomments&post=5904"}],"version-history":[{"count":6,"href":"https:\/\/alles-ueber-riffe.de\/index.php?rest_route=\/wp\/v2\/pages\/5904\/revisions"}],"predecessor-version":[{"id":10028,"href":"https:\/\/alles-ueber-riffe.de\/index.php?rest_route=\/wp\/v2\/pages\/5904\/revisions\/10028"}],"wp:attachment":[{"href":"https:\/\/alles-ueber-riffe.de\/index.php?rest_route=%2Fwp%2Fv2%2Fmedia&parent=5904"}],"curies":[{"name":"wp","href":"https:\/\/api.w.org\/{rel}","templated":true}]}}