{"id":5886,"date":"2025-01-08T22:34:27","date_gmt":"2025-01-08T22:34:27","guid":{"rendered":"https:\/\/alles-ueber-riffe.de\/?page_id=5886"},"modified":"2025-02-20T22:17:32","modified_gmt":"2025-02-20T22:17:32","slug":"zebraschnautzen-seepferdchen","status":"publish","type":"page","link":"https:\/\/alles-ueber-riffe.de\/?page_id=5886","title":{"rendered":"Zebraschnautzen-Seepferdchen"},"content":{"rendered":"\n<div class=\"wp-block-group is-vertical is-layout-flex wp-container-core-group-is-layout-8cf370e7 wp-block-group-is-layout-flex\">\n<p><strong>Zebraschnautzen-Seepferdchen<\/strong><\/p>\n\n\n\n<p>Barbour`s seahorse<\/p>\n\n\n\n<p><em>Hippocampus barbouri<\/em><\/p>\n<\/div>\n\n\n\n<div style=\"height:30px\" aria-hidden=\"true\" class=\"wp-block-spacer\"><\/div>\n\n\n\n<figure class=\"wp-block-image size-full\"><img loading=\"lazy\" decoding=\"async\" width=\"1024\" height=\"768\" src=\"https:\/\/alles-ueber-riffe.de\/wp-content\/uploads\/2025\/02\/Zebraschnautzen-Seepferdchen_1024x768.jpg\" alt=\"\" class=\"wp-image-9968\" srcset=\"https:\/\/alles-ueber-riffe.de\/wp-content\/uploads\/2025\/02\/Zebraschnautzen-Seepferdchen_1024x768.jpg 1024w, https:\/\/alles-ueber-riffe.de\/wp-content\/uploads\/2025\/02\/Zebraschnautzen-Seepferdchen_1024x768-300x225.jpg 300w, https:\/\/alles-ueber-riffe.de\/wp-content\/uploads\/2025\/02\/Zebraschnautzen-Seepferdchen_1024x768-768x576.jpg 768w\" sizes=\"auto, (max-width: 767px) 89vw, (max-width: 1000px) 54vw, (max-width: 1071px) 543px, 580px\" \/><figcaption class=\"wp-element-caption\">\u00a9 Joris Rombouts<\/figcaption><\/figure>\n\n\n\n<hr class=\"wp-block-separator has-alpha-channel-opacity is-style-default\"\/>\n\n\n\n<p><strong>Gr\u00f6\u00dfe: <\/strong> bis 15 cm<\/p>\n\n\n\n<p><strong>Lebensraum:<\/strong> Korallenriffe und Sandb\u00f6den<\/p>\n\n\n\n<p><strong>Vorkommen:  <\/strong>Philippinen, Indonesien, Ostmalaysia<\/p>\n\n\n\n<p><strong>Erkennungsmerkmale:<\/strong> Grundfarbe variabel von hellgelb bis braun; Schnauze mit wei\u00dfen und schwarzen Querb\u00e4ndern<\/p>\n\n\n\n<p><strong>Biologie &amp; Verhalten: <\/strong> Geh\u00f6rt zu den wenigen Seepferdchenarten, die sich an Hartkorallen festhalten. Die nesseldun Polypen scheinen ihnen nichts auszumachen. <\/p>\n\n\n\n<p><strong>Bedrohungsstatus:<\/strong> Die Art wird auf der Roten Liste der IUCN als <mark style=\"background-color:rgba(0, 0, 0, 0)\" class=\"has-inline-color has-vivid-red-color\">\u201egef\u00e4hrdet\u201c<\/mark> gef\u00fchrt. Auch hier ist \u00dcberfischung der Grund. Es wird in der chinesischen Medizin als Heilmittel verwendet.<\/p>\n\n\n\n<hr class=\"wp-block-separator has-alpha-channel-opacity is-style-default\"\/>\n\n\n\n<p><\/p>\n","protected":false},"excerpt":{"rendered":"<p>Zebraschnautzen-Seepferdchen Barbour`s seahorse Hippocampus barbouri Gr\u00f6\u00dfe: bis 15 cm Lebensraum: Korallenriffe und Sandb\u00f6den Vorkommen: Philippinen, Indonesien, Ostmalaysia Erkennungsmerkmale: Grundfarbe variabel von hellgelb bis braun; Schnauze mit wei\u00dfen und schwarzen Querb\u00e4ndern Biologie &amp; Verhalten: Geh\u00f6rt zu den wenigen Seepferdchenarten, die sich an Hartkorallen festhalten. Die nesseldun Polypen scheinen ihnen nichts auszumachen. Bedrohungsstatus: Die Art wird auf &hellip; <\/p>\n<p class=\"link-more\"><a href=\"https:\/\/alles-ueber-riffe.de\/?page_id=5886\" class=\"more-link\"><span class=\"screen-reader-text\">\u201eZebraschnautzen-Seepferdchen\u201c<\/span> weiterlesen<\/a><\/p>\n","protected":false},"author":1,"featured_media":0,"parent":0,"menu_order":0,"comment_status":"closed","ping_status":"closed","template":"","meta":{"footnotes":""},"class_list":["post-5886","page","type-page","status-publish","hentry"],"_links":{"self":[{"href":"https:\/\/alles-ueber-riffe.de\/index.php?rest_route=\/wp\/v2\/pages\/5886","targetHints":{"allow":["GET"]}}],"collection":[{"href":"https:\/\/alles-ueber-riffe.de\/index.php?rest_route=\/wp\/v2\/pages"}],"about":[{"href":"https:\/\/alles-ueber-riffe.de\/index.php?rest_route=\/wp\/v2\/types\/page"}],"author":[{"embeddable":true,"href":"https:\/\/alles-ueber-riffe.de\/index.php?rest_route=\/wp\/v2\/users\/1"}],"replies":[{"embeddable":true,"href":"https:\/\/alles-ueber-riffe.de\/index.php?rest_route=%2Fwp%2Fv2%2Fcomments&post=5886"}],"version-history":[{"count":6,"href":"https:\/\/alles-ueber-riffe.de\/index.php?rest_route=\/wp\/v2\/pages\/5886\/revisions"}],"predecessor-version":[{"id":9972,"href":"https:\/\/alles-ueber-riffe.de\/index.php?rest_route=\/wp\/v2\/pages\/5886\/revisions\/9972"}],"wp:attachment":[{"href":"https:\/\/alles-ueber-riffe.de\/index.php?rest_route=%2Fwp%2Fv2%2Fmedia&parent=5886"}],"curies":[{"name":"wp","href":"https:\/\/api.w.org\/{rel}","templated":true}]}}