{"id":5871,"date":"2025-01-08T22:32:47","date_gmt":"2025-01-08T22:32:47","guid":{"rendered":"https:\/\/alles-ueber-riffe.de\/?page_id=5871"},"modified":"2025-02-20T21:33:24","modified_gmt":"2025-02-20T21:33:24","slug":"jayakars-seepferdchen","status":"publish","type":"page","link":"https:\/\/alles-ueber-riffe.de\/?page_id=5871","title":{"rendered":"Jayakars Seepferdchen"},"content":{"rendered":"\n<div class=\"wp-block-group is-vertical is-layout-flex wp-container-core-group-is-layout-8cf370e7 wp-block-group-is-layout-flex\">\n<p><strong>Jayakars Seepferdchen<\/strong><\/p>\n\n\n\n<p>Jayakar`s seahorse<\/p>\n\n\n\n<p><em>Hippocampus jayakari<\/em><\/p>\n<\/div>\n\n\n\n<div style=\"height:30px\" aria-hidden=\"true\" class=\"wp-block-spacer\"><\/div>\n\n\n\n<figure class=\"wp-block-video\"><video height=\"576\" style=\"aspect-ratio: 1024 \/ 576;\" width=\"1024\" controls src=\"https:\/\/alles-ueber-riffe.de\/wp-content\/uploads\/2025\/02\/Jayakars-Seepferdchen.mp4\"><\/video><figcaption class=\"wp-element-caption\">\u00a9 Heinz Krimmer<\/figcaption><\/figure>\n\n\n\n<hr class=\"wp-block-separator has-alpha-channel-opacity is-style-default\"\/>\n\n\n\n<p><strong>Gr\u00f6\u00dfe: <\/strong> bis 70 cm<\/p>\n\n\n\n<p><strong>Lebensraum:<\/strong> Seegraswiesen oft in der N\u00e4he von Korallenriffen<\/p>\n\n\n\n<p><strong>Vorkommen:  <\/strong>Rotes Meer, Persischer Golf und Pakistan<\/p>\n\n\n\n<p><strong>Erkennungsmerkmale:<\/strong> Grundfarbe variabel von gelb, gr\u00fcn bis braun; zahlreiche an Dornen erinnernde Ausst\u00fclpungen der Haut<\/p>\n\n\n\n<p><strong>Biologie &amp; Verhalten: <\/strong> Das Jayakars Seepferdchen ist im Seegras perfekt getarnt. Im Grunde entdeckt man es eigentlich nur, wenn es sich bewegt, z.B. schwimmt. Am unsichtbarsten ist es, wenn es einem den R\u00fccken zudreht. Dann  kann man es zwischen den Seegrasbl\u00e4tter kaum erkennen. Das Seepferdchen scheint sich dessen bewusst zu sein und ist deshalb auch schwer zu fotografieren, denn es dreht auch der Kamera immer den R\u00fccken zu. Da hilft nur Geduld.<\/p>\n\n\n\n<p>Das Jayakars Seepferchen ist von dem Dornigen Seepferchen\u00a0kaum zu unterscheiden.\u00a0\u00a0Man richtet sich am Besten nach dem Verbreitungsgebiet. Das\u00a0\u00a0Jaykarks Seepferdchen findet man im Roten Meer,Persischer Golf und Pakistan, das Dornige Seepferdchen (Hippocampus histrix)\u00a0au\u00dferhalb dieses Gebietes.<\/p>\n\n\n\n<p>Das M\u00e4nnchen betreibt Brutpflege,<\/p>\n\n\n\n<p><strong>Bedrohungsstatus:<\/strong> Die Art wird auf der Roten Liste der IUCN als <mark style=\"background-color:rgba(0, 0, 0, 0)\" class=\"has-inline-color has-vivid-green-cyan-color\">\u201enicht gef\u00e4hrdet\u201c<\/mark> gef\u00fchrt.<\/p>\n\n\n\n<hr class=\"wp-block-separator has-alpha-channel-opacity is-style-default\"\/>\n\n\n\n<p><\/p>\n","protected":false},"excerpt":{"rendered":"<p>Jayakars Seepferdchen Jayakar`s seahorse Hippocampus jayakari Gr\u00f6\u00dfe: bis 70 cm Lebensraum: Seegraswiesen oft in der N\u00e4he von Korallenriffen Vorkommen: Rotes Meer, Persischer Golf und Pakistan Erkennungsmerkmale: Grundfarbe variabel von gelb, gr\u00fcn bis braun; zahlreiche an Dornen erinnernde Ausst\u00fclpungen der Haut Biologie &amp; Verhalten: Das Jayakars Seepferdchen ist im Seegras perfekt getarnt. Im Grunde entdeckt man &hellip; <\/p>\n<p class=\"link-more\"><a href=\"https:\/\/alles-ueber-riffe.de\/?page_id=5871\" class=\"more-link\"><span class=\"screen-reader-text\">\u201eJayakars Seepferdchen\u201c<\/span> weiterlesen<\/a><\/p>\n","protected":false},"author":1,"featured_media":0,"parent":0,"menu_order":0,"comment_status":"closed","ping_status":"closed","template":"","meta":{"footnotes":""},"class_list":["post-5871","page","type-page","status-publish","hentry"],"_links":{"self":[{"href":"https:\/\/alles-ueber-riffe.de\/index.php?rest_route=\/wp\/v2\/pages\/5871","targetHints":{"allow":["GET"]}}],"collection":[{"href":"https:\/\/alles-ueber-riffe.de\/index.php?rest_route=\/wp\/v2\/pages"}],"about":[{"href":"https:\/\/alles-ueber-riffe.de\/index.php?rest_route=\/wp\/v2\/types\/page"}],"author":[{"embeddable":true,"href":"https:\/\/alles-ueber-riffe.de\/index.php?rest_route=\/wp\/v2\/users\/1"}],"replies":[{"embeddable":true,"href":"https:\/\/alles-ueber-riffe.de\/index.php?rest_route=%2Fwp%2Fv2%2Fcomments&post=5871"}],"version-history":[{"count":4,"href":"https:\/\/alles-ueber-riffe.de\/index.php?rest_route=\/wp\/v2\/pages\/5871\/revisions"}],"predecessor-version":[{"id":9930,"href":"https:\/\/alles-ueber-riffe.de\/index.php?rest_route=\/wp\/v2\/pages\/5871\/revisions\/9930"}],"wp:attachment":[{"href":"https:\/\/alles-ueber-riffe.de\/index.php?rest_route=%2Fwp%2Fv2%2Fmedia&parent=5871"}],"curies":[{"name":"wp","href":"https:\/\/api.w.org\/{rel}","templated":true}]}}