{"id":5866,"date":"2025-01-08T22:32:27","date_gmt":"2025-01-08T22:32:27","guid":{"rendered":"https:\/\/alles-ueber-riffe.de\/?page_id=5866"},"modified":"2025-02-20T21:19:12","modified_gmt":"2025-02-20T21:19:12","slug":"denis-zwergseepferdchen","status":"publish","type":"page","link":"https:\/\/alles-ueber-riffe.de\/?page_id=5866","title":{"rendered":"Denis Zwergseepferdchen"},"content":{"rendered":"\n<div class=\"wp-block-group is-vertical is-layout-flex wp-container-core-group-is-layout-8cf370e7 wp-block-group-is-layout-flex\">\n<p><strong>Denis Zwergseepferdchen<\/strong><\/p>\n\n\n\n<p>Denise&#8217;s pygmy seahorse<\/p>\n\n\n\n<p><em>Hippocampus denise<\/em><\/p>\n<\/div>\n\n\n\n<div style=\"height:30px\" aria-hidden=\"true\" class=\"wp-block-spacer\"><\/div>\n\n\n\n<figure class=\"wp-block-video\"><video height=\"576\" style=\"aspect-ratio: 1024 \/ 576;\" width=\"1024\" controls src=\"https:\/\/alles-ueber-riffe.de\/wp-content\/uploads\/2025\/02\/Denis-Zwergseepferdchen.mp4\"><\/video><figcaption class=\"wp-element-caption\">\u00a9 Suus Berger<\/figcaption><\/figure>\n\n\n\n<hr class=\"wp-block-separator has-alpha-channel-opacity is-style-default\"\/>\n\n\n\n<p><strong>Gr\u00f6\u00dfe: <\/strong> bis 2,2 cm<\/p>\n\n\n\n<p><strong>Lebensraum:<\/strong> Korallenriffe<\/p>\n\n\n\n<p><strong>Vorkommen:  <\/strong>Ostindonesien, Philippinen, Malaysia, Papua-Neuguinea, Ozeanien bis Vanuatu und Palau<\/p>\n\n\n\n<p><strong>Erkennungsmerkmale:<\/strong> Grundfarbe variabel in verschiedenen Rott\u00f6nen, je nach Farbe der Wirtsgorgonie<\/p>\n\n\n\n<p><strong>Biologie &amp; Verhalten: <\/strong> Dieses Seepferdchen ist ein Meister der Tarnung, denn es hat die Farbe der Wirtsgorgonie, und ahmt mit seiner Haut die Oberfl\u00e4chenstruktur der Koralle nach. Seine Winzigkeit unterst\u00fctzt diesen Schutz noch zus\u00e4tzlich. Ist man trotzdem gl\u00fccklicher Entdecker dieses Seepferdchens hat man beim Fotografieren seine liebe M\u00fche es auch im Sucher zu entdecken.&nbsp;<\/p>\n\n\n\n<p>Vor allem in den Gorgonien der Arten\u00a0Annella reticulata, Muricella sp. und Echinogorgia sp. zu finden. <\/p>\n\n\n\n<p>Die M\u00e4nnchen sind f\u00fcr die Brutpflege verantwortlich.<\/p>\n\n\n\n<p>Mit seinen 2,2 cm geh\u00f6rt zu mit zu den kleinsten Wirbeltieren.<\/p>\n\n\n\n<p><strong>Bedrohungsstatus:<\/strong> Die Art wird auf der Roten Liste der IUCN als <mark style=\"background-color:rgba(0, 0, 0, 0)\" class=\"has-inline-color has-vivid-green-cyan-color\">\u201enicht gef\u00e4hrdet\u201c<\/mark> gef\u00fchrt.<\/p>\n\n\n\n<hr class=\"wp-block-separator has-alpha-channel-opacity is-style-default\"\/>\n\n\n\n<p><\/p>\n","protected":false},"excerpt":{"rendered":"<p>Denis Zwergseepferdchen Denise&#8217;s pygmy seahorse Hippocampus denise Gr\u00f6\u00dfe: bis 2,2 cm Lebensraum: Korallenriffe Vorkommen: Ostindonesien, Philippinen, Malaysia, Papua-Neuguinea, Ozeanien bis Vanuatu und Palau Erkennungsmerkmale: Grundfarbe variabel in verschiedenen Rott\u00f6nen, je nach Farbe der Wirtsgorgonie Biologie &amp; Verhalten: Dieses Seepferdchen ist ein Meister der Tarnung, denn es hat die Farbe der Wirtsgorgonie, und ahmt mit seiner &hellip; <\/p>\n<p class=\"link-more\"><a href=\"https:\/\/alles-ueber-riffe.de\/?page_id=5866\" class=\"more-link\"><span class=\"screen-reader-text\">\u201eDenis Zwergseepferdchen\u201c<\/span> weiterlesen<\/a><\/p>\n","protected":false},"author":1,"featured_media":0,"parent":0,"menu_order":0,"comment_status":"closed","ping_status":"closed","template":"","meta":{"footnotes":""},"class_list":["post-5866","page","type-page","status-publish","hentry"],"_links":{"self":[{"href":"https:\/\/alles-ueber-riffe.de\/index.php?rest_route=\/wp\/v2\/pages\/5866","targetHints":{"allow":["GET"]}}],"collection":[{"href":"https:\/\/alles-ueber-riffe.de\/index.php?rest_route=\/wp\/v2\/pages"}],"about":[{"href":"https:\/\/alles-ueber-riffe.de\/index.php?rest_route=\/wp\/v2\/types\/page"}],"author":[{"embeddable":true,"href":"https:\/\/alles-ueber-riffe.de\/index.php?rest_route=\/wp\/v2\/users\/1"}],"replies":[{"embeddable":true,"href":"https:\/\/alles-ueber-riffe.de\/index.php?rest_route=%2Fwp%2Fv2%2Fcomments&post=5866"}],"version-history":[{"count":3,"href":"https:\/\/alles-ueber-riffe.de\/index.php?rest_route=\/wp\/v2\/pages\/5866\/revisions"}],"predecessor-version":[{"id":9920,"href":"https:\/\/alles-ueber-riffe.de\/index.php?rest_route=\/wp\/v2\/pages\/5866\/revisions\/9920"}],"wp:attachment":[{"href":"https:\/\/alles-ueber-riffe.de\/index.php?rest_route=%2Fwp%2Fv2%2Fmedia&parent=5866"}],"curies":[{"name":"wp","href":"https:\/\/api.w.org\/{rel}","templated":true}]}}