{"id":5859,"date":"2025-01-08T22:30:03","date_gmt":"2025-01-08T22:30:03","guid":{"rendered":"https:\/\/alles-ueber-riffe.de\/?page_id=5859"},"modified":"2025-02-19T04:35:58","modified_gmt":"2025-02-19T04:35:58","slug":"geringelte-seenadel","status":"publish","type":"page","link":"https:\/\/alles-ueber-riffe.de\/?page_id=5859","title":{"rendered":"Geringelte Seenadel"},"content":{"rendered":"\n<div class=\"wp-block-group is-vertical is-layout-flex wp-container-core-group-is-layout-8cf370e7 wp-block-group-is-layout-flex\">\n<p><strong>Geringelte Seenadel<\/strong><\/p>\n\n\n\n<p>Many-banded pipefish<\/p>\n\n\n\n<p><em>Dunckerocampus multiannulatus<\/em><\/p>\n<\/div>\n\n\n\n<div style=\"height:30px\" aria-hidden=\"true\" class=\"wp-block-spacer\"><\/div>\n\n\n\n<figure class=\"wp-block-image size-full\"><img loading=\"lazy\" decoding=\"async\" width=\"1024\" height=\"768\" src=\"https:\/\/alles-ueber-riffe.de\/wp-content\/uploads\/2025\/02\/Geringelte-Seenadel_1024x768.jpg\" alt=\"\" class=\"wp-image-9900\" srcset=\"https:\/\/alles-ueber-riffe.de\/wp-content\/uploads\/2025\/02\/Geringelte-Seenadel_1024x768.jpg 1024w, https:\/\/alles-ueber-riffe.de\/wp-content\/uploads\/2025\/02\/Geringelte-Seenadel_1024x768-300x225.jpg 300w, https:\/\/alles-ueber-riffe.de\/wp-content\/uploads\/2025\/02\/Geringelte-Seenadel_1024x768-768x576.jpg 768w\" sizes=\"auto, (max-width: 767px) 89vw, (max-width: 1000px) 54vw, (max-width: 1071px) 543px, 580px\" \/><figcaption class=\"wp-element-caption\">\u00a9 Joris Rombouts<\/figcaption><\/figure>\n\n\n\n<hr class=\"wp-block-separator has-alpha-channel-opacity is-style-default\"\/>\n\n\n\n<p><strong>Gr\u00f6\u00dfe: <\/strong> bis 19 cm<\/p>\n\n\n\n<p><strong>Lebensraum:<\/strong> Korallenriffe<\/p>\n\n\n\n<p><strong>Vorkommen:  <\/strong>von Ostafrika, Rotes Meer, Malediven, ganz S\u00fcdostasien<\/p>\n\n\n\n<p><strong>Erkennungsmerkmale:<\/strong> zahlreiche rote und wei\u00dfe Querb\u00e4nder; die Roten sind etwas breiter<\/p>\n\n\n\n<p><strong>Biologie &amp; Verhalten: <\/strong> Auch diese Art ist sehr leicht zu verwechseln, und zwar mit der Orangestreifen-Seenadel (<em>Dunkerocampus pessuliferus<\/em>). Diese hat aber keine wei\u00dfen, sondern orange-gelbe Querb\u00e4nder. Sie h\u00e4lt sich gerne in der N\u00e4he von kleinen H\u00f6hlen im Riff auf, in die sie bei Gefahr fliehen kann.<\/p>\n\n\n\n<p><strong>Bedrohungsstatus:<\/strong> Die Art wird auf der Roten Liste der IUCN als <mark style=\"background-color:rgba(0, 0, 0, 0)\" class=\"has-inline-color has-vivid-green-cyan-color\">\u201enicht gef\u00e4hrdet\u201c<\/mark> gef\u00fchrt.<\/p>\n\n\n\n<hr class=\"wp-block-separator has-alpha-channel-opacity is-style-default\"\/>\n\n\n\n<p><\/p>\n","protected":false},"excerpt":{"rendered":"<p>Geringelte Seenadel Many-banded pipefish Dunckerocampus multiannulatus Gr\u00f6\u00dfe: bis 19 cm Lebensraum: Korallenriffe Vorkommen: von Ostafrika, Rotes Meer, Malediven, ganz S\u00fcdostasien Erkennungsmerkmale: zahlreiche rote und wei\u00dfe Querb\u00e4nder; die Roten sind etwas breiter Biologie &amp; Verhalten: Auch diese Art ist sehr leicht zu verwechseln, und zwar mit der Orangestreifen-Seenadel (Dunkerocampus pessuliferus). Diese hat aber keine wei\u00dfen, sondern &hellip; <\/p>\n<p class=\"link-more\"><a href=\"https:\/\/alles-ueber-riffe.de\/?page_id=5859\" class=\"more-link\"><span class=\"screen-reader-text\">\u201eGeringelte Seenadel\u201c<\/span> weiterlesen<\/a><\/p>\n","protected":false},"author":1,"featured_media":0,"parent":0,"menu_order":0,"comment_status":"closed","ping_status":"closed","template":"","meta":{"footnotes":""},"class_list":["post-5859","page","type-page","status-publish","hentry"],"_links":{"self":[{"href":"https:\/\/alles-ueber-riffe.de\/index.php?rest_route=\/wp\/v2\/pages\/5859","targetHints":{"allow":["GET"]}}],"collection":[{"href":"https:\/\/alles-ueber-riffe.de\/index.php?rest_route=\/wp\/v2\/pages"}],"about":[{"href":"https:\/\/alles-ueber-riffe.de\/index.php?rest_route=\/wp\/v2\/types\/page"}],"author":[{"embeddable":true,"href":"https:\/\/alles-ueber-riffe.de\/index.php?rest_route=\/wp\/v2\/users\/1"}],"replies":[{"embeddable":true,"href":"https:\/\/alles-ueber-riffe.de\/index.php?rest_route=%2Fwp%2Fv2%2Fcomments&post=5859"}],"version-history":[{"count":4,"href":"https:\/\/alles-ueber-riffe.de\/index.php?rest_route=\/wp\/v2\/pages\/5859\/revisions"}],"predecessor-version":[{"id":9902,"href":"https:\/\/alles-ueber-riffe.de\/index.php?rest_route=\/wp\/v2\/pages\/5859\/revisions\/9902"}],"wp:attachment":[{"href":"https:\/\/alles-ueber-riffe.de\/index.php?rest_route=%2Fwp%2Fv2%2Fmedia&parent=5859"}],"curies":[{"name":"wp","href":"https:\/\/api.w.org\/{rel}","templated":true}]}}