{"id":5851,"date":"2025-01-08T22:29:34","date_gmt":"2025-01-08T22:29:34","guid":{"rendered":"https:\/\/alles-ueber-riffe.de\/?page_id=5851"},"modified":"2025-02-17T20:42:00","modified_gmt":"2025-02-17T20:42:00","slug":"blaustreifen-seenadel","status":"publish","type":"page","link":"https:\/\/alles-ueber-riffe.de\/?page_id=5851","title":{"rendered":"Blaustreifen-Seenadel"},"content":{"rendered":"\n<div class=\"wp-block-group is-vertical is-layout-flex wp-container-core-group-is-layout-8cf370e7 wp-block-group-is-layout-flex\">\n<p><strong>Blaustreifen-Seenadel<\/strong><\/p>\n\n\n\n<p>Bluestripe pipefish<\/p>\n\n\n\n<p><em>Doryrhamphus excisus<\/em><\/p>\n<\/div>\n\n\n\n<div style=\"height:30px\" aria-hidden=\"true\" class=\"wp-block-spacer\"><\/div>\n\n\n\n<figure class=\"wp-block-image size-full\"><img loading=\"lazy\" decoding=\"async\" width=\"1024\" height=\"766\" src=\"https:\/\/alles-ueber-riffe.de\/wp-content\/uploads\/2025\/02\/Blaustreifen-Seenadel_1024x768.jpg\" alt=\"\" class=\"wp-image-9852\" srcset=\"https:\/\/alles-ueber-riffe.de\/wp-content\/uploads\/2025\/02\/Blaustreifen-Seenadel_1024x768.jpg 1024w, https:\/\/alles-ueber-riffe.de\/wp-content\/uploads\/2025\/02\/Blaustreifen-Seenadel_1024x768-300x224.jpg 300w, https:\/\/alles-ueber-riffe.de\/wp-content\/uploads\/2025\/02\/Blaustreifen-Seenadel_1024x768-768x575.jpg 768w\" sizes=\"auto, (max-width: 767px) 89vw, (max-width: 1000px) 54vw, (max-width: 1071px) 543px, 580px\" \/><figcaption class=\"wp-element-caption\">\u00a9 Joris Rombouts<\/figcaption><\/figure>\n\n\n\n<hr class=\"wp-block-separator has-alpha-channel-opacity is-style-default\"\/>\n\n\n\n<p><strong>Gr\u00f6\u00dfe: <\/strong> bis 16 cm<\/p>\n\n\n\n<p><strong>Lebensraum:<\/strong> Korallen- und Felsenriffe<\/p>\n\n\n\n<p><strong>Vorkommen:  <\/strong>von Ostafrika, Malediven, ganz S\u00fcdostasien, Vietnam, S\u00fcdjapan, Nordaustralien, Papua-Neuguinea, Ozeanien bis zur K\u00fcste Mittelamerikas<\/p>\n\n\n\n<p><strong>Erkennungsmerkmale:<\/strong> orange mit einem breiten, blauen L\u00e4ngsstreifen<\/p>\n\n\n\n<p><strong>Biologie &amp; Verhalten: <\/strong> Auf den ersten Blick sieht es so aus, als sei diese Art ganz einfach zu bestimmen, aber es gibt vermutlich mindestens zwei Unterarten (Doryrhamphus excisus abbreviatus, die endemisch im Roten Meer vorkommt und Doryrhamphus excisus paulus)\u00a0und noch zwei weitere Arten (Doryrhamphus japonicus und Doryrhamphus sp.), die gemeinerweise genauso aussehen wie die\u00a0Doryrhamphus excisus. Die Biologen sind sich einig, dass weitere Forschungen n\u00f6tig sind und f\u00fcr uns hei\u00dft das, dass wir damit leben m\u00fcssen, dass es einfach nicht sicher zu kl\u00e4ren ist, welche Art genau zu sehen war. Deshalb bin ich mir auch nicht wirklich sicher, ob es sich hier wirklich um Doryrhamphus excisus.<\/p>\n\n\n\n<p>Monogamie wurde beobachtet. Die M\u00e4nnchen betreiben Brutpflege und tragen die Eier in einer Bauchtasche aus.<\/p>\n\n\n\n<p><strong>Bedrohungsstatus:<\/strong> Die Art wird auf der Roten Liste der IUCN als <mark style=\"background-color:rgba(0, 0, 0, 0)\" class=\"has-inline-color has-vivid-green-cyan-color\">\u201enicht gef\u00e4hrdet\u201c<\/mark> gef\u00fchrt.<\/p>\n\n\n\n<hr class=\"wp-block-separator has-alpha-channel-opacity is-style-default\"\/>\n\n\n\n<p><\/p>\n","protected":false},"excerpt":{"rendered":"<p>Blaustreifen-Seenadel Bluestripe pipefish Doryrhamphus excisus Gr\u00f6\u00dfe: bis 16 cm Lebensraum: Korallen- und Felsenriffe Vorkommen: von Ostafrika, Malediven, ganz S\u00fcdostasien, Vietnam, S\u00fcdjapan, Nordaustralien, Papua-Neuguinea, Ozeanien bis zur K\u00fcste Mittelamerikas Erkennungsmerkmale: orange mit einem breiten, blauen L\u00e4ngsstreifen Biologie &amp; Verhalten: Auf den ersten Blick sieht es so aus, als sei diese Art ganz einfach zu bestimmen, aber &hellip; <\/p>\n<p class=\"link-more\"><a href=\"https:\/\/alles-ueber-riffe.de\/?page_id=5851\" class=\"more-link\"><span class=\"screen-reader-text\">\u201eBlaustreifen-Seenadel\u201c<\/span> weiterlesen<\/a><\/p>\n","protected":false},"author":1,"featured_media":0,"parent":0,"menu_order":0,"comment_status":"closed","ping_status":"closed","template":"","meta":{"footnotes":""},"class_list":["post-5851","page","type-page","status-publish","hentry"],"_links":{"self":[{"href":"https:\/\/alles-ueber-riffe.de\/index.php?rest_route=\/wp\/v2\/pages\/5851","targetHints":{"allow":["GET"]}}],"collection":[{"href":"https:\/\/alles-ueber-riffe.de\/index.php?rest_route=\/wp\/v2\/pages"}],"about":[{"href":"https:\/\/alles-ueber-riffe.de\/index.php?rest_route=\/wp\/v2\/types\/page"}],"author":[{"embeddable":true,"href":"https:\/\/alles-ueber-riffe.de\/index.php?rest_route=\/wp\/v2\/users\/1"}],"replies":[{"embeddable":true,"href":"https:\/\/alles-ueber-riffe.de\/index.php?rest_route=%2Fwp%2Fv2%2Fcomments&post=5851"}],"version-history":[{"count":6,"href":"https:\/\/alles-ueber-riffe.de\/index.php?rest_route=\/wp\/v2\/pages\/5851\/revisions"}],"predecessor-version":[{"id":9856,"href":"https:\/\/alles-ueber-riffe.de\/index.php?rest_route=\/wp\/v2\/pages\/5851\/revisions\/9856"}],"wp:attachment":[{"href":"https:\/\/alles-ueber-riffe.de\/index.php?rest_route=%2Fwp%2Fv2%2Fmedia&parent=5851"}],"curies":[{"name":"wp","href":"https:\/\/api.w.org\/{rel}","templated":true}]}}