{"id":5731,"date":"2025-01-08T22:19:58","date_gmt":"2025-01-08T22:19:58","guid":{"rendered":"https:\/\/alles-ueber-riffe.de\/?page_id=5731"},"modified":"2025-02-12T22:19:26","modified_gmt":"2025-02-12T22:19:26","slug":"felsenspringer","status":"publish","type":"page","link":"https:\/\/alles-ueber-riffe.de\/?page_id=5731","title":{"rendered":"Felsenspringer"},"content":{"rendered":"\n<div class=\"wp-block-group is-vertical is-layout-flex wp-container-core-group-is-layout-8cf370e7 wp-block-group-is-layout-flex\">\n<p><strong>Felsenspringer<\/strong><\/p>\n\n\n\n<p>Rippled rockskipper<\/p>\n\n\n\n<p><em>Istiblennius edentulus<\/em><\/p>\n<\/div>\n\n\n\n<div style=\"height:30px\" aria-hidden=\"true\" class=\"wp-block-spacer\"><\/div>\n\n\n\n<figure class=\"wp-block-video\"><video height=\"576\" style=\"aspect-ratio: 1024 \/ 576;\" width=\"1024\" controls src=\"https:\/\/alles-ueber-riffe.de\/wp-content\/uploads\/2025\/02\/Felsenspringer.mp4\"><\/video><figcaption class=\"wp-element-caption\">\u00a9 Heinz Krimmer<\/figcaption><\/figure>\n\n\n\n<hr class=\"wp-block-separator has-alpha-channel-opacity is-style-default\"\/>\n\n\n\n<p><strong>Gr\u00f6\u00dfe: <\/strong> bis 16 cm<\/p>\n\n\n\n<p><strong>Lebensraum:<\/strong> Gezeitenzone<\/p>\n\n\n\n<p><strong>Vorkommen:  <\/strong>Ostafrika, Rotes Meer, Malediven, S\u00fcdjapan, ganz S\u00fcdostasien, Nordaustralien, Papua-Neuguinea, Ozeanien bis zu den Tuamoto Inseln<\/p>\n\n\n\n<p><strong>Erkennungsmerkmale:<\/strong> Grundfarbe grau; helle Querb\u00e4nder und dunkle Punkte am K\u00f6rper, die je nach Lichteinfall auch bl\u00e4ulich erscheinen<\/p>\n\n\n\n<p><strong>Biologie &amp; Verhalten: <\/strong> Felsenspringer leben wie Schlammspringer amphibisch und man kann sie von Land aus beobachten. Sie sitzen in kleinen Gruppen auf Felsen in der Gezeitenzone und lassen sich von den Wellen befeuchten. Sie k\u00f6nnen Luft atmen. F\u00fchlen sie sich bedroht, verschwinden sie schnell im Wasser. Fressen Algen. Die Eier werden am Substrat befestigt. Die Larven leben plakonisch.<\/p>\n\n\n\n<p><strong>Bedrohungsstatus:<\/strong> Die Art wird auf der Roten Liste der IUCN als <mark style=\"background-color:rgba(0, 0, 0, 0)\" class=\"has-inline-color has-vivid-green-cyan-color\">\u201enicht gef\u00e4hrdet\u201c<\/mark> gef\u00fchrt.<\/p>\n\n\n\n<hr class=\"wp-block-separator has-alpha-channel-opacity is-style-default\"\/>\n\n\n\n<p><\/p>\n","protected":false},"excerpt":{"rendered":"<p>Felsenspringer Rippled rockskipper Istiblennius edentulus Gr\u00f6\u00dfe: bis 16 cm Lebensraum: Gezeitenzone Vorkommen: Ostafrika, Rotes Meer, Malediven, S\u00fcdjapan, ganz S\u00fcdostasien, Nordaustralien, Papua-Neuguinea, Ozeanien bis zu den Tuamoto Inseln Erkennungsmerkmale: Grundfarbe grau; helle Querb\u00e4nder und dunkle Punkte am K\u00f6rper, die je nach Lichteinfall auch bl\u00e4ulich erscheinen Biologie &amp; Verhalten: Felsenspringer leben wie Schlammspringer amphibisch und man kann &hellip; <\/p>\n<p class=\"link-more\"><a href=\"https:\/\/alles-ueber-riffe.de\/?page_id=5731\" class=\"more-link\"><span class=\"screen-reader-text\">\u201eFelsenspringer\u201c<\/span> weiterlesen<\/a><\/p>\n","protected":false},"author":1,"featured_media":0,"parent":0,"menu_order":0,"comment_status":"closed","ping_status":"closed","template":"","meta":{"footnotes":""},"class_list":["post-5731","page","type-page","status-publish","hentry"],"_links":{"self":[{"href":"https:\/\/alles-ueber-riffe.de\/index.php?rest_route=\/wp\/v2\/pages\/5731","targetHints":{"allow":["GET"]}}],"collection":[{"href":"https:\/\/alles-ueber-riffe.de\/index.php?rest_route=\/wp\/v2\/pages"}],"about":[{"href":"https:\/\/alles-ueber-riffe.de\/index.php?rest_route=\/wp\/v2\/types\/page"}],"author":[{"embeddable":true,"href":"https:\/\/alles-ueber-riffe.de\/index.php?rest_route=\/wp\/v2\/users\/1"}],"replies":[{"embeddable":true,"href":"https:\/\/alles-ueber-riffe.de\/index.php?rest_route=%2Fwp%2Fv2%2Fcomments&post=5731"}],"version-history":[{"count":6,"href":"https:\/\/alles-ueber-riffe.de\/index.php?rest_route=\/wp\/v2\/pages\/5731\/revisions"}],"predecessor-version":[{"id":9578,"href":"https:\/\/alles-ueber-riffe.de\/index.php?rest_route=\/wp\/v2\/pages\/5731\/revisions\/9578"}],"wp:attachment":[{"href":"https:\/\/alles-ueber-riffe.de\/index.php?rest_route=%2Fwp%2Fv2%2Fmedia&parent=5731"}],"curies":[{"name":"wp","href":"https:\/\/api.w.org\/{rel}","templated":true}]}}