{"id":5727,"date":"2025-01-08T22:19:36","date_gmt":"2025-01-08T22:19:36","guid":{"rendered":"https:\/\/alles-ueber-riffe.de\/?page_id=5727"},"modified":"2025-02-12T22:09:34","modified_gmt":"2025-02-12T22:09:34","slug":"baths-schleimfisch","status":"publish","type":"page","link":"https:\/\/alles-ueber-riffe.de\/?page_id=5727","title":{"rendered":"Bath`s Schleimfisch"},"content":{"rendered":"\n<div class=\"wp-block-group is-vertical is-layout-flex wp-container-core-group-is-layout-8cf370e7 wp-block-group-is-layout-flex\">\n<p><strong>Baths Schleimfisch<\/strong><\/p>\n\n\n\n<p><strong>Bath&#8217;s comb-tooth<\/strong><\/p>\n\n\n\n<p><em>Ecsenius bathi<\/em><strong><\/strong><\/p>\n<\/div>\n\n\n\n<div style=\"height:30px\" aria-hidden=\"true\" class=\"wp-block-spacer\"><\/div>\n\n\n\n<figure class=\"wp-block-image size-full\"><img loading=\"lazy\" decoding=\"async\" width=\"1024\" height=\"768\" src=\"https:\/\/alles-ueber-riffe.de\/wp-content\/uploads\/2025\/02\/Baths-Schleimfisch_1024x768.jpg\" alt=\"\" class=\"wp-image-9560\" srcset=\"https:\/\/alles-ueber-riffe.de\/wp-content\/uploads\/2025\/02\/Baths-Schleimfisch_1024x768.jpg 1024w, https:\/\/alles-ueber-riffe.de\/wp-content\/uploads\/2025\/02\/Baths-Schleimfisch_1024x768-300x225.jpg 300w, https:\/\/alles-ueber-riffe.de\/wp-content\/uploads\/2025\/02\/Baths-Schleimfisch_1024x768-768x576.jpg 768w\" sizes=\"auto, (max-width: 767px) 89vw, (max-width: 1000px) 54vw, (max-width: 1071px) 543px, 580px\" \/><figcaption class=\"wp-element-caption\">\u00a9 Joris Rombouts<\/figcaption><\/figure>\n\n\n\n<hr class=\"wp-block-separator has-alpha-channel-opacity is-style-default\"\/>\n\n\n\n<p><strong>Gr\u00f6\u00dfe: <\/strong> bis 4,4 cm<\/p>\n\n\n\n<p><strong>Lebensraum:<\/strong> Korallenriffe<\/p>\n\n\n\n<p><strong>Vorkommen:  <\/strong>Philippinen, Indonesien, Malaysia<\/p>\n\n\n\n<p><strong>Erkennungsmerkmale:<\/strong> Grundfarbe hellgrau; Weibchen mit schwarzen L\u00e4ngsstreifen; gelber Kopf; M\u00e4nnchen haben rote L\u00e4ngsstreifen<\/p>\n\n\n\n<p><strong>Biologie &amp; Verhalten: <\/strong> Sie sitzen einzeln oder in kleinen Gruppen auf Korallen oder Schw\u00e4mmen. Weibchen sieht man wesentlich h\u00e4ufiger.<\/p>\n\n\n\n<p>Wie alle Schleimfische der Gruppe der Kammz\u00e4hner frisst er pflanzliche Nahrung.<\/p>\n\n\n\n<p><strong>Bedrohungsstatus:<\/strong> Die Art wird auf der Roten Liste der IUCN als <mark style=\"background-color:rgba(0, 0, 0, 0)\" class=\"has-inline-color has-vivid-green-cyan-color\">\u201enicht gef\u00e4hrdet\u201c<\/mark> gef\u00fchrt.<\/p>\n\n\n\n<hr class=\"wp-block-separator has-alpha-channel-opacity is-style-default\"\/>\n\n\n\n<p><\/p>\n","protected":false},"excerpt":{"rendered":"<p>Baths Schleimfisch Bath&#8217;s comb-tooth Ecsenius bathi Gr\u00f6\u00dfe: bis 4,4 cm Lebensraum: Korallenriffe Vorkommen: Philippinen, Indonesien, Malaysia Erkennungsmerkmale: Grundfarbe hellgrau; Weibchen mit schwarzen L\u00e4ngsstreifen; gelber Kopf; M\u00e4nnchen haben rote L\u00e4ngsstreifen Biologie &amp; Verhalten: Sie sitzen einzeln oder in kleinen Gruppen auf Korallen oder Schw\u00e4mmen. Weibchen sieht man wesentlich h\u00e4ufiger. Wie alle Schleimfische der Gruppe der Kammz\u00e4hner &hellip; <\/p>\n<p class=\"link-more\"><a href=\"https:\/\/alles-ueber-riffe.de\/?page_id=5727\" class=\"more-link\"><span class=\"screen-reader-text\">\u201eBath`s Schleimfisch\u201c<\/span> weiterlesen<\/a><\/p>\n","protected":false},"author":1,"featured_media":0,"parent":0,"menu_order":0,"comment_status":"closed","ping_status":"closed","template":"","meta":{"footnotes":""},"class_list":["post-5727","page","type-page","status-publish","hentry"],"_links":{"self":[{"href":"https:\/\/alles-ueber-riffe.de\/index.php?rest_route=\/wp\/v2\/pages\/5727","targetHints":{"allow":["GET"]}}],"collection":[{"href":"https:\/\/alles-ueber-riffe.de\/index.php?rest_route=\/wp\/v2\/pages"}],"about":[{"href":"https:\/\/alles-ueber-riffe.de\/index.php?rest_route=\/wp\/v2\/types\/page"}],"author":[{"embeddable":true,"href":"https:\/\/alles-ueber-riffe.de\/index.php?rest_route=\/wp\/v2\/users\/1"}],"replies":[{"embeddable":true,"href":"https:\/\/alles-ueber-riffe.de\/index.php?rest_route=%2Fwp%2Fv2%2Fcomments&post=5727"}],"version-history":[{"count":4,"href":"https:\/\/alles-ueber-riffe.de\/index.php?rest_route=\/wp\/v2\/pages\/5727\/revisions"}],"predecessor-version":[{"id":9563,"href":"https:\/\/alles-ueber-riffe.de\/index.php?rest_route=\/wp\/v2\/pages\/5727\/revisions\/9563"}],"wp:attachment":[{"href":"https:\/\/alles-ueber-riffe.de\/index.php?rest_route=%2Fwp%2Fv2%2Fmedia&parent=5727"}],"curies":[{"name":"wp","href":"https:\/\/api.w.org\/{rel}","templated":true}]}}