{"id":5663,"date":"2025-01-08T22:12:56","date_gmt":"2025-01-08T22:12:56","guid":{"rendered":"https:\/\/alles-ueber-riffe.de\/?page_id=5663"},"modified":"2025-02-08T22:06:15","modified_gmt":"2025-02-08T22:06:15","slug":"hochflossen-ruderfisch","status":"publish","type":"page","link":"https:\/\/alles-ueber-riffe.de\/?page_id=5663","title":{"rendered":"Hochflossen-Ruderfisch"},"content":{"rendered":"\n<div class=\"wp-block-group is-vertical is-layout-flex wp-container-core-group-is-layout-8cf370e7 wp-block-group-is-layout-flex\">\n<p><strong>Hochflossen-Ruderfisch<\/strong><\/p>\n\n\n\n<p>Blue sea chub<\/p>\n\n\n\n<p><em>Kyphosus cinerascens<\/em><\/p>\n<\/div>\n\n\n\n<div style=\"height:30px\" aria-hidden=\"true\" class=\"wp-block-spacer\"><\/div>\n\n\n\n<figure class=\"wp-block-image size-full\"><img loading=\"lazy\" decoding=\"async\" width=\"960\" height=\"640\" src=\"https:\/\/alles-ueber-riffe.de\/wp-content\/uploads\/2025\/02\/heller_ruderbarsch_960_640.jpg\" alt=\"\" class=\"wp-image-9208\" srcset=\"https:\/\/alles-ueber-riffe.de\/wp-content\/uploads\/2025\/02\/heller_ruderbarsch_960_640.jpg 960w, https:\/\/alles-ueber-riffe.de\/wp-content\/uploads\/2025\/02\/heller_ruderbarsch_960_640-300x200.jpg 300w, https:\/\/alles-ueber-riffe.de\/wp-content\/uploads\/2025\/02\/heller_ruderbarsch_960_640-768x512.jpg 768w\" sizes=\"auto, (max-width: 767px) 89vw, (max-width: 1000px) 54vw, (max-width: 1071px) 543px, 580px\" \/><figcaption class=\"wp-element-caption\">\u00a9 Heinz Krimmer<\/figcaption><\/figure>\n\n\n\n<hr class=\"wp-block-separator has-alpha-channel-opacity is-style-default\"\/>\n\n\n\n<p><strong>Gr\u00f6\u00dfe: <\/strong> bis 53 cm<\/p>\n\n\n\n<p><strong>Lebensraum:<\/strong> Korallenriffe<\/p>\n\n\n\n<p><strong>Vorkommen:  <\/strong>Ostafrika, Rotes Meer, Malediven, S\u00fcdjapan, ganz S\u00fcdostasien, Papua-Neuguinea, Nordaustralien, Ozeanien bis Hawaii<\/p>\n\n\n\n<p><strong>Erkennungsmerkmale:<\/strong> silbern bis dunkelsilbern; im Verh\u00e4ltnis zum K\u00f6rper kleiner Kopf<\/p>\n\n\n\n<p><strong>Biologie &amp; Verhalten: <\/strong> Drogen findet man nicht nur in Pilzen und Pflanzen, sondern auch im Fleisch des Hochflossen-Ruderfisches. Kaum zu glauben, aber es enth\u00e4lt Halluzinogene, die Bewusstseinsver\u00e4nderungen hervorrufen. Die meisten Personen, die halluzinogene Fische gegessen haben, von denen es \u00fcbrigens noch andere Arten gibt, berichteten eher von Horrortrips als von entspannter Bewusstseinserweiterung.<\/p>\n\n\n\n<p>Hochflossen-Ruderfische fressen haupts\u00e4chlich Algen und Seegras und die darin lebenden Wirbellosen gleich mit. Einzeln oder in kleinen Gruppen im  Riff unterwegs.<\/p>\n\n\n\n<p><strong>Bedrohungsstatus:<\/strong> Die Art wird auf der Roten Liste der IUCN als <mark style=\"background-color:rgba(0, 0, 0, 0)\" class=\"has-inline-color has-vivid-green-cyan-color\">\u201enicht gef\u00e4hrdet\u201c<\/mark> gef\u00fchrt.<\/p>\n\n\n\n<p><mark style=\"background-color:rgba(0, 0, 0, 0)\" class=\"has-inline-color has-vivid-red-color\"><strong>Gefahr:<\/strong> Wegen der halluzinogenen Substanzen wird vom Verzehr dringend abgeraten und er gilt deshalb als giftig.<\/mark><\/p>\n\n\n\n<hr class=\"wp-block-separator has-alpha-channel-opacity is-style-default\"\/>\n\n\n\n<p><\/p>\n","protected":false},"excerpt":{"rendered":"<p>Hochflossen-Ruderfisch Blue sea chub Kyphosus cinerascens Gr\u00f6\u00dfe: bis 53 cm Lebensraum: Korallenriffe Vorkommen: Ostafrika, Rotes Meer, Malediven, S\u00fcdjapan, ganz S\u00fcdostasien, Papua-Neuguinea, Nordaustralien, Ozeanien bis Hawaii Erkennungsmerkmale: silbern bis dunkelsilbern; im Verh\u00e4ltnis zum K\u00f6rper kleiner Kopf Biologie &amp; Verhalten: Drogen findet man nicht nur in Pilzen und Pflanzen, sondern auch im Fleisch des Hochflossen-Ruderfisches. Kaum zu &hellip; <\/p>\n<p class=\"link-more\"><a href=\"https:\/\/alles-ueber-riffe.de\/?page_id=5663\" class=\"more-link\"><span class=\"screen-reader-text\">\u201eHochflossen-Ruderfisch\u201c<\/span> weiterlesen<\/a><\/p>\n","protected":false},"author":1,"featured_media":0,"parent":0,"menu_order":0,"comment_status":"closed","ping_status":"closed","template":"","meta":{"footnotes":""},"class_list":["post-5663","page","type-page","status-publish","hentry"],"_links":{"self":[{"href":"https:\/\/alles-ueber-riffe.de\/index.php?rest_route=\/wp\/v2\/pages\/5663","targetHints":{"allow":["GET"]}}],"collection":[{"href":"https:\/\/alles-ueber-riffe.de\/index.php?rest_route=\/wp\/v2\/pages"}],"about":[{"href":"https:\/\/alles-ueber-riffe.de\/index.php?rest_route=\/wp\/v2\/types\/page"}],"author":[{"embeddable":true,"href":"https:\/\/alles-ueber-riffe.de\/index.php?rest_route=\/wp\/v2\/users\/1"}],"replies":[{"embeddable":true,"href":"https:\/\/alles-ueber-riffe.de\/index.php?rest_route=%2Fwp%2Fv2%2Fcomments&post=5663"}],"version-history":[{"count":6,"href":"https:\/\/alles-ueber-riffe.de\/index.php?rest_route=\/wp\/v2\/pages\/5663\/revisions"}],"predecessor-version":[{"id":9210,"href":"https:\/\/alles-ueber-riffe.de\/index.php?rest_route=\/wp\/v2\/pages\/5663\/revisions\/9210"}],"wp:attachment":[{"href":"https:\/\/alles-ueber-riffe.de\/index.php?rest_route=%2Fwp%2Fv2%2Fmedia&parent=5663"}],"curies":[{"name":"wp","href":"https:\/\/api.w.org\/{rel}","templated":true}]}}