{"id":5626,"date":"2025-01-08T22:08:33","date_gmt":"2025-01-08T22:08:33","guid":{"rendered":"https:\/\/alles-ueber-riffe.de\/?page_id=5626"},"modified":"2025-02-07T22:20:16","modified_gmt":"2025-02-07T22:20:16","slug":"weissschwanz-demoiselle","status":"publish","type":"page","link":"https:\/\/alles-ueber-riffe.de\/?page_id=5626","title":{"rendered":"Wei\u00dfschwanz-Demoiselle"},"content":{"rendered":"\n<div class=\"wp-block-group is-vertical is-layout-flex wp-container-core-group-is-layout-8cf370e7 wp-block-group-is-layout-flex\">\n<p><strong>Wei\u00dfschwanz-Demoiselle<\/strong><\/p>\n\n\n\n<p>Paletail damsel<\/p>\n\n\n\n<p><em>Pomacentrus trichrourus<\/em><strong><\/strong><\/p>\n<\/div>\n\n\n\n<div style=\"height:30px\" aria-hidden=\"true\" class=\"wp-block-spacer\"><\/div>\n\n\n\n<figure class=\"wp-block-video\"><video height=\"576\" style=\"aspect-ratio: 1024 \/ 576;\" width=\"1024\" controls src=\"https:\/\/alles-ueber-riffe.de\/wp-content\/uploads\/2025\/02\/Weissschwanz-Demoiselle.mp4\"><\/video><figcaption class=\"wp-element-caption\">\u00a9 Heinz Krimmer<\/figcaption><\/figure>\n\n\n\n<hr class=\"wp-block-separator has-alpha-channel-opacity is-style-default\"\/>\n\n\n\n<p><strong>Gr\u00f6\u00dfe: <\/strong> bis 11 cm<\/p>\n\n\n\n<p><strong>Lebensraum:<\/strong> Korallenriffe<\/p>\n\n\n\n<p><strong>Vorkommen:  <\/strong>Ostafrika, Rotes Meer, Oman<\/p>\n\n\n\n<p><strong>Erkennungsmerkmale:<\/strong> adulte Tiere dunkelgrau mit wei\u00dfer Schwanzflosse; juvenile Tiere blau mit schwarzem Augenfleck auf der R\u00fcckenflosse und wei\u00dfer bis transparenter Schwanzflosse<\/p>\n\n\n\n<p><strong>Biologie &amp; Verhalten: <\/strong> Sehr \u00e4hnlich ist der\u00a0Pemba-Chromis (Chromis pembae), der sich aber gut durch die wei\u00dfen Bauchflossen unterscheidet. Wie bei fast allen Riffbarschen werden die Eier am Substrat befestigt und vom M\u00e4nnchen gepflegt und bewacht.<\/p>\n\n\n\n<p><strong>Bedrohungsstatus:<\/strong> Die Art wird auf der Roten Liste der IUCN als <mark style=\"background-color:rgba(0, 0, 0, 0)\" class=\"has-inline-color has-vivid-green-cyan-color\">\u201enicht gef\u00e4hrdet\u201c<\/mark> gef\u00fchrt.<\/p>\n\n\n\n<hr class=\"wp-block-separator has-alpha-channel-opacity is-style-default\"\/>\n\n\n\n<p><\/p>\n","protected":false},"excerpt":{"rendered":"<p>Wei\u00dfschwanz-Demoiselle Paletail damsel Pomacentrus trichrourus Gr\u00f6\u00dfe: bis 11 cm Lebensraum: Korallenriffe Vorkommen: Ostafrika, Rotes Meer, Oman Erkennungsmerkmale: adulte Tiere dunkelgrau mit wei\u00dfer Schwanzflosse; juvenile Tiere blau mit schwarzem Augenfleck auf der R\u00fcckenflosse und wei\u00dfer bis transparenter Schwanzflosse Biologie &amp; Verhalten: Sehr \u00e4hnlich ist der\u00a0Pemba-Chromis (Chromis pembae), der sich aber gut durch die wei\u00dfen Bauchflossen unterscheidet. &hellip; <\/p>\n<p class=\"link-more\"><a href=\"https:\/\/alles-ueber-riffe.de\/?page_id=5626\" class=\"more-link\"><span class=\"screen-reader-text\">\u201eWei\u00dfschwanz-Demoiselle\u201c<\/span> weiterlesen<\/a><\/p>\n","protected":false},"author":1,"featured_media":0,"parent":0,"menu_order":0,"comment_status":"closed","ping_status":"closed","template":"","meta":{"footnotes":""},"class_list":["post-5626","page","type-page","status-publish","hentry"],"_links":{"self":[{"href":"https:\/\/alles-ueber-riffe.de\/index.php?rest_route=\/wp\/v2\/pages\/5626","targetHints":{"allow":["GET"]}}],"collection":[{"href":"https:\/\/alles-ueber-riffe.de\/index.php?rest_route=\/wp\/v2\/pages"}],"about":[{"href":"https:\/\/alles-ueber-riffe.de\/index.php?rest_route=\/wp\/v2\/types\/page"}],"author":[{"embeddable":true,"href":"https:\/\/alles-ueber-riffe.de\/index.php?rest_route=\/wp\/v2\/users\/1"}],"replies":[{"embeddable":true,"href":"https:\/\/alles-ueber-riffe.de\/index.php?rest_route=%2Fwp%2Fv2%2Fcomments&post=5626"}],"version-history":[{"count":4,"href":"https:\/\/alles-ueber-riffe.de\/index.php?rest_route=\/wp\/v2\/pages\/5626\/revisions"}],"predecessor-version":[{"id":9087,"href":"https:\/\/alles-ueber-riffe.de\/index.php?rest_route=\/wp\/v2\/pages\/5626\/revisions\/9087"}],"wp:attachment":[{"href":"https:\/\/alles-ueber-riffe.de\/index.php?rest_route=%2Fwp%2Fv2%2Fmedia&parent=5626"}],"curies":[{"name":"wp","href":"https:\/\/api.w.org\/{rel}","templated":true}]}}