{"id":5614,"date":"2025-01-08T22:07:23","date_gmt":"2025-01-08T22:07:23","guid":{"rendered":"https:\/\/alles-ueber-riffe.de\/?page_id=5614"},"modified":"2025-02-05T22:00:47","modified_gmt":"2025-02-05T22:00:47","slug":"pemba-chromis","status":"publish","type":"page","link":"https:\/\/alles-ueber-riffe.de\/?page_id=5614","title":{"rendered":"Pemba-Chromis"},"content":{"rendered":"\n<div class=\"wp-block-group is-vertical is-layout-flex wp-container-core-group-is-layout-8cf370e7 wp-block-group-is-layout-flex\">\n<p><strong>Pemba-Chromis<\/strong><\/p>\n\n\n\n<p>Pemba chromis<\/p>\n\n\n\n<p><em>Chromis pembae<\/em><strong><\/strong><\/p>\n<\/div>\n\n\n\n<div style=\"height:30px\" aria-hidden=\"true\" class=\"wp-block-spacer\"><\/div>\n\n\n\n<figure class=\"wp-block-video\"><video height=\"576\" style=\"aspect-ratio: 1024 \/ 576;\" width=\"1024\" controls src=\"https:\/\/alles-ueber-riffe.de\/wp-content\/uploads\/2025\/02\/Pemba-Chromis.mp4\"><\/video><figcaption class=\"wp-element-caption\">\u00a9 Heinz Krimmer<\/figcaption><\/figure>\n\n\n\n<hr class=\"wp-block-separator has-alpha-channel-opacity is-style-default\"\/>\n\n\n\n<p><strong>Gr\u00f6\u00dfe: <\/strong> bis 13 cm<\/p>\n\n\n\n<p><strong>Lebensraum:<\/strong> Korallen- und Felsenriffe<\/p>\n\n\n\n<p><strong>Vorkommen:  <\/strong>Ostafrika, Rotes Meer, Oman<\/p>\n\n\n\n<p><strong>Erkennungsmerkmale:<\/strong> Grundfarbe braun; wei\u00dfe Bauch- und Schwanzflosse<\/p>\n\n\n\n<p><strong>Biologie &amp; Verhalten: <\/strong> Diesen Riffbarsch sieht man in kleinen Gruppen im Freiwasser beim Riff. Hier findet er seine Nahrung: vorbeitreibendes Zooplankton.<\/p>\n\n\n\n<p>Sehr \u00e4hnlich ist die Wei\u00dfschwanz-Demoiselle (Pomacentrus trichrourus). Diese hat keine wei\u00dfen, sondern dunkelgraue Bauchflossen.<\/p>\n\n\n\n<p><strong>Bedrohungsstatus:<\/strong> Die Art wird auf der Roten Liste der IUCN als <mark style=\"background-color:rgba(0, 0, 0, 0)\" class=\"has-inline-color has-vivid-green-cyan-color\">\u201enicht gef\u00e4hrdet\u201c<\/mark> gef\u00fchrt.<\/p>\n\n\n\n<hr class=\"wp-block-separator has-alpha-channel-opacity is-style-default\"\/>\n\n\n\n<p><\/p>\n","protected":false},"excerpt":{"rendered":"<p>Pemba-Chromis Pemba chromis Chromis pembae Gr\u00f6\u00dfe: bis 13 cm Lebensraum: Korallen- und Felsenriffe Vorkommen: Ostafrika, Rotes Meer, Oman Erkennungsmerkmale: Grundfarbe braun; wei\u00dfe Bauch- und Schwanzflosse Biologie &amp; Verhalten: Diesen Riffbarsch sieht man in kleinen Gruppen im Freiwasser beim Riff. Hier findet er seine Nahrung: vorbeitreibendes Zooplankton. Sehr \u00e4hnlich ist die Wei\u00dfschwanz-Demoiselle (Pomacentrus trichrourus). Diese hat &hellip; <\/p>\n<p class=\"link-more\"><a href=\"https:\/\/alles-ueber-riffe.de\/?page_id=5614\" class=\"more-link\"><span class=\"screen-reader-text\">\u201ePemba-Chromis\u201c<\/span> weiterlesen<\/a><\/p>\n","protected":false},"author":1,"featured_media":0,"parent":0,"menu_order":0,"comment_status":"closed","ping_status":"closed","template":"","meta":{"footnotes":""},"class_list":["post-5614","page","type-page","status-publish","hentry"],"_links":{"self":[{"href":"https:\/\/alles-ueber-riffe.de\/index.php?rest_route=\/wp\/v2\/pages\/5614","targetHints":{"allow":["GET"]}}],"collection":[{"href":"https:\/\/alles-ueber-riffe.de\/index.php?rest_route=\/wp\/v2\/pages"}],"about":[{"href":"https:\/\/alles-ueber-riffe.de\/index.php?rest_route=\/wp\/v2\/types\/page"}],"author":[{"embeddable":true,"href":"https:\/\/alles-ueber-riffe.de\/index.php?rest_route=\/wp\/v2\/users\/1"}],"replies":[{"embeddable":true,"href":"https:\/\/alles-ueber-riffe.de\/index.php?rest_route=%2Fwp%2Fv2%2Fcomments&post=5614"}],"version-history":[{"count":7,"href":"https:\/\/alles-ueber-riffe.de\/index.php?rest_route=\/wp\/v2\/pages\/5614\/revisions"}],"predecessor-version":[{"id":8951,"href":"https:\/\/alles-ueber-riffe.de\/index.php?rest_route=\/wp\/v2\/pages\/5614\/revisions\/8951"}],"wp:attachment":[{"href":"https:\/\/alles-ueber-riffe.de\/index.php?rest_route=%2Fwp%2Fv2%2Fmedia&parent=5614"}],"curies":[{"name":"wp","href":"https:\/\/api.w.org\/{rel}","templated":true}]}}