{"id":5600,"date":"2025-01-08T22:06:12","date_gmt":"2025-01-08T22:06:12","guid":{"rendered":"https:\/\/alles-ueber-riffe.de\/?page_id=5600"},"modified":"2025-02-05T21:56:23","modified_gmt":"2025-02-05T21:56:23","slug":"indischer-zweifarben-chromis","status":"publish","type":"page","link":"https:\/\/alles-ueber-riffe.de\/?page_id=5600","title":{"rendered":"Indischer Zweifarben-Chromis"},"content":{"rendered":"\n<div class=\"wp-block-group is-vertical is-layout-flex wp-container-core-group-is-layout-8cf370e7 wp-block-group-is-layout-flex\">\n<p><strong>Indischer Zweifarben-Chromis<\/strong><\/p>\n\n\n\n<p>Chocolatedip chromis<\/p>\n\n\n\n<p><em>Chromis dimidiata<\/em><strong><\/strong><\/p>\n<\/div>\n\n\n\n<div style=\"height:30px\" aria-hidden=\"true\" class=\"wp-block-spacer\"><\/div>\n\n\n\n<figure class=\"wp-block-video\"><video height=\"576\" style=\"aspect-ratio: 1024 \/ 576;\" width=\"1024\" controls src=\"https:\/\/alles-ueber-riffe.de\/wp-content\/uploads\/2025\/02\/Indischer-Zweifarben-Chromis.mp4\"><\/video><\/figure>\n\n\n\n<hr class=\"wp-block-separator has-alpha-channel-opacity is-style-default\"\/>\n\n\n\n<p><strong>Gr\u00f6\u00dfe: <\/strong> bis 9 cm<\/p>\n\n\n\n<p><strong>Lebensraum:<\/strong> Korallenriffe<\/p>\n\n\n\n<p><strong>Vorkommen:  <\/strong>Endemisch im Rotes Meer<\/p>\n\n\n\n<p><strong>Erkennungsmerkmale:<\/strong> Vorderk\u00f6rper braun; Hinterk\u00f6rper wei\u00df<\/p>\n\n\n\n<p><strong>Biologie &amp; Verhalten: <\/strong> \u00dcber das Verbreitungsgebiet dieses Riffbarsches gibt es unterschiedliche Angaben. Vermutlich liegt es an seinem perfekten Doppelg\u00e4nger: den Halb und Halb Chromis (Chromis iomelas). Beide Arten sind anhand \u00e4u\u00dferer Merkmale nicht zu unterscheiden.<\/p>\n\n\n\n<p>Ich \u00fcbernehme hier die Darstellung der wissenschaftlichen Datenbank \u201efishbase\u201c: Der Indische Zweifarben-Chromis lebt demnach nur im Roten Meer, der Halb und Halb Chromis in Nordostaustralien, Papua-Neuguinea und den Salomonen.<\/p>\n\n\n\n<p>Wie bei fast allen Riffbarschen werden die Eier am Substrat befestigt und vom M\u00e4nnchen gepflegt und bewacht.<\/p>\n\n\n\n<p><\/p>\n\n\n\n<p><strong>Bedrohungsstatus:<\/strong> Die Art wird auf der Roten Liste der IUCN als <mark style=\"background-color:rgba(0, 0, 0, 0)\" class=\"has-inline-color has-vivid-green-cyan-color\">\u201enicht gef\u00e4hrdet\u201c<\/mark> gef\u00fchrt.<\/p>\n\n\n\n<hr class=\"wp-block-separator has-alpha-channel-opacity is-style-default\"\/>\n\n\n\n<p><\/p>\n","protected":false},"excerpt":{"rendered":"<p>Indischer Zweifarben-Chromis Chocolatedip chromis Chromis dimidiata Gr\u00f6\u00dfe: bis 9 cm Lebensraum: Korallenriffe Vorkommen: Endemisch im Rotes Meer Erkennungsmerkmale: Vorderk\u00f6rper braun; Hinterk\u00f6rper wei\u00df Biologie &amp; Verhalten: \u00dcber das Verbreitungsgebiet dieses Riffbarsches gibt es unterschiedliche Angaben. Vermutlich liegt es an seinem perfekten Doppelg\u00e4nger: den Halb und Halb Chromis (Chromis iomelas). Beide Arten sind anhand \u00e4u\u00dferer Merkmale nicht &hellip; <\/p>\n<p class=\"link-more\"><a href=\"https:\/\/alles-ueber-riffe.de\/?page_id=5600\" class=\"more-link\"><span class=\"screen-reader-text\">\u201eIndischer Zweifarben-Chromis\u201c<\/span> weiterlesen<\/a><\/p>\n","protected":false},"author":1,"featured_media":0,"parent":0,"menu_order":0,"comment_status":"closed","ping_status":"closed","template":"","meta":{"footnotes":""},"class_list":["post-5600","page","type-page","status-publish","hentry"],"_links":{"self":[{"href":"https:\/\/alles-ueber-riffe.de\/index.php?rest_route=\/wp\/v2\/pages\/5600","targetHints":{"allow":["GET"]}}],"collection":[{"href":"https:\/\/alles-ueber-riffe.de\/index.php?rest_route=\/wp\/v2\/pages"}],"about":[{"href":"https:\/\/alles-ueber-riffe.de\/index.php?rest_route=\/wp\/v2\/types\/page"}],"author":[{"embeddable":true,"href":"https:\/\/alles-ueber-riffe.de\/index.php?rest_route=\/wp\/v2\/users\/1"}],"replies":[{"embeddable":true,"href":"https:\/\/alles-ueber-riffe.de\/index.php?rest_route=%2Fwp%2Fv2%2Fcomments&post=5600"}],"version-history":[{"count":5,"href":"https:\/\/alles-ueber-riffe.de\/index.php?rest_route=\/wp\/v2\/pages\/5600\/revisions"}],"predecessor-version":[{"id":8944,"href":"https:\/\/alles-ueber-riffe.de\/index.php?rest_route=\/wp\/v2\/pages\/5600\/revisions\/8944"}],"wp:attachment":[{"href":"https:\/\/alles-ueber-riffe.de\/index.php?rest_route=%2Fwp%2Fv2%2Fmedia&parent=5600"}],"curies":[{"name":"wp","href":"https:\/\/api.w.org\/{rel}","templated":true}]}}