{"id":5529,"date":"2025-01-08T21:58:58","date_gmt":"2025-01-08T21:58:58","guid":{"rendered":"https:\/\/alles-ueber-riffe.de\/?page_id=5529"},"modified":"2025-02-02T22:22:32","modified_gmt":"2025-02-02T22:22:32","slug":"gruenscheckiger-papageifisch","status":"publish","type":"page","link":"https:\/\/alles-ueber-riffe.de\/?page_id=5529","title":{"rendered":"Gr\u00fcnscheckiger Papageifisch"},"content":{"rendered":"\n<div class=\"wp-block-group is-vertical is-layout-flex wp-container-core-group-is-layout-8cf370e7 wp-block-group-is-layout-flex\">\n<p><strong>Gr\u00fcnscheckiger Papageifisch<\/strong><\/p>\n\n\n\n<p>Viridescent parrotfish<\/p>\n\n\n\n<p><em>Calotomus viridescens<\/em><\/p>\n<\/div>\n\n\n\n<div style=\"height:30px\" aria-hidden=\"true\" class=\"wp-block-spacer\"><\/div>\n\n\n\n<figure class=\"wp-block-image size-full\"><img loading=\"lazy\" decoding=\"async\" width=\"1024\" height=\"768\" src=\"https:\/\/alles-ueber-riffe.de\/wp-content\/uploads\/2025\/02\/Gruenscheckiger-Papageifisch_1024x768.jpg\" alt=\"\" class=\"wp-image-8677\" srcset=\"https:\/\/alles-ueber-riffe.de\/wp-content\/uploads\/2025\/02\/Gruenscheckiger-Papageifisch_1024x768.jpg 1024w, https:\/\/alles-ueber-riffe.de\/wp-content\/uploads\/2025\/02\/Gruenscheckiger-Papageifisch_1024x768-300x225.jpg 300w, https:\/\/alles-ueber-riffe.de\/wp-content\/uploads\/2025\/02\/Gruenscheckiger-Papageifisch_1024x768-768x576.jpg 768w\" sizes=\"auto, (max-width: 767px) 89vw, (max-width: 1000px) 54vw, (max-width: 1071px) 543px, 580px\" \/><figcaption class=\"wp-element-caption\">\u00a9 Stephan Moldzio<\/figcaption><\/figure>\n\n\n\n<hr class=\"wp-block-separator has-alpha-channel-opacity is-style-default\"\/>\n\n\n\n<p><strong>Gr\u00f6\u00dfe: <\/strong> bis 21 cm<\/p>\n\n\n\n<p><strong>Lebensraum:<\/strong> Korallenriffe, Seegraswiesen<\/p>\n\n\n\n<p><strong>Vorkommen:  <\/strong>Endemisch im Roten Meer<\/p>\n\n\n\n<p><strong>Erkennungsmerkmale:<\/strong> Grundfarbe gr\u00fcnlich; zahlreiche, winzige, kleine, dunkle Punkte an der vorderen K\u00f6rperseite<\/p>\n\n\n\n<p><strong>Biologie &amp; Verhalten: <\/strong>Einzeln oder in kleinen Gruppen unterwegs. Er ern\u00e4hrt sich von Algen.<\/p>\n\n\n\n<p><strong>Bedrohungsstatus:<\/strong> Die Art wird auf der Roten Liste der IUCN als <mark style=\"background-color:rgba(0, 0, 0, 0)\" class=\"has-inline-color has-vivid-green-cyan-color\">\u201enicht gef\u00e4hrdet\u201c<\/mark> gef\u00fchrt.<\/p>\n\n\n\n<hr class=\"wp-block-separator has-alpha-channel-opacity is-style-default\"\/>\n\n\n\n<p><\/p>\n","protected":false},"excerpt":{"rendered":"<p>Gr\u00fcnscheckiger Papageifisch Viridescent parrotfish Calotomus viridescens Gr\u00f6\u00dfe: bis 21 cm Lebensraum: Korallenriffe, Seegraswiesen Vorkommen: Endemisch im Roten Meer Erkennungsmerkmale: Grundfarbe gr\u00fcnlich; zahlreiche, winzige, kleine, dunkle Punkte an der vorderen K\u00f6rperseite Biologie &amp; Verhalten: Einzeln oder in kleinen Gruppen unterwegs. Er ern\u00e4hrt sich von Algen. Bedrohungsstatus: Die Art wird auf der Roten Liste der IUCN als &hellip; <\/p>\n<p class=\"link-more\"><a href=\"https:\/\/alles-ueber-riffe.de\/?page_id=5529\" class=\"more-link\"><span class=\"screen-reader-text\">\u201eGr\u00fcnscheckiger Papageifisch\u201c<\/span> weiterlesen<\/a><\/p>\n","protected":false},"author":1,"featured_media":0,"parent":0,"menu_order":0,"comment_status":"closed","ping_status":"closed","template":"","meta":{"footnotes":""},"class_list":["post-5529","page","type-page","status-publish","hentry"],"_links":{"self":[{"href":"https:\/\/alles-ueber-riffe.de\/index.php?rest_route=\/wp\/v2\/pages\/5529","targetHints":{"allow":["GET"]}}],"collection":[{"href":"https:\/\/alles-ueber-riffe.de\/index.php?rest_route=\/wp\/v2\/pages"}],"about":[{"href":"https:\/\/alles-ueber-riffe.de\/index.php?rest_route=\/wp\/v2\/types\/page"}],"author":[{"embeddable":true,"href":"https:\/\/alles-ueber-riffe.de\/index.php?rest_route=\/wp\/v2\/users\/1"}],"replies":[{"embeddable":true,"href":"https:\/\/alles-ueber-riffe.de\/index.php?rest_route=%2Fwp%2Fv2%2Fcomments&post=5529"}],"version-history":[{"count":5,"href":"https:\/\/alles-ueber-riffe.de\/index.php?rest_route=\/wp\/v2\/pages\/5529\/revisions"}],"predecessor-version":[{"id":8680,"href":"https:\/\/alles-ueber-riffe.de\/index.php?rest_route=\/wp\/v2\/pages\/5529\/revisions\/8680"}],"wp:attachment":[{"href":"https:\/\/alles-ueber-riffe.de\/index.php?rest_route=%2Fwp%2Fv2%2Fmedia&parent=5529"}],"curies":[{"name":"wp","href":"https:\/\/api.w.org\/{rel}","templated":true}]}}