{"id":5479,"date":"2025-01-08T21:54:13","date_gmt":"2025-01-08T21:54:13","guid":{"rendered":"https:\/\/alles-ueber-riffe.de\/?page_id=5479"},"modified":"2025-02-01T22:03:36","modified_gmt":"2025-02-01T22:03:36","slug":"geister-muraene","status":"publish","type":"page","link":"https:\/\/alles-ueber-riffe.de\/?page_id=5479","title":{"rendered":"Geister-Mur\u00e4ne"},"content":{"rendered":"\n<div class=\"wp-block-group is-vertical is-layout-flex wp-container-core-group-is-layout-8cf370e7 wp-block-group-is-layout-flex\">\n<p><strong>Geister-Mur\u00e4ne<\/strong><\/p>\n\n\n\n<p>Ribbon moray<\/p>\n\n\n\n<p><em>Rhinomuraena quaesita<\/em><\/p>\n<\/div>\n\n\n\n<div style=\"height:30px\" aria-hidden=\"true\" class=\"wp-block-spacer\"><\/div>\n\n\n\n<figure class=\"wp-block-video\"><video height=\"576\" style=\"aspect-ratio: 1024 \/ 576;\" width=\"1024\" controls src=\"https:\/\/alles-ueber-riffe.de\/wp-content\/uploads\/2025\/02\/Geister-Muraene.mp4\"><\/video><figcaption class=\"wp-element-caption\">\u00a9 Heinz Krimmer<\/figcaption><\/figure>\n\n\n\n<hr class=\"wp-block-separator has-alpha-channel-opacity is-style-default\"\/>\n\n\n\n<p><strong>Gr\u00f6\u00dfe: <\/strong> bis 1,30 m<\/p>\n\n\n\n<p><strong>Lebensraum:<\/strong> Korallen- und Felsriffe<\/p>\n\n\n\n<p><strong>Vorkommen:  <\/strong>Ostafrika, Malediven, S\u00fcdjapan, Philippinen, Ostindonesien, Papua-Neuguinea, Nordaustralien, Ozeanien bis Franz\u00f6sisch-Polynesien<\/p>\n\n\n\n<p><strong>Erkennungsmerkmale: <\/strong>Grundfarbe blau, schwarz und gelb; zwei nach vorne gerichtete breite Nasenstulpen; sehr schmal<\/p>\n\n\n\n<p><strong>Biologie &amp; Verhalten: <\/strong> Die Geister-Mur\u00e4ne ist etwas ganz Besonderes. Soweit bisher bekannt ist sie die einzige Mur\u00e4ne, die im Laufe ihres Lebens und je nach Geschlecht die Farbe wechselt.<\/p>\n\n\n\n<p>Juvenile Tiere sind immer schwarz. Sp\u00e4ter werden die M\u00e4nnchen blau mit gelbem Maul und gelbem Saum an der R\u00fcckenflosse. Die Weibchen \u00e4ndern ihre Farbe immer mehr ins gelb. Die Mur\u00e4ne lebt standorttreu in ihrem Versteck, aus dem oft nur der Kopf herausschaut. Charakteristisch sind zuckende Kopfbewegungen.<\/p>\n\n\n\n<p>Die Geschlechtsumwandlung verl\u00e4uft in eine einzige Richtung: M\u00e4nnchen werden zu Weibchen. Selbstverst\u00e4ndlich beinhaltet die Geschlechtsumwandlung auch wieder einen Farbwechsel.<\/p>\n\n\n\n<p><strong>Bedrohungsstatus:<\/strong> Die Art wird auf der Roten Liste der IUCN als <mark style=\"background-color:rgba(0, 0, 0, 0)\" class=\"has-inline-color has-vivid-green-cyan-color\">\u201enicht gef\u00e4hrdet\u201c<\/mark> gef\u00fchrt.<\/p>\n\n\n\n<hr class=\"wp-block-separator has-alpha-channel-opacity is-style-default\"\/>\n","protected":false},"excerpt":{"rendered":"<p>Geister-Mur\u00e4ne Ribbon moray Rhinomuraena quaesita Gr\u00f6\u00dfe: bis 1,30 m Lebensraum: Korallen- und Felsriffe Vorkommen: Ostafrika, Malediven, S\u00fcdjapan, Philippinen, Ostindonesien, Papua-Neuguinea, Nordaustralien, Ozeanien bis Franz\u00f6sisch-Polynesien Erkennungsmerkmale: Grundfarbe blau, schwarz und gelb; zwei nach vorne gerichtete breite Nasenstulpen; sehr schmal Biologie &amp; Verhalten: Die Geister-Mur\u00e4ne ist etwas ganz Besonderes. Soweit bisher bekannt ist sie die einzige Mur\u00e4ne, &hellip; <\/p>\n<p class=\"link-more\"><a href=\"https:\/\/alles-ueber-riffe.de\/?page_id=5479\" class=\"more-link\"><span class=\"screen-reader-text\">\u201eGeister-Mur\u00e4ne\u201c<\/span> weiterlesen<\/a><\/p>\n","protected":false},"author":1,"featured_media":0,"parent":0,"menu_order":0,"comment_status":"closed","ping_status":"closed","template":"","meta":{"footnotes":""},"class_list":["post-5479","page","type-page","status-publish","hentry"],"_links":{"self":[{"href":"https:\/\/alles-ueber-riffe.de\/index.php?rest_route=\/wp\/v2\/pages\/5479","targetHints":{"allow":["GET"]}}],"collection":[{"href":"https:\/\/alles-ueber-riffe.de\/index.php?rest_route=\/wp\/v2\/pages"}],"about":[{"href":"https:\/\/alles-ueber-riffe.de\/index.php?rest_route=\/wp\/v2\/types\/page"}],"author":[{"embeddable":true,"href":"https:\/\/alles-ueber-riffe.de\/index.php?rest_route=\/wp\/v2\/users\/1"}],"replies":[{"embeddable":true,"href":"https:\/\/alles-ueber-riffe.de\/index.php?rest_route=%2Fwp%2Fv2%2Fcomments&post=5479"}],"version-history":[{"count":4,"href":"https:\/\/alles-ueber-riffe.de\/index.php?rest_route=\/wp\/v2\/pages\/5479\/revisions"}],"predecessor-version":[{"id":8555,"href":"https:\/\/alles-ueber-riffe.de\/index.php?rest_route=\/wp\/v2\/pages\/5479\/revisions\/8555"}],"wp:attachment":[{"href":"https:\/\/alles-ueber-riffe.de\/index.php?rest_route=%2Fwp%2Fv2%2Fmedia&parent=5479"}],"curies":[{"name":"wp","href":"https:\/\/api.w.org\/{rel}","templated":true}]}}