{"id":5451,"date":"2025-01-08T21:50:35","date_gmt":"2025-01-08T21:50:35","guid":{"rendered":"https:\/\/alles-ueber-riffe.de\/?page_id=5451"},"modified":"2025-01-30T21:01:04","modified_gmt":"2025-01-30T21:01:04","slug":"rotmeer-barbe","status":"publish","type":"page","link":"https:\/\/alles-ueber-riffe.de\/?page_id=5451","title":{"rendered":"Rotmeer-Barbe"},"content":{"rendered":"\n<div class=\"wp-block-group is-vertical is-layout-flex wp-container-core-group-is-layout-8cf370e7 wp-block-group-is-layout-flex\">\n<p><strong>Rotmeer-Barbe<\/strong><\/p>\n\n\n\n<p>Red Sea goatfish<\/p>\n\n\n\n<p><em>Parupeneus forsskali<\/em><\/p>\n<\/div>\n\n\n\n<div style=\"height:30px\" aria-hidden=\"true\" class=\"wp-block-spacer\"><\/div>\n\n\n\n<figure class=\"wp-block-video\"><video height=\"576\" style=\"aspect-ratio: 1024 \/ 576;\" width=\"1024\" controls src=\"https:\/\/alles-ueber-riffe.de\/wp-content\/uploads\/2025\/01\/Rotmeer-Barbe.mp4\"><\/video><figcaption class=\"wp-element-caption\">\u00a9 Heinz Krimmer<\/figcaption><\/figure>\n\n\n\n<hr class=\"wp-block-separator has-alpha-channel-opacity is-style-default\"\/>\n\n\n\n<p><strong>Gr\u00f6\u00dfe: <\/strong> bis 28 cm<\/p>\n\n\n\n<p><strong>Lebensraum:<\/strong> Korallenriffe, Sandb\u00f6den, Seegraswiesen<\/p>\n\n\n\n<p><strong>Vorkommen:  <\/strong>Rotes Meer und Persischer Golf; \u00fcber den Suezkanal in das Mittelmeer eingewandert<\/p>\n\n\n\n<p><strong>Erkennungsmerkmale: <\/strong>Grundfarbe wei\u00df; schwarzer L\u00e4ngsstreifen vom Maul, der im hinteren Teil in gelb \u00fcbergeht; schwarzer, kleiner Punkt an der Schwanzwurzel; gelbe Schwanzflosse<\/p>\n\n\n\n<p><strong>Biologie &amp; Verhalten: <\/strong> Sie durchpfl\u00fcgen den Meeresboden mit ihren Barteln nach W\u00fcrmern und anderen Wirbellosen. Einzeln oder in kleinen Gruppen.<\/p>\n\n\n\n<p><strong>Bedrohungsstatus:<\/strong> Die Art wird auf der Roten Liste der IUCN als <mark style=\"background-color:rgba(0, 0, 0, 0)\" class=\"has-inline-color has-vivid-green-cyan-color\">\u201enicht gef\u00e4hrdet\u201c<\/mark> gef\u00fchrt.<\/p>\n\n\n\n<hr class=\"wp-block-separator has-alpha-channel-opacity is-style-default\"\/>\n","protected":false},"excerpt":{"rendered":"<p>Rotmeer-Barbe Red Sea goatfish Parupeneus forsskali Gr\u00f6\u00dfe: bis 28 cm Lebensraum: Korallenriffe, Sandb\u00f6den, Seegraswiesen Vorkommen: Rotes Meer und Persischer Golf; \u00fcber den Suezkanal in das Mittelmeer eingewandert Erkennungsmerkmale: Grundfarbe wei\u00df; schwarzer L\u00e4ngsstreifen vom Maul, der im hinteren Teil in gelb \u00fcbergeht; schwarzer, kleiner Punkt an der Schwanzwurzel; gelbe Schwanzflosse Biologie &amp; Verhalten: Sie durchpfl\u00fcgen den &hellip; <\/p>\n<p class=\"link-more\"><a href=\"https:\/\/alles-ueber-riffe.de\/?page_id=5451\" class=\"more-link\"><span class=\"screen-reader-text\">\u201eRotmeer-Barbe\u201c<\/span> weiterlesen<\/a><\/p>\n","protected":false},"author":1,"featured_media":0,"parent":0,"menu_order":0,"comment_status":"closed","ping_status":"closed","template":"","meta":{"footnotes":""},"class_list":["post-5451","page","type-page","status-publish","hentry"],"_links":{"self":[{"href":"https:\/\/alles-ueber-riffe.de\/index.php?rest_route=\/wp\/v2\/pages\/5451","targetHints":{"allow":["GET"]}}],"collection":[{"href":"https:\/\/alles-ueber-riffe.de\/index.php?rest_route=\/wp\/v2\/pages"}],"about":[{"href":"https:\/\/alles-ueber-riffe.de\/index.php?rest_route=\/wp\/v2\/types\/page"}],"author":[{"embeddable":true,"href":"https:\/\/alles-ueber-riffe.de\/index.php?rest_route=\/wp\/v2\/users\/1"}],"replies":[{"embeddable":true,"href":"https:\/\/alles-ueber-riffe.de\/index.php?rest_route=%2Fwp%2Fv2%2Fcomments&post=5451"}],"version-history":[{"count":4,"href":"https:\/\/alles-ueber-riffe.de\/index.php?rest_route=\/wp\/v2\/pages\/5451\/revisions"}],"predecessor-version":[{"id":8444,"href":"https:\/\/alles-ueber-riffe.de\/index.php?rest_route=\/wp\/v2\/pages\/5451\/revisions\/8444"}],"wp:attachment":[{"href":"https:\/\/alles-ueber-riffe.de\/index.php?rest_route=%2Fwp%2Fv2%2Fmedia&parent=5451"}],"curies":[{"name":"wp","href":"https:\/\/api.w.org\/{rel}","templated":true}]}}