{"id":5437,"date":"2025-01-08T21:49:05","date_gmt":"2025-01-08T21:49:05","guid":{"rendered":"https:\/\/alles-ueber-riffe.de\/?page_id=5437"},"modified":"2025-01-29T20:33:28","modified_gmt":"2025-01-29T20:33:28","slug":"gelbflossen-thunfisch","status":"publish","type":"page","link":"https:\/\/alles-ueber-riffe.de\/?page_id=5437","title":{"rendered":"Gelbflossen-Thunfisch"},"content":{"rendered":"\n<div class=\"wp-block-group\"><div class=\"wp-block-group__inner-container is-layout-constrained wp-block-group-is-layout-constrained\">\n<div class=\"wp-block-group is-vertical is-layout-flex wp-container-core-group-is-layout-8cf370e7 wp-block-group-is-layout-flex\">\n<p><strong>Gelbflossen-Thunfisch<\/strong><\/p>\n\n\n\n<p>Yellofin tuna<\/p>\n\n\n\n<p><em>Thunnus albacares<\/em><\/p>\n<\/div>\n\n\n\n<div style=\"height:30px\" aria-hidden=\"true\" class=\"wp-block-spacer\"><\/div>\n\n\n\n<figure class=\"wp-block-video\"><video height=\"576\" style=\"aspect-ratio: 1024 \/ 576;\" width=\"1024\" controls src=\"https:\/\/alles-ueber-riffe.de\/wp-content\/uploads\/2025\/01\/Gelbflossen-Thunfisch.mp4\"><\/video><figcaption class=\"wp-element-caption\">\u00a9 Heinz Krimmer<\/figcaption><\/figure>\n<\/div><\/div>\n\n\n\n<hr class=\"wp-block-separator has-alpha-channel-opacity\"\/>\n\n\n\n<p><strong>Gr\u00f6\u00dfe: <\/strong> bis 2,39 m<\/p>\n\n\n\n<p><strong>Lebensraum:<\/strong> Freiwasser, kommen auch in die N\u00e4he von Riffen<\/p>\n\n\n\n<p><strong>Vorkommen:  <\/strong> in allen tropischen und subtropischen Bereichen des Pazifik und Atlantik, nicht im Mittelmeer<\/p>\n\n\n\n<p><strong>Erkennungsmerkmale: <\/strong> Grundfarbe silbern, R\u00fccken-, Afterflosse und Fl\u00f6ssel gelb; R\u00fccken-und Afterflosse stark verl\u00e4ngert<\/p>\n\n\n\n<p><strong>Biologie &amp; Verhalten: <\/strong> Selten l\u00e4sst sich der Gelbflossen-Thunfisch in der N\u00e4he von Riffen sehen, aber wenn, dann ist es ein besonderes Erlebnis. Es ist faszinierend diese schnellen und wendigen bis zu 200 kg schweren Schwimmer zu beobachten. Sie wirken wie furchtlose, durchtrainierte Kraftpakete. Vor wem sollten sie auch Angst haben, geh\u00f6ren sie doch zu den Topj\u00e4gern der Ozeane. Meistens sind sie in kleinen Gruppen unterwegs.<\/p>\n\n\n\n<p><strong>Bedrohungsstatus:<\/strong>\u00a0Auf der Roten Liste der IUCN ist der Einfarben-Thunfisch als\u00a0<mark><mark style=\"background-color:rgba(0, 0, 0, 0)\" class=\"has-inline-color has-vivid-green-cyan-color\">\u201enicht gef\u00e4hrdet\u201c<\/mark><\/mark> eingestuft.<\/p>\n\n\n\n<p><\/p>\n\n\n\n<hr class=\"wp-block-separator has-alpha-channel-opacity\"\/>\n","protected":false},"excerpt":{"rendered":"<p>Gelbflossen-Thunfisch Yellofin tuna Thunnus albacares Gr\u00f6\u00dfe: bis 2,39 m Lebensraum: Freiwasser, kommen auch in die N\u00e4he von Riffen Vorkommen: in allen tropischen und subtropischen Bereichen des Pazifik und Atlantik, nicht im Mittelmeer Erkennungsmerkmale: Grundfarbe silbern, R\u00fccken-, Afterflosse und Fl\u00f6ssel gelb; R\u00fccken-und Afterflosse stark verl\u00e4ngert Biologie &amp; Verhalten: Selten l\u00e4sst sich der Gelbflossen-Thunfisch in der N\u00e4he &hellip; <\/p>\n<p class=\"link-more\"><a href=\"https:\/\/alles-ueber-riffe.de\/?page_id=5437\" class=\"more-link\"><span class=\"screen-reader-text\">\u201eGelbflossen-Thunfisch\u201c<\/span> weiterlesen<\/a><\/p>\n","protected":false},"author":1,"featured_media":0,"parent":0,"menu_order":0,"comment_status":"closed","ping_status":"closed","template":"","meta":{"footnotes":""},"class_list":["post-5437","page","type-page","status-publish","hentry"],"_links":{"self":[{"href":"https:\/\/alles-ueber-riffe.de\/index.php?rest_route=\/wp\/v2\/pages\/5437","targetHints":{"allow":["GET"]}}],"collection":[{"href":"https:\/\/alles-ueber-riffe.de\/index.php?rest_route=\/wp\/v2\/pages"}],"about":[{"href":"https:\/\/alles-ueber-riffe.de\/index.php?rest_route=\/wp\/v2\/types\/page"}],"author":[{"embeddable":true,"href":"https:\/\/alles-ueber-riffe.de\/index.php?rest_route=\/wp\/v2\/users\/1"}],"replies":[{"embeddable":true,"href":"https:\/\/alles-ueber-riffe.de\/index.php?rest_route=%2Fwp%2Fv2%2Fcomments&post=5437"}],"version-history":[{"count":8,"href":"https:\/\/alles-ueber-riffe.de\/index.php?rest_route=\/wp\/v2\/pages\/5437\/revisions"}],"predecessor-version":[{"id":8390,"href":"https:\/\/alles-ueber-riffe.de\/index.php?rest_route=\/wp\/v2\/pages\/5437\/revisions\/8390"}],"wp:attachment":[{"href":"https:\/\/alles-ueber-riffe.de\/index.php?rest_route=%2Fwp%2Fv2%2Fmedia&parent=5437"}],"curies":[{"name":"wp","href":"https:\/\/api.w.org\/{rel}","templated":true}]}}