{"id":5075,"date":"2025-01-08T15:43:08","date_gmt":"2025-01-08T15:43:08","guid":{"rendered":"https:\/\/alles-ueber-riffe.de\/?page_id=5075"},"modified":"2025-01-25T22:48:27","modified_gmt":"2025-01-25T22:48:27","slug":"fleckiger-kieferfisch","status":"publish","type":"page","link":"https:\/\/alles-ueber-riffe.de\/?page_id=5075","title":{"rendered":"Fleckiger Kieferfisch"},"content":{"rendered":"\n<div class=\"wp-block-group is-vertical is-layout-flex wp-container-core-group-is-layout-8cf370e7 wp-block-group-is-layout-flex\">\n<p><strong>Fleckiger Kieferfisch<\/strong><\/p>\n\n\n\n<p>Blotched jawfish<\/p>\n\n\n\n<p><em>Opistognathus latitabundus<\/em><\/p>\n<\/div>\n\n\n\n<div style=\"height:30px\" aria-hidden=\"true\" class=\"wp-block-spacer\"><\/div>\n\n\n\n<figure class=\"wp-block-video\"><video height=\"576\" style=\"aspect-ratio: 1024 \/ 576;\" width=\"1024\" controls src=\"https:\/\/alles-ueber-riffe.de\/wp-content\/uploads\/2025\/01\/Fleckiger-Kieferfisch.mp4\"><\/video><figcaption class=\"wp-element-caption\">\u00a9 Heinz Krimmer<\/figcaption><\/figure>\n\n\n\n<hr class=\"wp-block-separator has-alpha-channel-opacity is-style-default\"\/>\n\n\n\n<p><strong>Gr\u00f6\u00dfe: <\/strong> bis 30 cm<\/p>\n\n\n\n<p><strong>Lebensraum:<\/strong> Sand- und Ger\u00f6llb\u00f6den im Flachwasserbereich<\/p>\n\n\n\n<p><strong>Vorkommen:  <\/strong>Philippinen, Ostindonesien, Papua-Neuguinea, Nordaustralien<\/p>\n\n\n\n<p><strong>Erkennungsmerkmale: <\/strong> gro\u00dfe braune Flecken am K\u00f6rper<\/p>\n\n\n\n<p><strong>Biologie &amp; Verhalten: <\/strong> Lebt als Einzelg\u00e4nger in selbst gebauten H\u00f6hlen.<\/p>\n\n\n\n<p>Kieferfische sind nicht einfach zu bestimmen. Besonders schwierig wird es, wenn sie ihre H\u00f6hle nicht verlassen und man nur den Kopf sieht. Hat man Gl\u00fcck ist das Maul voller Eier, denn Kieferfische sind Maulbr\u00fcter.<\/p>\n\n\n\n<p><strong>Bedrohungsstatus:<\/strong> Es liegen zu wenig Daten vor, um einen Status auf der Roten Liste der IUCN zu bestimmen.<\/p>\n\n\n\n<hr class=\"wp-block-separator has-alpha-channel-opacity is-style-default\"\/>\n","protected":false},"excerpt":{"rendered":"<p>Fleckiger Kieferfisch Blotched jawfish Opistognathus latitabundus Gr\u00f6\u00dfe: bis 30 cm Lebensraum: Sand- und Ger\u00f6llb\u00f6den im Flachwasserbereich Vorkommen: Philippinen, Ostindonesien, Papua-Neuguinea, Nordaustralien Erkennungsmerkmale: gro\u00dfe braune Flecken am K\u00f6rper Biologie &amp; Verhalten: Lebt als Einzelg\u00e4nger in selbst gebauten H\u00f6hlen. Kieferfische sind nicht einfach zu bestimmen. Besonders schwierig wird es, wenn sie ihre H\u00f6hle nicht verlassen und man &hellip; <\/p>\n<p class=\"link-more\"><a href=\"https:\/\/alles-ueber-riffe.de\/?page_id=5075\" class=\"more-link\"><span class=\"screen-reader-text\">\u201eFleckiger Kieferfisch\u201c<\/span> weiterlesen<\/a><\/p>\n","protected":false},"author":1,"featured_media":0,"parent":0,"menu_order":0,"comment_status":"closed","ping_status":"closed","template":"","meta":{"footnotes":""},"class_list":["post-5075","page","type-page","status-publish","hentry"],"_links":{"self":[{"href":"https:\/\/alles-ueber-riffe.de\/index.php?rest_route=\/wp\/v2\/pages\/5075","targetHints":{"allow":["GET"]}}],"collection":[{"href":"https:\/\/alles-ueber-riffe.de\/index.php?rest_route=\/wp\/v2\/pages"}],"about":[{"href":"https:\/\/alles-ueber-riffe.de\/index.php?rest_route=\/wp\/v2\/types\/page"}],"author":[{"embeddable":true,"href":"https:\/\/alles-ueber-riffe.de\/index.php?rest_route=\/wp\/v2\/users\/1"}],"replies":[{"embeddable":true,"href":"https:\/\/alles-ueber-riffe.de\/index.php?rest_route=%2Fwp%2Fv2%2Fcomments&post=5075"}],"version-history":[{"count":7,"href":"https:\/\/alles-ueber-riffe.de\/index.php?rest_route=\/wp\/v2\/pages\/5075\/revisions"}],"predecessor-version":[{"id":8088,"href":"https:\/\/alles-ueber-riffe.de\/index.php?rest_route=\/wp\/v2\/pages\/5075\/revisions\/8088"}],"wp:attachment":[{"href":"https:\/\/alles-ueber-riffe.de\/index.php?rest_route=%2Fwp%2Fv2%2Fmedia&parent=5075"}],"curies":[{"name":"wp","href":"https:\/\/api.w.org\/{rel}","templated":true}]}}