{"id":5039,"date":"2025-01-08T15:40:10","date_gmt":"2025-01-08T15:40:10","guid":{"rendered":"https:\/\/alles-ueber-riffe.de\/?page_id=5039"},"modified":"2025-03-08T22:08:28","modified_gmt":"2025-03-08T22:08:28","slug":"schneeflocken-kardinalbarsch","status":"publish","type":"page","link":"https:\/\/alles-ueber-riffe.de\/?page_id=5039","title":{"rendered":"Schneeflocken-Kardinalbarsch"},"content":{"rendered":"\n<div class=\"wp-block-group is-vertical is-layout-flex wp-container-core-group-is-layout-8cf370e7 wp-block-group-is-layout-flex\">\n<p><strong>Schneeflocken-Kardinalbarsch<\/strong><\/p>\n\n\n\n<p>Banggai cardinalfish<\/p>\n\n\n\n<p><em>Pterapogon kauderni<\/em><strong><\/strong><\/p>\n<\/div>\n\n\n\n<div style=\"height:30px\" aria-hidden=\"true\" class=\"wp-block-spacer\"><\/div>\n\n\n\n<figure class=\"wp-block-image size-full\"><img loading=\"lazy\" decoding=\"async\" width=\"1024\" height=\"768\" src=\"https:\/\/alles-ueber-riffe.de\/wp-content\/uploads\/2025\/03\/Schneeflocken-Kardinalbarsch_1024x768.jpg\" alt=\"\" class=\"wp-image-10703\" srcset=\"https:\/\/alles-ueber-riffe.de\/wp-content\/uploads\/2025\/03\/Schneeflocken-Kardinalbarsch_1024x768.jpg 1024w, https:\/\/alles-ueber-riffe.de\/wp-content\/uploads\/2025\/03\/Schneeflocken-Kardinalbarsch_1024x768-300x225.jpg 300w, https:\/\/alles-ueber-riffe.de\/wp-content\/uploads\/2025\/03\/Schneeflocken-Kardinalbarsch_1024x768-768x576.jpg 768w\" sizes=\"auto, (max-width: 767px) 89vw, (max-width: 1000px) 54vw, (max-width: 1071px) 543px, 580px\" \/><figcaption class=\"wp-element-caption\">\u00a9 Heinz Krimmer<\/figcaption><\/figure>\n\n\n\n<hr class=\"wp-block-separator has-alpha-channel-opacity is-style-default\"\/>\n\n\n\n<p><strong>Gr\u00f6\u00dfe: <\/strong> bis 8,6 cm<\/p>\n\n\n\n<p><strong>Lebensraum:<\/strong> Korallenriffe, Sand-, Schlamm- und Ger\u00f6llb\u00f6den; Seegraswiesen<\/p>\n\n\n\n<p><strong>Vorkommen:  <\/strong>Banggai-Inseln (Indonesien), Hafen von Luwuk (bei Sulawesi) und in der Lembeh-Stra\u00dfe (Indonesien)<\/p>\n\n\n\n<p><strong>Erkennungsmerkmale: <\/strong> Grundfarbe hellbraun; schwarze Querstreifen; langgezogene, schwarze Flossen mit wei\u00dfen Punkten<\/p>\n\n\n\n<p><strong>Biologie &amp; Verhalten: <\/strong> Urspr\u00fcnglich kam der Schneeflocken-Kardinalbarsch nur um die Banggai-Inseln in einem kleinen Gebiet von ca. 35 Quadratkilometer vor. Da f\u00fcr den Aquarienhandel gefangene Tiere in Luwuk und in der Lembeh-Stra\u00dfe entweichen konnten, ist er jetzt dort heimisch geworden. Trotzdem ist der Fangdruck f\u00fcr den Aquarienhandel hoch und er ist stark gef\u00e4hrdet.<\/p>\n\n\n\n<p>Aquarianern gelang inzwischen die Nachtzucht und es wird dazu aufgerufen wegen der Bedrohungssituation keine Wildtiere mehr zu kaufen.<\/p>\n\n\n\n<p>Wie einige andere Kardinalbarsche auch, findet man den Schneeflocken-Kardinalbarsch oft zwischen den Stacheln von Seeigeln. In seinem Ursprungsgebiet ist dies der Seeigel Diadema setosum, dessen sehr lange Stacheln ein perfekter Schutz vor R\u00e4ubern sind.<\/p>\n\n\n\n<p><strong>Bedrohungsstatus:<\/strong> Die Art wird auf der Roten Liste der IUCN als <mark style=\"background-color:rgba(0, 0, 0, 0)\" class=\"has-inline-color has-vivid-red-color\">\u201estark gef\u00e4hrdet\u201c<\/mark> gef\u00fchrt.<\/p>\n\n\n\n<hr class=\"wp-block-separator has-alpha-channel-opacity is-style-default\"\/>\n","protected":false},"excerpt":{"rendered":"<p>Schneeflocken-Kardinalbarsch Banggai cardinalfish Pterapogon kauderni Gr\u00f6\u00dfe: bis 8,6 cm Lebensraum: Korallenriffe, Sand-, Schlamm- und Ger\u00f6llb\u00f6den; Seegraswiesen Vorkommen: Banggai-Inseln (Indonesien), Hafen von Luwuk (bei Sulawesi) und in der Lembeh-Stra\u00dfe (Indonesien) Erkennungsmerkmale: Grundfarbe hellbraun; schwarze Querstreifen; langgezogene, schwarze Flossen mit wei\u00dfen Punkten Biologie &amp; Verhalten: Urspr\u00fcnglich kam der Schneeflocken-Kardinalbarsch nur um die Banggai-Inseln in einem kleinen Gebiet &hellip; <\/p>\n<p class=\"link-more\"><a href=\"https:\/\/alles-ueber-riffe.de\/?page_id=5039\" class=\"more-link\"><span class=\"screen-reader-text\">\u201eSchneeflocken-Kardinalbarsch\u201c<\/span> weiterlesen<\/a><\/p>\n","protected":false},"author":1,"featured_media":0,"parent":0,"menu_order":0,"comment_status":"closed","ping_status":"closed","template":"","meta":{"footnotes":""},"class_list":["post-5039","page","type-page","status-publish","hentry"],"_links":{"self":[{"href":"https:\/\/alles-ueber-riffe.de\/index.php?rest_route=\/wp\/v2\/pages\/5039","targetHints":{"allow":["GET"]}}],"collection":[{"href":"https:\/\/alles-ueber-riffe.de\/index.php?rest_route=\/wp\/v2\/pages"}],"about":[{"href":"https:\/\/alles-ueber-riffe.de\/index.php?rest_route=\/wp\/v2\/types\/page"}],"author":[{"embeddable":true,"href":"https:\/\/alles-ueber-riffe.de\/index.php?rest_route=\/wp\/v2\/users\/1"}],"replies":[{"embeddable":true,"href":"https:\/\/alles-ueber-riffe.de\/index.php?rest_route=%2Fwp%2Fv2%2Fcomments&post=5039"}],"version-history":[{"count":4,"href":"https:\/\/alles-ueber-riffe.de\/index.php?rest_route=\/wp\/v2\/pages\/5039\/revisions"}],"predecessor-version":[{"id":10705,"href":"https:\/\/alles-ueber-riffe.de\/index.php?rest_route=\/wp\/v2\/pages\/5039\/revisions\/10705"}],"wp:attachment":[{"href":"https:\/\/alles-ueber-riffe.de\/index.php?rest_route=%2Fwp%2Fv2%2Fmedia&parent=5039"}],"curies":[{"name":"wp","href":"https:\/\/api.w.org\/{rel}","templated":true}]}}