{"id":4914,"date":"2025-01-08T15:28:57","date_gmt":"2025-01-08T15:28:57","guid":{"rendered":"https:\/\/alles-ueber-riffe.de\/?page_id=4914"},"modified":"2025-01-20T12:20:53","modified_gmt":"2025-01-20T12:20:53","slug":"rotes-meer-hornhecht","status":"publish","type":"page","link":"https:\/\/alles-ueber-riffe.de\/?page_id=4914","title":{"rendered":"Rotes Meer Hornhecht"},"content":{"rendered":"\n<div class=\"wp-block-group is-vertical is-layout-flex wp-container-core-group-is-layout-8cf370e7 wp-block-group-is-layout-flex\">\n<p><strong>Rotes Meer Hornhecht<\/strong><\/p>\n\n\n\n<p>Red Sea houndfish<\/p>\n\n\n\n<p><em>Tylosurus choram<\/em><\/p>\n<\/div>\n\n\n\n<div style=\"height:30px\" aria-hidden=\"true\" class=\"wp-block-spacer\"><\/div>\n\n\n\n<figure class=\"wp-block-image size-full\"><img loading=\"lazy\" decoding=\"async\" width=\"1024\" height=\"768\" src=\"https:\/\/alles-ueber-riffe.de\/wp-content\/uploads\/2025\/01\/Rotes-Meer-Hornhecht_1024x768.jpg\" alt=\"\" class=\"wp-image-7650\" srcset=\"https:\/\/alles-ueber-riffe.de\/wp-content\/uploads\/2025\/01\/Rotes-Meer-Hornhecht_1024x768.jpg 1024w, https:\/\/alles-ueber-riffe.de\/wp-content\/uploads\/2025\/01\/Rotes-Meer-Hornhecht_1024x768-300x225.jpg 300w, https:\/\/alles-ueber-riffe.de\/wp-content\/uploads\/2025\/01\/Rotes-Meer-Hornhecht_1024x768-768x576.jpg 768w\" sizes=\"auto, (max-width: 767px) 89vw, (max-width: 1000px) 54vw, (max-width: 1071px) 543px, 580px\" \/><figcaption class=\"wp-element-caption\"><em>\u00a9 Heinz Krimmer<\/em><\/figcaption><\/figure>\n\n\n\n<hr class=\"wp-block-separator has-alpha-channel-opacity is-style-default\"\/>\n\n\n\n<p><strong>Gr\u00f6\u00dfe: <\/strong> bis 1,2 m<\/p>\n\n\n\n<p><strong>Lebensraum:<\/strong> an der Wasseroberfl\u00e4che in der N\u00e4he von Korallenriffen<\/p>\n\n\n\n<p><strong>Vorkommen:  <\/strong>Rotes Meer, Golf von Oman; \u00fcber den Suezkanal ins Mittelmeer eingewandert<\/p>\n\n\n\n<p><strong>Erkennungsmerkmale: <\/strong> Grundfarbe silbern, spitzes, schnabelartiges langes Maul; zahlreiche spitze Z\u00e4hneLeider trifft die Beschreibung der Erkennungsmerkmale auf fast alle Hornhechte zu, so dass die Bestimmung schwierig ist.<\/p>\n\n\n\n<p><strong>Biologie &amp; Verhalten: <\/strong>Die Z\u00e4hne lassen gleich erkennen, dass Hornhechte Raubfische sind. Bei der Jagd auf kleinere Fische zeigen sie ihre schwimmerischen F\u00e4higkeiten. Blitzschnell schiessen sie wie Pfeile durch das Wasser und lassen der Beute kaum eine Chance.\u00a0<\/p>\n\n\n\n<p><\/p>\n\n\n\n<p><strong>Bedrohungsstatus:<\/strong> Die Art wird auf der Roten Liste der IUCN als <mark style=\"background-color:rgba(0, 0, 0, 0)\" class=\"has-inline-color has-vivid-green-cyan-color\">\u201enicht gef\u00e4hrdet\u201c<\/mark> gef\u00fchrt.<\/p>\n\n\n\n<hr class=\"wp-block-separator has-alpha-channel-opacity is-style-default\"\/>\n","protected":false},"excerpt":{"rendered":"<p>Rotes Meer Hornhecht Red Sea houndfish Tylosurus choram Gr\u00f6\u00dfe: bis 1,2 m Lebensraum: an der Wasseroberfl\u00e4che in der N\u00e4he von Korallenriffen Vorkommen: Rotes Meer, Golf von Oman; \u00fcber den Suezkanal ins Mittelmeer eingewandert Erkennungsmerkmale: Grundfarbe silbern, spitzes, schnabelartiges langes Maul; zahlreiche spitze Z\u00e4hneLeider trifft die Beschreibung der Erkennungsmerkmale auf fast alle Hornhechte zu, so dass &hellip; <\/p>\n<p class=\"link-more\"><a href=\"https:\/\/alles-ueber-riffe.de\/?page_id=4914\" class=\"more-link\"><span class=\"screen-reader-text\">\u201eRotes Meer Hornhecht\u201c<\/span> weiterlesen<\/a><\/p>\n","protected":false},"author":1,"featured_media":0,"parent":0,"menu_order":0,"comment_status":"closed","ping_status":"closed","template":"","meta":{"footnotes":""},"class_list":["post-4914","page","type-page","status-publish","hentry"],"_links":{"self":[{"href":"https:\/\/alles-ueber-riffe.de\/index.php?rest_route=\/wp\/v2\/pages\/4914","targetHints":{"allow":["GET"]}}],"collection":[{"href":"https:\/\/alles-ueber-riffe.de\/index.php?rest_route=\/wp\/v2\/pages"}],"about":[{"href":"https:\/\/alles-ueber-riffe.de\/index.php?rest_route=\/wp\/v2\/types\/page"}],"author":[{"embeddable":true,"href":"https:\/\/alles-ueber-riffe.de\/index.php?rest_route=\/wp\/v2\/users\/1"}],"replies":[{"embeddable":true,"href":"https:\/\/alles-ueber-riffe.de\/index.php?rest_route=%2Fwp%2Fv2%2Fcomments&post=4914"}],"version-history":[{"count":6,"href":"https:\/\/alles-ueber-riffe.de\/index.php?rest_route=\/wp\/v2\/pages\/4914\/revisions"}],"predecessor-version":[{"id":7654,"href":"https:\/\/alles-ueber-riffe.de\/index.php?rest_route=\/wp\/v2\/pages\/4914\/revisions\/7654"}],"wp:attachment":[{"href":"https:\/\/alles-ueber-riffe.de\/index.php?rest_route=%2Fwp%2Fv2%2Fmedia&parent=4914"}],"curies":[{"name":"wp","href":"https:\/\/api.w.org\/{rel}","templated":true}]}}