{"id":4912,"date":"2025-01-08T15:28:44","date_gmt":"2025-01-08T15:28:44","guid":{"rendered":"https:\/\/alles-ueber-riffe.de\/?page_id=4912"},"modified":"2025-01-20T12:17:49","modified_gmt":"2025-01-20T12:17:49","slug":"riff-hornhecht","status":"publish","type":"page","link":"https:\/\/alles-ueber-riffe.de\/?page_id=4912","title":{"rendered":"Riff-Hornhecht"},"content":{"rendered":"\n<div class=\"wp-block-group is-vertical is-layout-flex wp-container-core-group-is-layout-8cf370e7 wp-block-group-is-layout-flex\">\n<p><strong>Riff-Hornhecht<\/strong><\/p>\n\n\n\n<p>Reef needlefish<\/p>\n\n\n\n<p><em>Strongylura incisa<\/em><\/p>\n<\/div>\n\n\n\n<div style=\"height:30px\" aria-hidden=\"true\" class=\"wp-block-spacer\"><\/div>\n\n\n\n<figure class=\"wp-block-image size-full\"><img loading=\"lazy\" decoding=\"async\" width=\"1024\" height=\"768\" src=\"https:\/\/alles-ueber-riffe.de\/wp-content\/uploads\/2025\/01\/Riff-Hornhecht_1024x768.jpg\" alt=\"\" class=\"wp-image-7644\" srcset=\"https:\/\/alles-ueber-riffe.de\/wp-content\/uploads\/2025\/01\/Riff-Hornhecht_1024x768.jpg 1024w, https:\/\/alles-ueber-riffe.de\/wp-content\/uploads\/2025\/01\/Riff-Hornhecht_1024x768-300x225.jpg 300w, https:\/\/alles-ueber-riffe.de\/wp-content\/uploads\/2025\/01\/Riff-Hornhecht_1024x768-768x576.jpg 768w\" sizes=\"auto, (max-width: 767px) 89vw, (max-width: 1000px) 54vw, (max-width: 1071px) 543px, 580px\" \/><figcaption class=\"wp-element-caption\">\u00a9 Heinz Krimmer<\/figcaption><\/figure>\n\n\n\n<hr class=\"wp-block-separator has-alpha-channel-opacity is-style-default\"\/>\n\n\n\n<p><strong>Gr\u00f6\u00dfe: <\/strong> bis 1,00 m<\/p>\n\n\n\n<p><strong>Lebensraum:<\/strong> an der Wasseroberfl\u00e4che in der N\u00e4he von Korallenriffen<\/p>\n\n\n\n<p><strong>Vorkommen:  <\/strong>Malediven, ganz S\u00fcdostasien, Nordaustralien, Papua-Neuguinea, Ozeanien bis Samoa<\/p>\n\n\n\n<p><strong>Erkennungsmerkmale: <\/strong> Grundfarbe silbern, spitzes, langes Maul; zahlreiche spitze und gro\u00dfe Z\u00e4hne<\/p>\n\n\n\n<p><strong>Biologie &amp; Verhalten: <\/strong>Leider trifft die Beschreibung der Erkennungsmerkmale auf fast alle Hornhechte zu, so dass die Bestimmung schwierig ist.\u00a0<\/p>\n\n\n\n<p>Die Z\u00e4hne lassen gleich erkennen, dass Hornhechte Raubfische sind. Bei der Jagd auf kleinere Fische zeigen sie ihre schwimmerischen F\u00e4higkeiten. Blitzschnell schiessen sie wie Pfeile durch das Wasser und lassen der Beute kaum eine Chance.<\/p>\n\n\n\n<p><strong>Bedrohungsstatus:<\/strong> Die Art wird auf der Roten Liste der IUCN als <mark style=\"background-color:rgba(0, 0, 0, 0)\" class=\"has-inline-color has-vivid-green-cyan-color\">\u201enicht gef\u00e4hrdet\u201c<\/mark> gef\u00fchrt.<\/p>\n\n\n\n<hr class=\"wp-block-separator has-alpha-channel-opacity is-style-default\"\/>\n","protected":false},"excerpt":{"rendered":"<p>Riff-Hornhecht Reef needlefish Strongylura incisa Gr\u00f6\u00dfe: bis 1,00 m Lebensraum: an der Wasseroberfl\u00e4che in der N\u00e4he von Korallenriffen Vorkommen: Malediven, ganz S\u00fcdostasien, Nordaustralien, Papua-Neuguinea, Ozeanien bis Samoa Erkennungsmerkmale: Grundfarbe silbern, spitzes, langes Maul; zahlreiche spitze und gro\u00dfe Z\u00e4hne Biologie &amp; Verhalten: Leider trifft die Beschreibung der Erkennungsmerkmale auf fast alle Hornhechte zu, so dass die &hellip; <\/p>\n<p class=\"link-more\"><a href=\"https:\/\/alles-ueber-riffe.de\/?page_id=4912\" class=\"more-link\"><span class=\"screen-reader-text\">\u201eRiff-Hornhecht\u201c<\/span> weiterlesen<\/a><\/p>\n","protected":false},"author":1,"featured_media":0,"parent":0,"menu_order":0,"comment_status":"closed","ping_status":"closed","template":"","meta":{"footnotes":""},"class_list":["post-4912","page","type-page","status-publish","hentry"],"_links":{"self":[{"href":"https:\/\/alles-ueber-riffe.de\/index.php?rest_route=\/wp\/v2\/pages\/4912","targetHints":{"allow":["GET"]}}],"collection":[{"href":"https:\/\/alles-ueber-riffe.de\/index.php?rest_route=\/wp\/v2\/pages"}],"about":[{"href":"https:\/\/alles-ueber-riffe.de\/index.php?rest_route=\/wp\/v2\/types\/page"}],"author":[{"embeddable":true,"href":"https:\/\/alles-ueber-riffe.de\/index.php?rest_route=\/wp\/v2\/users\/1"}],"replies":[{"embeddable":true,"href":"https:\/\/alles-ueber-riffe.de\/index.php?rest_route=%2Fwp%2Fv2%2Fcomments&post=4912"}],"version-history":[{"count":5,"href":"https:\/\/alles-ueber-riffe.de\/index.php?rest_route=\/wp\/v2\/pages\/4912\/revisions"}],"predecessor-version":[{"id":7647,"href":"https:\/\/alles-ueber-riffe.de\/index.php?rest_route=\/wp\/v2\/pages\/4912\/revisions\/7647"}],"wp:attachment":[{"href":"https:\/\/alles-ueber-riffe.de\/index.php?rest_route=%2Fwp%2Fv2%2Fmedia&parent=4912"}],"curies":[{"name":"wp","href":"https:\/\/api.w.org\/{rel}","templated":true}]}}