{"id":4910,"date":"2025-01-08T15:28:33","date_gmt":"2025-01-08T15:28:33","guid":{"rendered":"https:\/\/alles-ueber-riffe.de\/?page_id=4910"},"modified":"2025-01-20T12:14:48","modified_gmt":"2025-01-20T12:14:48","slug":"krokodil-hornhecht","status":"publish","type":"page","link":"https:\/\/alles-ueber-riffe.de\/?page_id=4910","title":{"rendered":"Krokodil-Hornhecht"},"content":{"rendered":"\n<div class=\"wp-block-group is-vertical is-layout-flex wp-container-core-group-is-layout-8cf370e7 wp-block-group-is-layout-flex\">\n<p><strong>Krokodil-Hornhecht<\/strong><\/p>\n\n\n\n<p>Hound needlefish<\/p>\n\n\n\n<p><em>Tylosurus crocodilus<\/em><\/p>\n<\/div>\n\n\n\n<div style=\"height:30px\" aria-hidden=\"true\" class=\"wp-block-spacer\"><\/div>\n\n\n\n<figure class=\"wp-block-video\"><video height=\"576\" style=\"aspect-ratio: 1024 \/ 576;\" width=\"1024\" controls src=\"https:\/\/alles-ueber-riffe.de\/wp-content\/uploads\/2025\/01\/Krokodil-Hornhecht.mp4\"><\/video><figcaption class=\"wp-element-caption\"><em>\u00a9 Heinz Krimmer<\/em><\/figcaption><\/figure>\n\n\n\n<hr class=\"wp-block-separator has-alpha-channel-opacity is-style-default\"\/>\n\n\n\n<p><strong>Gr\u00f6\u00dfe: <\/strong> bis 1,5 m<\/p>\n\n\n\n<p><strong>Lebensraum:<\/strong> an der Wasseroberfl\u00e4che in der N\u00e4he von Korallenriffen<\/p>\n\n\n\n<p><strong>Vorkommen:  <\/strong>in allen tropischen und subtropischen Bereichen des Atlantik und des Pazifik inklusive der Nebenmeere wie Rotes Meer und Mittelmeer; im Ostpazifik durch\u00a0<em>Tylosurus crocodilus fodiator<\/em> ersetzt<\/p>\n\n\n\n<p><strong>Erkennungsmerkmale: <\/strong> Grundfarbe silbern, spitzes, langes Maul; zahlreiche spitze und gro\u00dfe Z\u00e4hne<\/p>\n\n\n\n<p><strong>Biologie &amp; Verhalten: <\/strong> Leider trifft die Beschreibung der Erkennungsmerkmale auf fast alle Hornhechte zu, so dass die Bestimmung schwierig ist. Der Krokodil-Hornhecht ist jedoch durch seine Gr\u00f6\u00dfe, sowie die gro\u00dfen Z\u00e4hne gut zu unterscheiden<\/p>\n\n\n\n<p>Die Z\u00e4hne lassen gleich erkennen, dass Hornhechte Raubfische sind. Bei der Jagd auf kleinere Fische zeigen sie ihre schwimmerischen F\u00e4higkeiten. Blitzschnell schiessen sie wie Pfeile durch das Wasser und lassen der Beute kaum eine Chance.&nbsp;<\/p>\n\n\n\n<p><strong>Bedrohungsstatus:<\/strong> Die Art wird auf der Roten Liste der IUCN als  <mark style=\"background-color:rgba(0, 0, 0, 0)\" class=\"has-inline-color has-vivid-green-cyan-color\">&#8222;nicht gef\u00e4hrdet\u201c<\/mark> gef\u00fchrt.<\/p>\n\n\n\n<hr class=\"wp-block-separator has-alpha-channel-opacity is-style-default\"\/>\n","protected":false},"excerpt":{"rendered":"<p>Krokodil-Hornhecht Hound needlefish Tylosurus crocodilus Gr\u00f6\u00dfe: bis 1,5 m Lebensraum: an der Wasseroberfl\u00e4che in der N\u00e4he von Korallenriffen Vorkommen: in allen tropischen und subtropischen Bereichen des Atlantik und des Pazifik inklusive der Nebenmeere wie Rotes Meer und Mittelmeer; im Ostpazifik durch\u00a0Tylosurus crocodilus fodiator ersetzt Erkennungsmerkmale: Grundfarbe silbern, spitzes, langes Maul; zahlreiche spitze und gro\u00dfe Z\u00e4hne &hellip; <\/p>\n<p class=\"link-more\"><a href=\"https:\/\/alles-ueber-riffe.de\/?page_id=4910\" class=\"more-link\"><span class=\"screen-reader-text\">\u201eKrokodil-Hornhecht\u201c<\/span> weiterlesen<\/a><\/p>\n","protected":false},"author":1,"featured_media":0,"parent":0,"menu_order":0,"comment_status":"closed","ping_status":"closed","template":"","meta":{"footnotes":""},"class_list":["post-4910","page","type-page","status-publish","hentry"],"_links":{"self":[{"href":"https:\/\/alles-ueber-riffe.de\/index.php?rest_route=\/wp\/v2\/pages\/4910","targetHints":{"allow":["GET"]}}],"collection":[{"href":"https:\/\/alles-ueber-riffe.de\/index.php?rest_route=\/wp\/v2\/pages"}],"about":[{"href":"https:\/\/alles-ueber-riffe.de\/index.php?rest_route=\/wp\/v2\/types\/page"}],"author":[{"embeddable":true,"href":"https:\/\/alles-ueber-riffe.de\/index.php?rest_route=\/wp\/v2\/users\/1"}],"replies":[{"embeddable":true,"href":"https:\/\/alles-ueber-riffe.de\/index.php?rest_route=%2Fwp%2Fv2%2Fcomments&post=4910"}],"version-history":[{"count":10,"href":"https:\/\/alles-ueber-riffe.de\/index.php?rest_route=\/wp\/v2\/pages\/4910\/revisions"}],"predecessor-version":[{"id":7641,"href":"https:\/\/alles-ueber-riffe.de\/index.php?rest_route=\/wp\/v2\/pages\/4910\/revisions\/7641"}],"wp:attachment":[{"href":"https:\/\/alles-ueber-riffe.de\/index.php?rest_route=%2Fwp%2Fv2%2Fmedia&parent=4910"}],"curies":[{"name":"wp","href":"https:\/\/api.w.org\/{rel}","templated":true}]}}