{"id":4844,"date":"2025-01-08T15:21:49","date_gmt":"2025-01-08T15:21:49","guid":{"rendered":"https:\/\/alles-ueber-riffe.de\/?page_id=4844"},"modified":"2025-03-04T20:43:32","modified_gmt":"2025-03-04T20:43:32","slug":"gelbe-symbiosegrundel","status":"publish","type":"page","link":"https:\/\/alles-ueber-riffe.de\/?page_id=4844","title":{"rendered":"Gelbe Symbiosegrundel"},"content":{"rendered":"\n<div class=\"wp-block-group is-vertical is-layout-flex wp-container-core-group-is-layout-8cf370e7 wp-block-group-is-layout-flex\">\n<p><strong>Gelbe Symbiosegrundel<\/strong><\/p>\n\n\n\n<p>Yellow prawn-goby<\/p>\n\n\n\n<p><em>Cryptocentrus cinctus<\/em><\/p>\n<\/div>\n\n\n\n<div style=\"height:30px\" aria-hidden=\"true\" class=\"wp-block-spacer\"><\/div>\n\n\n\n<figure class=\"wp-block-video\"><video height=\"576\" style=\"aspect-ratio: 1024 \/ 576;\" width=\"1024\" controls src=\"https:\/\/alles-ueber-riffe.de\/wp-content\/uploads\/2025\/03\/Gelbe-Symbiosegrundel.mp4\"><\/video><figcaption class=\"wp-element-caption\">\u00a9 Heinz Krimmer<\/figcaption><\/figure>\n\n\n\n<hr class=\"wp-block-separator has-alpha-channel-opacity is-style-default\"\/>\n\n\n\n<p><strong>Gr\u00f6\u00dfe: <\/strong> bis 10 cm<\/p>\n\n\n\n<p><strong>Lebensraum:<\/strong> Sand- und Ger\u00f6llfl\u00e4chen in der N\u00e4he von Korallenriffen<\/p>\n\n\n\n<p><strong>Vorkommen:  <\/strong>S\u00fcdjapan, Philippinen, Indonesien, Malaysia, Nordaustralien, Papua-Neuguinea, Ozeanien bis Palau<\/p>\n\n\n\n<p><strong>Erkennungsmerkmale: <\/strong> Grundfarbe gelb bis gelbbraun; kleine, wei\u00dfe Punkte auf den beiden R\u00fcckenflossen und am vorderen K\u00f6rper<\/p>\n\n\n\n<p><strong>Biologie &amp; Verhalten: <\/strong> Auch diese Symbiosegrundel teilt ihre Wohnh\u00f6hle mit den Knallkrebsen (<em>Alpheus bellulus, A. ochrostiatus\u00a0<\/em>oder\u00a0<em>A. rapicida<\/em>). Fressen Zooplankton. Das M\u00e4nnchen bewacht das Gelege bis die Jungen geschl\u00fcpft sind. Danach findet keine Brutpflege mehr statt.<\/p>\n\n\n\n<p><strong>Bedrohungsstatus:<\/strong> Die Art wird auf der Roten Liste der IUCN als <mark style=\"background-color:rgba(0, 0, 0, 0)\" class=\"has-inline-color has-vivid-green-cyan-color\">\u201e nicht gef\u00e4hrdet\u201c <\/mark>gef\u00fchrt.<\/p>\n\n\n\n<hr class=\"wp-block-separator has-alpha-channel-opacity is-style-default\"\/>\n","protected":false},"excerpt":{"rendered":"<p>Gelbe Symbiosegrundel Yellow prawn-goby Cryptocentrus cinctus Gr\u00f6\u00dfe: bis 10 cm Lebensraum: Sand- und Ger\u00f6llfl\u00e4chen in der N\u00e4he von Korallenriffen Vorkommen: S\u00fcdjapan, Philippinen, Indonesien, Malaysia, Nordaustralien, Papua-Neuguinea, Ozeanien bis Palau Erkennungsmerkmale: Grundfarbe gelb bis gelbbraun; kleine, wei\u00dfe Punkte auf den beiden R\u00fcckenflossen und am vorderen K\u00f6rper Biologie &amp; Verhalten: Auch diese Symbiosegrundel teilt ihre Wohnh\u00f6hle mit &hellip; <\/p>\n<p class=\"link-more\"><a href=\"https:\/\/alles-ueber-riffe.de\/?page_id=4844\" class=\"more-link\"><span class=\"screen-reader-text\">\u201eGelbe Symbiosegrundel\u201c<\/span> weiterlesen<\/a><\/p>\n","protected":false},"author":1,"featured_media":0,"parent":0,"menu_order":0,"comment_status":"closed","ping_status":"closed","template":"","meta":{"footnotes":""},"class_list":["post-4844","page","type-page","status-publish","hentry"],"_links":{"self":[{"href":"https:\/\/alles-ueber-riffe.de\/index.php?rest_route=\/wp\/v2\/pages\/4844","targetHints":{"allow":["GET"]}}],"collection":[{"href":"https:\/\/alles-ueber-riffe.de\/index.php?rest_route=\/wp\/v2\/pages"}],"about":[{"href":"https:\/\/alles-ueber-riffe.de\/index.php?rest_route=\/wp\/v2\/types\/page"}],"author":[{"embeddable":true,"href":"https:\/\/alles-ueber-riffe.de\/index.php?rest_route=\/wp\/v2\/users\/1"}],"replies":[{"embeddable":true,"href":"https:\/\/alles-ueber-riffe.de\/index.php?rest_route=%2Fwp%2Fv2%2Fcomments&post=4844"}],"version-history":[{"count":4,"href":"https:\/\/alles-ueber-riffe.de\/index.php?rest_route=\/wp\/v2\/pages\/4844\/revisions"}],"predecessor-version":[{"id":10546,"href":"https:\/\/alles-ueber-riffe.de\/index.php?rest_route=\/wp\/v2\/pages\/4844\/revisions\/10546"}],"wp:attachment":[{"href":"https:\/\/alles-ueber-riffe.de\/index.php?rest_route=%2Fwp%2Fv2%2Fmedia&parent=4844"}],"curies":[{"name":"wp","href":"https:\/\/api.w.org\/{rel}","templated":true}]}}