{"id":4824,"date":"2025-01-08T15:18:40","date_gmt":"2025-01-08T15:18:40","guid":{"rendered":"https:\/\/alles-ueber-riffe.de\/?page_id=4824"},"modified":"2025-01-19T12:10:22","modified_gmt":"2025-01-19T12:10:22","slug":"halimeda-geisterpfeifenfisch","status":"publish","type":"page","link":"https:\/\/alles-ueber-riffe.de\/?page_id=4824","title":{"rendered":"Halimeda-Geisterpfeifenfisch"},"content":{"rendered":"\n<div class=\"wp-block-group is-vertical is-layout-flex wp-container-core-group-is-layout-8cf370e7 wp-block-group-is-layout-flex\">\n<p><strong>Halimeda-Geisterpfeifenfisch<\/strong><\/p>\n\n\n\n<p>Halimeda ghostpipefish<\/p>\n\n\n\n<p><em>Solenostomus halimeda<\/em><\/p>\n<\/div>\n\n\n\n<div style=\"height:30px\" aria-hidden=\"true\" class=\"wp-block-spacer\"><\/div>\n\n\n\n<figure class=\"wp-block-image size-full\"><img loading=\"lazy\" decoding=\"async\" width=\"1024\" height=\"768\" src=\"https:\/\/alles-ueber-riffe.de\/wp-content\/uploads\/2025\/01\/Halimeda-Geisterpfeifenfisch_1024x768.jpg\" alt=\"\" class=\"wp-image-7542\" srcset=\"https:\/\/alles-ueber-riffe.de\/wp-content\/uploads\/2025\/01\/Halimeda-Geisterpfeifenfisch_1024x768.jpg 1024w, https:\/\/alles-ueber-riffe.de\/wp-content\/uploads\/2025\/01\/Halimeda-Geisterpfeifenfisch_1024x768-300x225.jpg 300w, https:\/\/alles-ueber-riffe.de\/wp-content\/uploads\/2025\/01\/Halimeda-Geisterpfeifenfisch_1024x768-768x576.jpg 768w\" sizes=\"auto, (max-width: 767px) 89vw, (max-width: 1000px) 54vw, (max-width: 1071px) 543px, 580px\" \/><figcaption class=\"wp-element-caption\">\u00a9 Joris Rombouts<\/figcaption><\/figure>\n\n\n\n<hr class=\"wp-block-separator has-alpha-channel-opacity is-style-default\"\/>\n\n\n\n<p><strong>Gr\u00f6\u00dfe: <\/strong> bis 5 cm<\/p>\n\n\n\n<p><strong>Lebensraum:<\/strong> Algen im Riff, bevorzugt die Halimeda Alge<\/p>\n\n\n\n<p><strong>Vorkommen:  <\/strong>Malediven, ganz S\u00fcdostasien, Nordaustralien, Papua-Neuguinea, Ozeanien bis Fidschi<\/p>\n\n\n\n<p><strong>Erkennungsmerkmale: <\/strong> Farbe variabel von gr\u00fcn bis orange<\/p>\n\n\n\n<p><strong>Biologie &amp; Verhalten: <\/strong> Geisterpfeifenfische geh\u00f6ren zu den skurrilsten Fischen im Riff.<\/p>\n\n\n\n<p>Auch der Halimeda-Geisterpfeifenfisch ahmt mit seiner F\u00e4rbung und K\u00f6rperform seine Umgebung nach. Seine Flossen haben die Form der Halimeda-Alge. Auch er schwimmt mit dem Kopf nach unten. Die perfekte Tarnung ist f\u00fcr diesen Fisch \u00fcberlebenswichtig, denn er ist nur ein langsamer Schwimmer. Das M\u00e4nnchen ist kleiner als das Weibchen.<\/p>\n\n\n\n<p>Geisterpfeifenfische jagen Zooplankton. Sie pirschen sich an ihre kleinen Opfer ganz langsam heran und saugen sie mit ihrem fl\u00f6tenartigen Maul ein.<\/p>\n\n\n\n<p>Dieser Geisterpfeifenfisch wurde erst 2002 als eigene Art beschrieben und ist der Kleinste.<\/p>\n\n\n\n<p><strong>Bedrohungsstatus:<\/strong> Es liegen zu wenig Daten vor, um einen Status auf der Roten Liste der IUCN zu bestimmen.<br><\/p>\n\n\n\n<hr class=\"wp-block-separator has-alpha-channel-opacity is-style-default\"\/>\n","protected":false},"excerpt":{"rendered":"<p>Halimeda-Geisterpfeifenfisch Halimeda ghostpipefish Solenostomus halimeda Gr\u00f6\u00dfe: bis 5 cm Lebensraum: Algen im Riff, bevorzugt die Halimeda Alge Vorkommen: Malediven, ganz S\u00fcdostasien, Nordaustralien, Papua-Neuguinea, Ozeanien bis Fidschi Erkennungsmerkmale: Farbe variabel von gr\u00fcn bis orange Biologie &amp; Verhalten: Geisterpfeifenfische geh\u00f6ren zu den skurrilsten Fischen im Riff. Auch der Halimeda-Geisterpfeifenfisch ahmt mit seiner F\u00e4rbung und K\u00f6rperform seine Umgebung &hellip; <\/p>\n<p class=\"link-more\"><a href=\"https:\/\/alles-ueber-riffe.de\/?page_id=4824\" class=\"more-link\"><span class=\"screen-reader-text\">\u201eHalimeda-Geisterpfeifenfisch\u201c<\/span> weiterlesen<\/a><\/p>\n","protected":false},"author":1,"featured_media":0,"parent":0,"menu_order":0,"comment_status":"closed","ping_status":"closed","template":"","meta":{"footnotes":""},"class_list":["post-4824","page","type-page","status-publish","hentry"],"_links":{"self":[{"href":"https:\/\/alles-ueber-riffe.de\/index.php?rest_route=\/wp\/v2\/pages\/4824","targetHints":{"allow":["GET"]}}],"collection":[{"href":"https:\/\/alles-ueber-riffe.de\/index.php?rest_route=\/wp\/v2\/pages"}],"about":[{"href":"https:\/\/alles-ueber-riffe.de\/index.php?rest_route=\/wp\/v2\/types\/page"}],"author":[{"embeddable":true,"href":"https:\/\/alles-ueber-riffe.de\/index.php?rest_route=\/wp\/v2\/users\/1"}],"replies":[{"embeddable":true,"href":"https:\/\/alles-ueber-riffe.de\/index.php?rest_route=%2Fwp%2Fv2%2Fcomments&post=4824"}],"version-history":[{"count":7,"href":"https:\/\/alles-ueber-riffe.de\/index.php?rest_route=\/wp\/v2\/pages\/4824\/revisions"}],"predecessor-version":[{"id":7547,"href":"https:\/\/alles-ueber-riffe.de\/index.php?rest_route=\/wp\/v2\/pages\/4824\/revisions\/7547"}],"wp:attachment":[{"href":"https:\/\/alles-ueber-riffe.de\/index.php?rest_route=%2Fwp%2Fv2%2Fmedia&parent=4824"}],"curies":[{"name":"wp","href":"https:\/\/api.w.org\/{rel}","templated":true}]}}