{"id":470,"date":"2024-10-07T16:27:53","date_gmt":"2024-10-07T16:27:53","guid":{"rendered":"https:\/\/alles-ueber-riffe.de\/?page_id=470"},"modified":"2024-12-13T15:41:07","modified_gmt":"2024-12-13T15:41:07","slug":"wissen","status":"publish","type":"page","link":"https:\/\/alles-ueber-riffe.de\/?page_id=470","title":{"rendered":"Wissen"},"content":{"rendered":"\n<p>F\u00fcr alle, die sich intensiver mit Korallenriffen besch\u00e4ftigen m\u00f6chten, stellen wir hier ausgew\u00e4hlte  Literatur, Studien und Medien vor. <\/p>\n\n\n\n<figure class=\"wp-block-embed is-type-video is-provider-youtube wp-block-embed-youtube wp-embed-aspect-16-9 wp-has-aspect-ratio\"><div class=\"wp-block-embed__wrapper\">\n<iframe loading=\"lazy\" title=\"A day in the coral reef\" width=\"525\" height=\"295\" src=\"https:\/\/www.youtube.com\/embed\/MMrjK2BkDXw?feature=oembed\" frameborder=\"0\" allow=\"accelerometer; autoplay; clipboard-write; encrypted-media; gyroscope; picture-in-picture; web-share\" referrerpolicy=\"strict-origin-when-cross-origin\" allowfullscreen><\/iframe>\n<\/div><figcaption class=\"wp-element-caption\">&#8222;Ein Tag im Korallenriff&#8220; entstand im Rahmen der \u00d6ffentlichkeitsarbeit f\u00fcr das ICRS 2021\/22 in Bremen. Der Video wurde w\u00e4hrend der Ausstellung &#8222;Korallenriffe \u2013 vielf\u00e4ltig. verletzlich. verloren?&#8220; im \u00dcberseemuseum Bremen gezeigt.<\/figcaption><\/figure>\n\n\n\n<p><\/p>\n\n\n\n<p><\/p>\n","protected":false},"excerpt":{"rendered":"<p>F\u00fcr alle, die sich intensiver mit Korallenriffen besch\u00e4ftigen m\u00f6chten, stellen wir hier ausgew\u00e4hlte Literatur, Studien und Medien vor.<\/p>\n","protected":false},"author":1,"featured_media":0,"parent":0,"menu_order":0,"comment_status":"closed","ping_status":"closed","template":"","meta":{"footnotes":""},"class_list":["post-470","page","type-page","status-publish","hentry"],"_links":{"self":[{"href":"https:\/\/alles-ueber-riffe.de\/index.php?rest_route=\/wp\/v2\/pages\/470","targetHints":{"allow":["GET"]}}],"collection":[{"href":"https:\/\/alles-ueber-riffe.de\/index.php?rest_route=\/wp\/v2\/pages"}],"about":[{"href":"https:\/\/alles-ueber-riffe.de\/index.php?rest_route=\/wp\/v2\/types\/page"}],"author":[{"embeddable":true,"href":"https:\/\/alles-ueber-riffe.de\/index.php?rest_route=\/wp\/v2\/users\/1"}],"replies":[{"embeddable":true,"href":"https:\/\/alles-ueber-riffe.de\/index.php?rest_route=%2Fwp%2Fv2%2Fcomments&post=470"}],"version-history":[{"count":4,"href":"https:\/\/alles-ueber-riffe.de\/index.php?rest_route=\/wp\/v2\/pages\/470\/revisions"}],"predecessor-version":[{"id":4075,"href":"https:\/\/alles-ueber-riffe.de\/index.php?rest_route=\/wp\/v2\/pages\/470\/revisions\/4075"}],"wp:attachment":[{"href":"https:\/\/alles-ueber-riffe.de\/index.php?rest_route=%2Fwp%2Fv2%2Fmedia&parent=470"}],"curies":[{"name":"wp","href":"https:\/\/api.w.org\/{rel}","templated":true}]}}