{"id":4663,"date":"2025-01-08T05:11:26","date_gmt":"2025-01-08T05:11:26","guid":{"rendered":"https:\/\/alles-ueber-riffe.de\/?page_id=4663"},"modified":"2025-01-18T17:11:36","modified_gmt":"2025-01-18T17:11:36","slug":"schlanker-fuesilier","status":"publish","type":"page","link":"https:\/\/alles-ueber-riffe.de\/?page_id=4663","title":{"rendered":"Schlanker F\u00fcsilier"},"content":{"rendered":"\n<div class=\"wp-block-group is-vertical is-layout-flex wp-container-core-group-is-layout-8cf370e7 wp-block-group-is-layout-flex\">\n<p><strong>Schlanker F\u00fcsilier<\/strong><\/p>\n\n\n\n<p>Slender fusilier<\/p>\n\n\n\n<p><em>Gymnocaesio gymnoptera<\/em><\/p>\n<\/div>\n\n\n\n<div style=\"height:30px\" aria-hidden=\"true\" class=\"wp-block-spacer\"><\/div>\n\n\n\n<figure class=\"wp-block-video\"><video height=\"576\" style=\"aspect-ratio: 1024 \/ 576;\" width=\"1024\" controls src=\"https:\/\/alles-ueber-riffe.de\/wp-content\/uploads\/2025\/01\/Schlanker-Fuesilier.mp4\"><\/video><figcaption class=\"wp-element-caption\">\u00a9 Heinz Krimmer<\/figcaption><\/figure>\n\n\n\n<hr class=\"wp-block-separator has-alpha-channel-opacity is-style-default\"\/>\n\n\n\n<p><strong>Gr\u00f6\u00dfe: <\/strong> bis 18 cm<\/p>\n\n\n\n<p><strong>Lebensraum:<\/strong> Freiwasser in Riffn\u00e4he<\/p>\n\n\n\n<p><strong>Vorkommen:  <\/strong>von Ostafrika, Rotes Meer, Malediven, \u00fcber ganz S\u00fcdostasien, Nordaustralien, Ozeanien bis Fiji<\/p>\n\n\n\n<p><strong>Erkennungsmerkmale: <\/strong> schlanke K\u00f6rper; Grundfarbe silbern; schmaler, schwarzer L\u00e4ngsstreifen; Schwanzflossenspitzen schwarz<\/p>\n\n\n\n<p><strong>Biologie &amp; Verhalten: <\/strong> In gro\u00dfen Gruppen jagen sie im Freiwasser nach Zooplankton.<\/p>\n\n\n\n<p><strong>Bedrohungsstatus:<\/strong> Die Art wird auf der Roten Liste der IUCN als <mark style=\"background-color:rgba(0, 0, 0, 0)\" class=\"has-inline-color has-vivid-green-cyan-color\">\u201enicht gef\u00e4hrdet\u201c<\/mark> gef\u00fchrt.<\/p>\n\n\n\n<hr class=\"wp-block-separator has-alpha-channel-opacity is-style-default\"\/>\n","protected":false},"excerpt":{"rendered":"<p>Schlanker F\u00fcsilier Slender fusilier Gymnocaesio gymnoptera Gr\u00f6\u00dfe: bis 18 cm Lebensraum: Freiwasser in Riffn\u00e4he Vorkommen: von Ostafrika, Rotes Meer, Malediven, \u00fcber ganz S\u00fcdostasien, Nordaustralien, Ozeanien bis Fiji Erkennungsmerkmale: schlanke K\u00f6rper; Grundfarbe silbern; schmaler, schwarzer L\u00e4ngsstreifen; Schwanzflossenspitzen schwarz Biologie &amp; Verhalten: In gro\u00dfen Gruppen jagen sie im Freiwasser nach Zooplankton. Bedrohungsstatus: Die Art wird auf der &hellip; <\/p>\n<p class=\"link-more\"><a href=\"https:\/\/alles-ueber-riffe.de\/?page_id=4663\" class=\"more-link\"><span class=\"screen-reader-text\">\u201eSchlanker F\u00fcsilier\u201c<\/span> weiterlesen<\/a><\/p>\n","protected":false},"author":1,"featured_media":0,"parent":0,"menu_order":0,"comment_status":"closed","ping_status":"closed","template":"","meta":{"footnotes":""},"class_list":["post-4663","page","type-page","status-publish","hentry"],"_links":{"self":[{"href":"https:\/\/alles-ueber-riffe.de\/index.php?rest_route=\/wp\/v2\/pages\/4663","targetHints":{"allow":["GET"]}}],"collection":[{"href":"https:\/\/alles-ueber-riffe.de\/index.php?rest_route=\/wp\/v2\/pages"}],"about":[{"href":"https:\/\/alles-ueber-riffe.de\/index.php?rest_route=\/wp\/v2\/types\/page"}],"author":[{"embeddable":true,"href":"https:\/\/alles-ueber-riffe.de\/index.php?rest_route=\/wp\/v2\/users\/1"}],"replies":[{"embeddable":true,"href":"https:\/\/alles-ueber-riffe.de\/index.php?rest_route=%2Fwp%2Fv2%2Fcomments&post=4663"}],"version-history":[{"count":5,"href":"https:\/\/alles-ueber-riffe.de\/index.php?rest_route=\/wp\/v2\/pages\/4663\/revisions"}],"predecessor-version":[{"id":7467,"href":"https:\/\/alles-ueber-riffe.de\/index.php?rest_route=\/wp\/v2\/pages\/4663\/revisions\/7467"}],"wp:attachment":[{"href":"https:\/\/alles-ueber-riffe.de\/index.php?rest_route=%2Fwp%2Fv2%2Fmedia&parent=4663"}],"curies":[{"name":"wp","href":"https:\/\/api.w.org\/{rel}","templated":true}]}}