{"id":4653,"date":"2025-01-08T05:10:07","date_gmt":"2025-01-08T05:10:07","guid":{"rendered":"https:\/\/alles-ueber-riffe.de\/?page_id=4653"},"modified":"2025-01-16T13:15:12","modified_gmt":"2025-01-16T13:15:12","slug":"zwerg-fluegelrossfisch","status":"publish","type":"page","link":"https:\/\/alles-ueber-riffe.de\/?page_id=4653","title":{"rendered":"Zwerg-Fl\u00fcgelrossfisch"},"content":{"rendered":"\n<div class=\"wp-block-group is-vertical is-layout-flex wp-container-core-group-is-layout-8cf370e7 wp-block-group-is-layout-flex\">\n<p><strong>Zwerg-Fl\u00fcgelrossfisch<\/strong><\/p>\n\n\n\n<p>Short dragonfish<\/p>\n\n\n\n<p><em>Eurypegasus draconis<\/em><\/p>\n<\/div>\n\n\n\n<div style=\"height:30px\" aria-hidden=\"true\" class=\"wp-block-spacer\"><\/div>\n\n\n\n<figure class=\"wp-block-video\"><video height=\"576\" style=\"aspect-ratio: 1024 \/ 576;\" width=\"1024\" controls src=\"https:\/\/alles-ueber-riffe.de\/wp-content\/uploads\/2025\/01\/Zwerg-Fluegelrossfisch.mp4\"><\/video><figcaption class=\"wp-element-caption\">\u00a9 Heinz Krimmer<\/figcaption><\/figure>\n\n\n\n<hr class=\"wp-block-separator has-alpha-channel-opacity is-style-default\"\/>\n\n\n\n<p><strong>Gr\u00f6\u00dfe: <\/strong> bis 10 cm<\/p>\n\n\n\n<p><strong>Lebensraum:<\/strong> Sand-, Schlamm- und Ger\u00f6llb\u00f6den in der N\u00e4he der Korallenriffe<\/p>\n\n\n\n<p><strong>Vorkommen:  <\/strong>Ostafrika, Rotes Meer, Malediven, S\u00fcdjapan, ganz S\u00fcdostasien, Nordaustralien, Papua-Neuguinea, Ozeanien<\/p>\n\n\n\n<p><strong>Erkennungsmerkmale: <\/strong> Grundf\u00e4rbung dem Untergrund angepasst; d\u00fcnne lange Nase; aus Knochenplatten bestehender K\u00f6rper; gro\u00dfe Brustflossen<\/p>\n\n\n\n<p><strong>Biologie &amp; Verhalten: <\/strong> Zwerg-Fl\u00fcgelrossfische geh\u00f6ren sicher zu den skurrilsten Fischen. Gut getarnt entgehen sie leicht der Entdeckung. Schwimmen k\u00f6nnen sie weder weit, noch besonders gut. Sie bevorzugen auf ihren fingerf\u00f6rmigen Bauchflossen auf dem Boden zu laufen. Trotzdem haben sie es geschafft, sich fast im gesamten tropischen Pazifik zu verbreiten.<\/p>\n\n\n\n<p>Man findet sie meistens einzeln oder paarweise. Auch diese Fische sind monogam. Sie fressen kleine Wirbellose.<\/p>\n\n\n\n<p><strong>Bedrohungsstatus:<\/strong> Die Art wird auf der Roten Liste der IUCN als<mark style=\"background-color:rgba(0, 0, 0, 0)\" class=\"has-inline-color has-vivid-green-cyan-color\"> \u201enicht gef\u00e4hrdet\u201c<\/mark> gef\u00fchrt.<\/p>\n\n\n\n<hr class=\"wp-block-separator has-alpha-channel-opacity is-style-default\"\/>\n","protected":false},"excerpt":{"rendered":"<p>Zwerg-Fl\u00fcgelrossfisch Short dragonfish Eurypegasus draconis Gr\u00f6\u00dfe: bis 10 cm Lebensraum: Sand-, Schlamm- und Ger\u00f6llb\u00f6den in der N\u00e4he der Korallenriffe Vorkommen: Ostafrika, Rotes Meer, Malediven, S\u00fcdjapan, ganz S\u00fcdostasien, Nordaustralien, Papua-Neuguinea, Ozeanien Erkennungsmerkmale: Grundf\u00e4rbung dem Untergrund angepasst; d\u00fcnne lange Nase; aus Knochenplatten bestehender K\u00f6rper; gro\u00dfe Brustflossen Biologie &amp; Verhalten: Zwerg-Fl\u00fcgelrossfische geh\u00f6ren sicher zu den skurrilsten Fischen. Gut &hellip; <\/p>\n<p class=\"link-more\"><a href=\"https:\/\/alles-ueber-riffe.de\/?page_id=4653\" class=\"more-link\"><span class=\"screen-reader-text\">\u201eZwerg-Fl\u00fcgelrossfisch\u201c<\/span> weiterlesen<\/a><\/p>\n","protected":false},"author":1,"featured_media":0,"parent":0,"menu_order":0,"comment_status":"closed","ping_status":"closed","template":"","meta":{"footnotes":""},"class_list":["post-4653","page","type-page","status-publish","hentry"],"_links":{"self":[{"href":"https:\/\/alles-ueber-riffe.de\/index.php?rest_route=\/wp\/v2\/pages\/4653","targetHints":{"allow":["GET"]}}],"collection":[{"href":"https:\/\/alles-ueber-riffe.de\/index.php?rest_route=\/wp\/v2\/pages"}],"about":[{"href":"https:\/\/alles-ueber-riffe.de\/index.php?rest_route=\/wp\/v2\/types\/page"}],"author":[{"embeddable":true,"href":"https:\/\/alles-ueber-riffe.de\/index.php?rest_route=\/wp\/v2\/users\/1"}],"replies":[{"embeddable":true,"href":"https:\/\/alles-ueber-riffe.de\/index.php?rest_route=%2Fwp%2Fv2%2Fcomments&post=4653"}],"version-history":[{"count":7,"href":"https:\/\/alles-ueber-riffe.de\/index.php?rest_route=\/wp\/v2\/pages\/4653\/revisions"}],"predecessor-version":[{"id":6895,"href":"https:\/\/alles-ueber-riffe.de\/index.php?rest_route=\/wp\/v2\/pages\/4653\/revisions\/6895"}],"wp:attachment":[{"href":"https:\/\/alles-ueber-riffe.de\/index.php?rest_route=%2Fwp%2Fv2%2Fmedia&parent=4653"}],"curies":[{"name":"wp","href":"https:\/\/api.w.org\/{rel}","templated":true}]}}