{"id":4651,"date":"2025-01-08T05:09:50","date_gmt":"2025-01-08T05:09:50","guid":{"rendered":"https:\/\/alles-ueber-riffe.de\/?page_id=4651"},"modified":"2025-01-16T17:23:45","modified_gmt":"2025-01-16T17:23:45","slug":"floetenfisch","status":"publish","type":"page","link":"https:\/\/alles-ueber-riffe.de\/?page_id=4651","title":{"rendered":"Fl\u00f6tenfisch"},"content":{"rendered":"\n<div class=\"wp-block-group is-vertical is-layout-flex wp-container-core-group-is-layout-8cf370e7 wp-block-group-is-layout-flex\">\n<p><strong>Fl\u00f6tenfisch<\/strong><\/p>\n\n\n\n<p>Bluespotted cornetfish<\/p>\n\n\n\n<p><em>Fistularia commersonii<\/em><\/p>\n<\/div>\n\n\n\n<div style=\"height:30px\" aria-hidden=\"true\" class=\"wp-block-spacer\"><\/div>\n\n\n\n<figure class=\"wp-block-video\"><video height=\"576\" style=\"aspect-ratio: 1024 \/ 576;\" width=\"1024\" controls src=\"https:\/\/alles-ueber-riffe.de\/wp-content\/uploads\/2025\/01\/Floetenfisch-Kopie-2.mp4\"><\/video><figcaption class=\"wp-element-caption\">\u00a9 Heinz Krimmer<\/figcaption><\/figure>\n\n\n\n<hr class=\"wp-block-separator has-alpha-channel-opacity is-style-default\"\/>\n\n\n\n<p><strong>Gr\u00f6\u00dfe: <\/strong> bis 1,6 m<\/p>\n\n\n\n<p><strong>Lebensraum:<\/strong> Korallenriffe, Sand- und Ger\u00f6llb\u00f6den; Seegraswiesen<\/p>\n\n\n\n<p><strong>Vorkommen: <\/strong>Ostafrika, Rotes Meer, Malediven, S\u00fcdjapan, ganz S\u00fcdostasien, Nordaustralien, Papua-Neuguinea, Ozeanien, K\u00fcste Mittelamerikas<\/p>\n\n\n\n<p><strong>Erkennungsmerkmale: <\/strong> silbern, lang und d\u00fcnn<\/p>\n\n\n\n<p><strong>Biologie &amp; Verhalten: <\/strong> Fl\u00f6tenfische findet man \u00fcberall, wo es etwas zu fressen gibt. Sie jagen Fische, Krebse, Garnelen und Tintenfische. Gerne verstecken sie sich in Fischschw\u00e4rmen aber auch hinter Tauchern, um unbemerkt an ihre Beute heranzukommen. Sie jagen bevorzugt kleine Fische wie z.B. Fahnenbarsche. Sind sie nahe genug, schnellen sie blitzschnell auf ihr Opfer zu und saugen es mit ihrem fl\u00f6tenartigen, langen Maul ein.&nbsp;&nbsp;Wenn sie sich ausruhen, sieht man sie oft in kleinen Gruppen unter einem Steg oder im flachen Bereich des Riffes im Wasser stehen. Nachts sind sie quergestreift, \u00e4ndern aber schnell ihre Farbe, wenn man sie anleuchtet.<\/p>\n\n\n\n<p>Am leichtesten verwechselt man sie mit dem Trompetenfisch, der eine \u00e4hnliche Form hat und mit dem sie auch verwandt sind. Dieser ist aber entweder dunkel gemustert oder ganz gelb.<\/p>\n\n\n\n<p><strong>Bedrohungsstatus:<\/strong> Die Art wird auf der Roten Liste der IUCN als<mark style=\"background-color:rgba(0, 0, 0, 0)\" class=\"has-inline-color has-vivid-green-cyan-color\"> \u201enicht gef\u00e4hrdet\u201c<\/mark> gef\u00fchrt.<\/p>\n\n\n\n<hr class=\"wp-block-separator has-alpha-channel-opacity is-style-default\"\/>\n","protected":false},"excerpt":{"rendered":"<p>Fl\u00f6tenfisch Bluespotted cornetfish Fistularia commersonii Gr\u00f6\u00dfe: bis 1,6 m Lebensraum: Korallenriffe, Sand- und Ger\u00f6llb\u00f6den; Seegraswiesen Vorkommen: Ostafrika, Rotes Meer, Malediven, S\u00fcdjapan, ganz S\u00fcdostasien, Nordaustralien, Papua-Neuguinea, Ozeanien, K\u00fcste Mittelamerikas Erkennungsmerkmale: silbern, lang und d\u00fcnn Biologie &amp; Verhalten: Fl\u00f6tenfische findet man \u00fcberall, wo es etwas zu fressen gibt. Sie jagen Fische, Krebse, Garnelen und Tintenfische. Gerne verstecken &hellip; <\/p>\n<p class=\"link-more\"><a href=\"https:\/\/alles-ueber-riffe.de\/?page_id=4651\" class=\"more-link\"><span class=\"screen-reader-text\">\u201eFl\u00f6tenfisch\u201c<\/span> weiterlesen<\/a><\/p>\n","protected":false},"author":1,"featured_media":0,"parent":0,"menu_order":0,"comment_status":"closed","ping_status":"closed","template":"","meta":{"footnotes":""},"class_list":["post-4651","page","type-page","status-publish","hentry"],"_links":{"self":[{"href":"https:\/\/alles-ueber-riffe.de\/index.php?rest_route=\/wp\/v2\/pages\/4651","targetHints":{"allow":["GET"]}}],"collection":[{"href":"https:\/\/alles-ueber-riffe.de\/index.php?rest_route=\/wp\/v2\/pages"}],"about":[{"href":"https:\/\/alles-ueber-riffe.de\/index.php?rest_route=\/wp\/v2\/types\/page"}],"author":[{"embeddable":true,"href":"https:\/\/alles-ueber-riffe.de\/index.php?rest_route=\/wp\/v2\/users\/1"}],"replies":[{"embeddable":true,"href":"https:\/\/alles-ueber-riffe.de\/index.php?rest_route=%2Fwp%2Fv2%2Fcomments&post=4651"}],"version-history":[{"count":10,"href":"https:\/\/alles-ueber-riffe.de\/index.php?rest_route=\/wp\/v2\/pages\/4651\/revisions"}],"predecessor-version":[{"id":6957,"href":"https:\/\/alles-ueber-riffe.de\/index.php?rest_route=\/wp\/v2\/pages\/4651\/revisions\/6957"}],"wp:attachment":[{"href":"https:\/\/alles-ueber-riffe.de\/index.php?rest_route=%2Fwp%2Fv2%2Fmedia&parent=4651"}],"curies":[{"name":"wp","href":"https:\/\/api.w.org\/{rel}","templated":true}]}}