{"id":4591,"date":"2025-01-08T05:03:25","date_gmt":"2025-01-08T05:03:25","guid":{"rendered":"https:\/\/alles-ueber-riffe.de\/?page_id=4591"},"modified":"2025-01-17T10:19:00","modified_gmt":"2025-01-17T10:19:00","slug":"langmaul-pinzettfisch","status":"publish","type":"page","link":"https:\/\/alles-ueber-riffe.de\/?page_id=4591","title":{"rendered":"Langmaul-Pinzettfisch"},"content":{"rendered":"\n<div class=\"wp-block-group is-vertical is-layout-flex wp-container-core-group-is-layout-8cf370e7 wp-block-group-is-layout-flex\">\n<p><strong>Langmaul-Pinzettfisch<\/strong><\/p>\n\n\n\n<p>Longnose butterflyfish<\/p>\n\n\n\n<p><em>Forciper longirostris<\/em><\/p>\n<\/div>\n\n\n\n<div style=\"height:30px\" aria-hidden=\"true\" class=\"wp-block-spacer\"><\/div>\n\n\n\n<figure class=\"wp-block-image size-full\"><img loading=\"lazy\" decoding=\"async\" width=\"1024\" height=\"768\" src=\"https:\/\/alles-ueber-riffe.de\/wp-content\/uploads\/2025\/01\/Langmaul-Pinzettfisch_1024x768.jpg\" alt=\"\" class=\"wp-image-7067\" srcset=\"https:\/\/alles-ueber-riffe.de\/wp-content\/uploads\/2025\/01\/Langmaul-Pinzettfisch_1024x768.jpg 1024w, https:\/\/alles-ueber-riffe.de\/wp-content\/uploads\/2025\/01\/Langmaul-Pinzettfisch_1024x768-300x225.jpg 300w, https:\/\/alles-ueber-riffe.de\/wp-content\/uploads\/2025\/01\/Langmaul-Pinzettfisch_1024x768-768x576.jpg 768w\" sizes=\"auto, (max-width: 767px) 89vw, (max-width: 1000px) 54vw, (max-width: 1071px) 543px, 580px\" \/><figcaption class=\"wp-element-caption\">\u00a9 Joris Rombouts<\/figcaption><\/figure>\n\n\n\n<hr class=\"wp-block-separator has-alpha-channel-opacity is-style-default\"\/>\n\n\n\n<p><strong>Gr\u00f6\u00dfe: <\/strong> bis 22 cm<\/p>\n\n\n\n<p><strong>Lebensraum:<\/strong> Korallenriffe<\/p>\n\n\n\n<p><strong>Vorkommen:  <\/strong>Ostafrika, Malediven, S\u00fcdjapan, ganz S\u00fcdostasien, Nordaustralien, Papua-Neuguinea, Ozeanien bis Hawaii<\/p>\n\n\n\n<p><strong>Erkennungsmerkmale: <\/strong> Grundfarbe gelb; Kopf oben schwarz und unten wei\u00df; schwarzer Punkt an der Afterflosse<\/p>\n\n\n\n<p>Pinzettfische bilden innerhalb der Familie der Falterfische eine kleine Gruppe von sieben Arten. Charakteristisch ist ihr R\u00f6hrenmaul, mit dem sie Wirbellose auch aus den kleinsten Spalten herauspicken k\u00f6nnen.<\/p>\n\n\n\n<p>Von ihm kaum zu unterscheiden ist der R\u00f6hrenmaul-Pinzettfisch (Forciper flavissiumus). Seine Schnauze ist etwas k\u00fcrzer. Das Verbreitungsgebiet deckt sich bis auf das Rote Meer und die K\u00fcste Mittelamerikas leider weitgehend, so dass man bei der Sichtung wohl nie ganz sicher sein kann, welche Art man nun gesehen hat. Zur allgemeinen Verwirrung ist der englische Name ist bei allen beiden Arten gleich.<\/p>\n\n\n\n<p>Ebenfalls \u00e4hnlich ist der&nbsp;Cenderawasih-Pinzettfisch (Forciper wanai) aus Indonesien und Papua-Neuguinea. Dieser hat nach dem schwarz-wei\u00dfen Kopf ein hellgelbes Querband, das ihn ganz gut unterscheidet.<\/p>\n\n\n\n<p><strong>Bedrohungsstatus:<\/strong> Die Art wird auf der Roten Liste der IUCN als <mark style=\"background-color:rgba(0, 0, 0, 0)\" class=\"has-inline-color has-vivid-green-cyan-color\">\u201enicht gef\u00e4hrdet<\/mark>\u201c gef\u00fchrt.<\/p>\n\n\n\n<hr class=\"wp-block-separator has-alpha-channel-opacity is-style-default\"\/>\n","protected":false},"excerpt":{"rendered":"<p>Langmaul-Pinzettfisch Longnose butterflyfish Forciper longirostris Gr\u00f6\u00dfe: bis 22 cm Lebensraum: Korallenriffe Vorkommen: Ostafrika, Malediven, S\u00fcdjapan, ganz S\u00fcdostasien, Nordaustralien, Papua-Neuguinea, Ozeanien bis Hawaii Erkennungsmerkmale: Grundfarbe gelb; Kopf oben schwarz und unten wei\u00df; schwarzer Punkt an der Afterflosse Pinzettfische bilden innerhalb der Familie der Falterfische eine kleine Gruppe von sieben Arten. Charakteristisch ist ihr R\u00f6hrenmaul, mit dem &hellip; <\/p>\n<p class=\"link-more\"><a href=\"https:\/\/alles-ueber-riffe.de\/?page_id=4591\" class=\"more-link\"><span class=\"screen-reader-text\">\u201eLangmaul-Pinzettfisch\u201c<\/span> weiterlesen<\/a><\/p>\n","protected":false},"author":1,"featured_media":0,"parent":0,"menu_order":0,"comment_status":"closed","ping_status":"closed","template":"","meta":{"footnotes":""},"class_list":["post-4591","page","type-page","status-publish","hentry"],"_links":{"self":[{"href":"https:\/\/alles-ueber-riffe.de\/index.php?rest_route=\/wp\/v2\/pages\/4591","targetHints":{"allow":["GET"]}}],"collection":[{"href":"https:\/\/alles-ueber-riffe.de\/index.php?rest_route=\/wp\/v2\/pages"}],"about":[{"href":"https:\/\/alles-ueber-riffe.de\/index.php?rest_route=\/wp\/v2\/types\/page"}],"author":[{"embeddable":true,"href":"https:\/\/alles-ueber-riffe.de\/index.php?rest_route=\/wp\/v2\/users\/1"}],"replies":[{"embeddable":true,"href":"https:\/\/alles-ueber-riffe.de\/index.php?rest_route=%2Fwp%2Fv2%2Fcomments&post=4591"}],"version-history":[{"count":6,"href":"https:\/\/alles-ueber-riffe.de\/index.php?rest_route=\/wp\/v2\/pages\/4591\/revisions"}],"predecessor-version":[{"id":7071,"href":"https:\/\/alles-ueber-riffe.de\/index.php?rest_route=\/wp\/v2\/pages\/4591\/revisions\/7071"}],"wp:attachment":[{"href":"https:\/\/alles-ueber-riffe.de\/index.php?rest_route=%2Fwp%2Fv2%2Fmedia&parent=4591"}],"curies":[{"name":"wp","href":"https:\/\/api.w.org\/{rel}","templated":true}]}}