{"id":4563,"date":"2025-01-08T05:00:38","date_gmt":"2025-01-08T05:00:38","guid":{"rendered":"https:\/\/alles-ueber-riffe.de\/?page_id=4563"},"modified":"2025-01-17T09:39:57","modified_gmt":"2025-01-17T09:39:57","slug":"schwarm-wimpelfisch","status":"publish","type":"page","link":"https:\/\/alles-ueber-riffe.de\/?page_id=4563","title":{"rendered":"Schwarm-Wimpelfisch"},"content":{"rendered":"\n<div class=\"wp-block-group is-vertical is-layout-flex wp-container-core-group-is-layout-8cf370e7 wp-block-group-is-layout-flex\">\n<p><strong>Schwarm-Wimpelfisch<\/strong><\/p>\n\n\n\n<p>False moorish idol<\/p>\n\n\n\n<p><em>Heniochus diphreutes<\/em><\/p>\n<\/div>\n\n\n\n<div style=\"height:30px\" aria-hidden=\"true\" class=\"wp-block-spacer\"><\/div>\n\n\n\n<figure class=\"wp-block-video\"><video height=\"576\" style=\"aspect-ratio: 1024 \/ 576;\" width=\"1024\" controls src=\"https:\/\/alles-ueber-riffe.de\/wp-content\/uploads\/2025\/01\/Schwarm-Wimpelfisch-Kopie.mp4\"><\/video><figcaption class=\"wp-element-caption\">\u00a9 Heinz Krimmer<\/figcaption><\/figure>\n\n\n\n<hr class=\"wp-block-separator has-alpha-channel-opacity is-style-default\"\/>\n\n\n\n<p><strong>Gr\u00f6\u00dfe: <\/strong> bis 21 cm<\/p>\n\n\n\n<p><strong>Lebensraum:<\/strong> Korallenriffe<\/p>\n\n\n\n<p><strong>Vorkommen: <\/strong>von Ostafrika, Rotes Meer, Malediven, ganz S\u00fcdostasien, S\u00fcdjapan, Nordaustralien, Papua-Neuguinea, Ozeanien bis Hawaii<\/p>\n\n\n\n<p><strong>Erkennungsmerkmale: <\/strong> Grundfarbe wei\u00df; zwei breite, schwarze Querb\u00e4nder; gelbliche R\u00fccken- und Schwanzflosse; vorgew\u00f6lbte Brust; die vordere R\u00fcckenflosse ist zu einem langen, wei\u00dfen Wimpel verl\u00e4ngert\u00a0<\/p>\n\n\n\n<p><strong>Biologie &amp; Verhalten: <\/strong> Drei weitere Wimpelfische k\u00f6nnen mit dem Schwarm-Wimpelfisch leicht verwechselt werden:<\/p>\n\n\n\n<p>Der Rotmeer-Wimpelfisch ( Heniochus intermedius), der aber nur im Roten Meer und Oman vorkommt, einen kleinen Stirnh\u00f6cker hat und auch am Bauch gelblich ist.<\/p>\n\n\n\n<p>Der Gemeine-Wimpelfisch (Heniochus acuminatus), dessen Brust nicht vorgew\u00f6lbt ist.<\/p>\n\n\n\n<p>Der Masken-Wimpelfisch (Heniochus monoceros), der einen schwarzen Kopf mit wei\u00dfer Zeichnung hat.<\/p>\n\n\n\n<p>Der Halfterfisch (Zanclus cornutus), der im gesamten tropischen Pazifik mit Ausnahme des Roten Meeres vorkommt, aber auf der Schnauze einen gelben Sattelfleck hat. Der Halfterfisch geh\u00f6rt nicht zu den Falterfischen sondern geh\u00f6rt zu der Gattung Zanclus. Er ist auch die einzige Art dieser Gattung.<\/p>\n\n\n\n<p><strong>Bedrohungsstatus:<\/strong> Die Art wird auf der Roten Liste der IUCN als <mark style=\"background-color:rgba(0, 0, 0, 0)\" class=\"has-inline-color has-vivid-green-cyan-color\">\u201enicht gef\u00e4hrdet\u201c<\/mark> gef\u00fchrt.<\/p>\n\n\n\n<hr class=\"wp-block-separator has-alpha-channel-opacity is-style-default\"\/>\n","protected":false},"excerpt":{"rendered":"<p>Schwarm-Wimpelfisch False moorish idol Heniochus diphreutes Gr\u00f6\u00dfe: bis 21 cm Lebensraum: Korallenriffe Vorkommen: von Ostafrika, Rotes Meer, Malediven, ganz S\u00fcdostasien, S\u00fcdjapan, Nordaustralien, Papua-Neuguinea, Ozeanien bis Hawaii Erkennungsmerkmale: Grundfarbe wei\u00df; zwei breite, schwarze Querb\u00e4nder; gelbliche R\u00fccken- und Schwanzflosse; vorgew\u00f6lbte Brust; die vordere R\u00fcckenflosse ist zu einem langen, wei\u00dfen Wimpel verl\u00e4ngert\u00a0 Biologie &amp; Verhalten: Drei weitere Wimpelfische &hellip; <\/p>\n<p class=\"link-more\"><a href=\"https:\/\/alles-ueber-riffe.de\/?page_id=4563\" class=\"more-link\"><span class=\"screen-reader-text\">\u201eSchwarm-Wimpelfisch\u201c<\/span> weiterlesen<\/a><\/p>\n","protected":false},"author":1,"featured_media":0,"parent":0,"menu_order":0,"comment_status":"closed","ping_status":"closed","template":"","meta":{"footnotes":""},"class_list":["post-4563","page","type-page","status-publish","hentry"],"_links":{"self":[{"href":"https:\/\/alles-ueber-riffe.de\/index.php?rest_route=\/wp\/v2\/pages\/4563","targetHints":{"allow":["GET"]}}],"collection":[{"href":"https:\/\/alles-ueber-riffe.de\/index.php?rest_route=\/wp\/v2\/pages"}],"about":[{"href":"https:\/\/alles-ueber-riffe.de\/index.php?rest_route=\/wp\/v2\/types\/page"}],"author":[{"embeddable":true,"href":"https:\/\/alles-ueber-riffe.de\/index.php?rest_route=\/wp\/v2\/users\/1"}],"replies":[{"embeddable":true,"href":"https:\/\/alles-ueber-riffe.de\/index.php?rest_route=%2Fwp%2Fv2%2Fcomments&post=4563"}],"version-history":[{"count":6,"href":"https:\/\/alles-ueber-riffe.de\/index.php?rest_route=\/wp\/v2\/pages\/4563\/revisions"}],"predecessor-version":[{"id":7046,"href":"https:\/\/alles-ueber-riffe.de\/index.php?rest_route=\/wp\/v2\/pages\/4563\/revisions\/7046"}],"wp:attachment":[{"href":"https:\/\/alles-ueber-riffe.de\/index.php?rest_route=%2Fwp%2Fv2%2Fmedia&parent=4563"}],"curies":[{"name":"wp","href":"https:\/\/api.w.org\/{rel}","templated":true}]}}