{"id":4487,"date":"2025-01-08T04:48:15","date_gmt":"2025-01-08T04:48:15","guid":{"rendered":"https:\/\/alles-ueber-riffe.de\/?page_id=4487"},"modified":"2025-01-16T08:36:22","modified_gmt":"2025-01-16T08:36:22","slug":"riff-eidechsenfisch","status":"publish","type":"page","link":"https:\/\/alles-ueber-riffe.de\/?page_id=4487","title":{"rendered":"Riff-Eidechsenfisch"},"content":{"rendered":"\n<div class=\"wp-block-group is-vertical is-layout-flex wp-container-core-group-is-layout-8cf370e7 wp-block-group-is-layout-flex\">\n<p><strong>Riff-Eidechsenfisch<\/strong><\/p>\n\n\n\n<p>Variegated lizardfish<\/p>\n\n\n\n<p><em>Synodus variegatus<\/em><\/p>\n<\/div>\n\n\n\n<div style=\"height:30px\" aria-hidden=\"true\" class=\"wp-block-spacer\"><\/div>\n\n\n\n<figure class=\"wp-block-video\"><video height=\"576\" style=\"aspect-ratio: 1024 \/ 576;\" width=\"1024\" controls src=\"https:\/\/alles-ueber-riffe.de\/wp-content\/uploads\/2025\/01\/Riff-Eidechsenfisch.mp4\"><\/video><figcaption class=\"wp-element-caption\">\u00a9 Heinz Krimmer<\/figcaption><\/figure>\n\n\n\n<hr class=\"wp-block-separator has-alpha-channel-opacity is-style-default\"\/>\n\n\n\n<p><strong>Gr\u00f6\u00dfe: <\/strong> bis 40 cm<\/p>\n\n\n\n<p><strong>Lebensraum:<\/strong> Korallenriffe<\/p>\n\n\n\n<p><strong>Vorkommen:  <\/strong>Ostafrika, Rotes Meer, Malediven, S\u00fcdjapan, ganz S\u00fcdostasien, Nordaustralien, Papua-Neuguinea, Ozeanien bis Hawaii<\/p>\n\n\n\n<p><strong>Erkennungsmerkmale: <\/strong> Quer- und L\u00e4ngsstreifen aus dunklen und helleren, roten Flecken<\/p>\n\n\n\n<p><strong>Biologie &amp; Verhalten: <\/strong> Eidechsenfische machen einem die Bestimmung nicht leicht. Insbesondere der Riff- und der Sand-Eidechsenfisch sehen sich sehr \u00e4hnlich und leben auch noch im gleichen Verbreitungsgebiet.<\/p>\n\n\n\n<p>Der Riff-Eidechsenfisch liegt gerne auf erh\u00f6hten Korallen oder Steinen und beobachtet seine Umgebung genau. Leider aber auch auf dem Sand, oder gr\u00e4bt sich wie der Sand-Eidechsenfisch ein. Auch der Sandeidechsenfisch liegt ab und zu auf einen Stein oder eine Koralle.<\/p>\n\n\n\n<p>Beide Arten k\u00f6nnen leicht mit Sandbarschen verwechselt werden. Hier orientiert man sich am besten am Maul. Eidechsenfische jagen Fische und ihr Maul ist gr\u00f6\u00dfer und voller Z\u00e4hne.<\/p>\n\n\n\n<p>Einzeln oder paarweise im Riff anzutreffen.<\/p>\n\n\n\n<p><strong>Bedrohungsstatus:<\/strong> Die Art wird auf der Roten Liste der IUCN als <mark style=\"background-color:rgba(0, 0, 0, 0)\" class=\"has-inline-color has-vivid-green-cyan-color\">\u201e nicht gef\u00e4hrdet\u201c<\/mark> gef\u00fchrt.<\/p>\n\n\n\n<hr class=\"wp-block-separator has-alpha-channel-opacity is-style-default\"\/>\n","protected":false},"excerpt":{"rendered":"<p>Riff-Eidechsenfisch Variegated lizardfish Synodus variegatus Gr\u00f6\u00dfe: bis 40 cm Lebensraum: Korallenriffe Vorkommen: Ostafrika, Rotes Meer, Malediven, S\u00fcdjapan, ganz S\u00fcdostasien, Nordaustralien, Papua-Neuguinea, Ozeanien bis Hawaii Erkennungsmerkmale: Quer- und L\u00e4ngsstreifen aus dunklen und helleren, roten Flecken Biologie &amp; Verhalten: Eidechsenfische machen einem die Bestimmung nicht leicht. Insbesondere der Riff- und der Sand-Eidechsenfisch sehen sich sehr \u00e4hnlich und &hellip; <\/p>\n<p class=\"link-more\"><a href=\"https:\/\/alles-ueber-riffe.de\/?page_id=4487\" class=\"more-link\"><span class=\"screen-reader-text\">\u201eRiff-Eidechsenfisch\u201c<\/span> weiterlesen<\/a><\/p>\n","protected":false},"author":1,"featured_media":0,"parent":0,"menu_order":0,"comment_status":"closed","ping_status":"closed","template":"","meta":{"footnotes":""},"class_list":["post-4487","page","type-page","status-publish","hentry"],"_links":{"self":[{"href":"https:\/\/alles-ueber-riffe.de\/index.php?rest_route=\/wp\/v2\/pages\/4487","targetHints":{"allow":["GET"]}}],"collection":[{"href":"https:\/\/alles-ueber-riffe.de\/index.php?rest_route=\/wp\/v2\/pages"}],"about":[{"href":"https:\/\/alles-ueber-riffe.de\/index.php?rest_route=\/wp\/v2\/types\/page"}],"author":[{"embeddable":true,"href":"https:\/\/alles-ueber-riffe.de\/index.php?rest_route=\/wp\/v2\/users\/1"}],"replies":[{"embeddable":true,"href":"https:\/\/alles-ueber-riffe.de\/index.php?rest_route=%2Fwp%2Fv2%2Fcomments&post=4487"}],"version-history":[{"count":5,"href":"https:\/\/alles-ueber-riffe.de\/index.php?rest_route=\/wp\/v2\/pages\/4487\/revisions"}],"predecessor-version":[{"id":6746,"href":"https:\/\/alles-ueber-riffe.de\/index.php?rest_route=\/wp\/v2\/pages\/4487\/revisions\/6746"}],"wp:attachment":[{"href":"https:\/\/alles-ueber-riffe.de\/index.php?rest_route=%2Fwp%2Fv2%2Fmedia&parent=4487"}],"curies":[{"name":"wp","href":"https:\/\/api.w.org\/{rel}","templated":true}]}}