{"id":4423,"date":"2025-01-07T13:54:15","date_gmt":"2025-01-07T13:54:15","guid":{"rendered":"https:\/\/alles-ueber-riffe.de\/?page_id=4423"},"modified":"2025-01-13T10:08:17","modified_gmt":"2025-01-13T10:08:17","slug":"maskennasendoktorfisch","status":"publish","type":"page","link":"https:\/\/alles-ueber-riffe.de\/?page_id=4423","title":{"rendered":"Maskennasendoktorfisch"},"content":{"rendered":"\n<div class=\"wp-block-group is-vertical is-layout-flex wp-container-core-group-is-layout-8cf370e7 wp-block-group-is-layout-flex\">\n<p><strong>Maskennasen-Doktorfisch<\/strong><\/p>\n\n\n\n<p>Bignose unicornfish<\/p>\n\n\n\n<p><em>Naso vlamingii<\/em><\/p>\n<\/div>\n\n\n\n<div style=\"height:30px\" aria-hidden=\"true\" class=\"wp-block-spacer\"><\/div>\n\n\n\n<figure class=\"wp-block-image size-full\"><img loading=\"lazy\" decoding=\"async\" width=\"1024\" height=\"768\" src=\"https:\/\/alles-ueber-riffe.de\/wp-content\/uploads\/2025\/01\/Maskennasen-Doktorfisch_1024x768.jpg\" alt=\"\" class=\"wp-image-6392\" srcset=\"https:\/\/alles-ueber-riffe.de\/wp-content\/uploads\/2025\/01\/Maskennasen-Doktorfisch_1024x768.jpg 1024w, https:\/\/alles-ueber-riffe.de\/wp-content\/uploads\/2025\/01\/Maskennasen-Doktorfisch_1024x768-300x225.jpg 300w, https:\/\/alles-ueber-riffe.de\/wp-content\/uploads\/2025\/01\/Maskennasen-Doktorfisch_1024x768-768x576.jpg 768w\" sizes=\"auto, (max-width: 767px) 89vw, (max-width: 1000px) 54vw, (max-width: 1071px) 543px, 580px\" \/><figcaption class=\"wp-element-caption\">\u00a9 Heinz Krimmer<\/figcaption><\/figure>\n\n\n\n<hr class=\"wp-block-separator has-alpha-channel-opacity is-style-default\"\/>\n\n\n\n<p><strong>Gr\u00f6\u00dfe: <\/strong> bis 60 cm<\/p>\n\n\n\n<p><strong>Lebensraum:<\/strong> Korallenriffe<\/p>\n\n\n\n<p><strong>Vorkommen:  <\/strong>Ostafrika, Malediven, ganz S\u00fcdostasien, S\u00fcdjapan, Nordaustralien, Papua-Neuguinea, Ozeanien, Galapagos<\/p>\n\n\n\n<p><strong>Erkennungsmerkmale: <\/strong> kein Horn; ausgepr\u00e4gte dicke Nase mit blauem L\u00e4ngsband<\/p>\n\n\n\n<p><strong>Biologie &amp; Verhalten: <\/strong> Dieser Doktorfisch ist ein Verwandlungsk\u00fcnstler. Blitzschnell kann er die Farbe von hellblau in dunkelbraun wechseln. Der Maskennasen-Doktorfisch ern\u00e4hrt sich von Zooplankton.\u00a0\u00a0Er lebt sowohl paarweise als auch in gro\u00dfen Gruppen.<\/p>\n\n\n\n<p><strong>Bedrohungsstatus:<\/strong> Die Art wird auf der Roten Liste der IUCN als \u201e nicht gef\u00e4hrdet\u201c gef\u00fchrt.<\/p>\n\n\n\n<hr class=\"wp-block-separator has-alpha-channel-opacity is-style-default\"\/>\n","protected":false},"excerpt":{"rendered":"<p>Maskennasen-Doktorfisch Bignose unicornfish Naso vlamingii Gr\u00f6\u00dfe: bis 60 cm Lebensraum: Korallenriffe Vorkommen: Ostafrika, Malediven, ganz S\u00fcdostasien, S\u00fcdjapan, Nordaustralien, Papua-Neuguinea, Ozeanien, Galapagos Erkennungsmerkmale: kein Horn; ausgepr\u00e4gte dicke Nase mit blauem L\u00e4ngsband Biologie &amp; Verhalten: Dieser Doktorfisch ist ein Verwandlungsk\u00fcnstler. Blitzschnell kann er die Farbe von hellblau in dunkelbraun wechseln. Der Maskennasen-Doktorfisch ern\u00e4hrt sich von Zooplankton.\u00a0\u00a0Er lebt &hellip; <\/p>\n<p class=\"link-more\"><a href=\"https:\/\/alles-ueber-riffe.de\/?page_id=4423\" class=\"more-link\"><span class=\"screen-reader-text\">\u201eMaskennasendoktorfisch\u201c<\/span> weiterlesen<\/a><\/p>\n","protected":false},"author":1,"featured_media":0,"parent":0,"menu_order":0,"comment_status":"closed","ping_status":"closed","template":"","meta":{"footnotes":""},"class_list":["post-4423","page","type-page","status-publish","hentry"],"_links":{"self":[{"href":"https:\/\/alles-ueber-riffe.de\/index.php?rest_route=\/wp\/v2\/pages\/4423","targetHints":{"allow":["GET"]}}],"collection":[{"href":"https:\/\/alles-ueber-riffe.de\/index.php?rest_route=\/wp\/v2\/pages"}],"about":[{"href":"https:\/\/alles-ueber-riffe.de\/index.php?rest_route=\/wp\/v2\/types\/page"}],"author":[{"embeddable":true,"href":"https:\/\/alles-ueber-riffe.de\/index.php?rest_route=\/wp\/v2\/users\/1"}],"replies":[{"embeddable":true,"href":"https:\/\/alles-ueber-riffe.de\/index.php?rest_route=%2Fwp%2Fv2%2Fcomments&post=4423"}],"version-history":[{"count":5,"href":"https:\/\/alles-ueber-riffe.de\/index.php?rest_route=\/wp\/v2\/pages\/4423\/revisions"}],"predecessor-version":[{"id":6396,"href":"https:\/\/alles-ueber-riffe.de\/index.php?rest_route=\/wp\/v2\/pages\/4423\/revisions\/6396"}],"wp:attachment":[{"href":"https:\/\/alles-ueber-riffe.de\/index.php?rest_route=%2Fwp%2Fv2%2Fmedia&parent=4423"}],"curies":[{"name":"wp","href":"https:\/\/api.w.org\/{rel}","templated":true}]}}