{"id":4242,"date":"2024-12-19T15:12:23","date_gmt":"2024-12-19T15:12:23","guid":{"rendered":"https:\/\/alles-ueber-riffe.de\/?page_id=4242"},"modified":"2025-01-10T11:01:36","modified_gmt":"2025-01-10T11:01:36","slug":"grossaugen-barrakuda","status":"publish","type":"page","link":"https:\/\/alles-ueber-riffe.de\/?page_id=4242","title":{"rendered":"Gro\u00dfaugen-Barrakuda"},"content":{"rendered":"\n<div class=\"wp-block-group is-vertical is-layout-flex wp-container-core-group-is-layout-8cf370e7 wp-block-group-is-layout-flex\">\n<p><strong>Gro\u00dfaugen-Barrakuda<\/strong><\/p>\n\n\n\n<p>Bigeye barracuda<\/p>\n\n\n\n<p><em>Sphyraena forsteri<\/em><\/p>\n<\/div>\n\n\n\n<div style=\"height:30px\" aria-hidden=\"true\" class=\"wp-block-spacer\"><\/div>\n\n\n\n<figure class=\"wp-block-image size-full\"><img loading=\"lazy\" decoding=\"async\" width=\"1024\" height=\"768\" src=\"https:\/\/alles-ueber-riffe.de\/wp-content\/uploads\/2025\/01\/Grossaugen-Barrakuda_1024x768.jpg\" alt=\"\" class=\"wp-image-6177\" srcset=\"https:\/\/alles-ueber-riffe.de\/wp-content\/uploads\/2025\/01\/Grossaugen-Barrakuda_1024x768.jpg 1024w, https:\/\/alles-ueber-riffe.de\/wp-content\/uploads\/2025\/01\/Grossaugen-Barrakuda_1024x768-300x225.jpg 300w, https:\/\/alles-ueber-riffe.de\/wp-content\/uploads\/2025\/01\/Grossaugen-Barrakuda_1024x768-768x576.jpg 768w\" sizes=\"auto, (max-width: 767px) 89vw, (max-width: 1000px) 54vw, (max-width: 1071px) 543px, 580px\" \/><figcaption class=\"wp-element-caption\">\u00a9 Joris Rombouts<\/figcaption><\/figure>\n\n\n\n<hr class=\"wp-block-separator has-alpha-channel-opacity is-style-default\"\/>\n\n\n\n<p><strong>Gr\u00f6\u00dfe: <\/strong> bis 75 cm<\/p>\n\n\n\n<p><strong>Lebensraum:<\/strong> Freiwasser in der N\u00e4he von Riffen<\/p>\n\n\n\n<p><strong>Vorkommen:  <\/strong>Ostafrika, Malediven, S\u00fcdjapan, ganz S\u00fcdostasien, Nordaustralien, Papua-Neuguinea, Ozeanien bis zu den Gesellschaftsinseln<\/p>\n\n\n\n<p><strong>Erkennungsmerkmale: <\/strong> langgestreckter Fisch mit schwach ausgepr\u00e4gtem, gelbem Streifen; gro\u00dfe Augen<\/p>\n\n\n\n<p><strong>Biologie &amp; Verhalten: <\/strong> Der nachtaktive R\u00e4uber jagt Fische, Tintenfische und Shrimps. Die Tiere kommen in kleinen Gruppen, aber auch gro\u00dfen Schw\u00e4rmen vor.<\/p>\n\n\n\n<p><strong>Gefahr:<\/strong> Als ein R\u00e4uber am Ende der Nahrungskette besteht bei Verzehr die Gefahr einer ciguatoxischen Vergiftung. Auch kann das Fleisch mit zahlreichen Schadstoffen angereichert sein. Vom Verzehr ist auf jeden Fall abzuraten.<\/p>\n\n\n\n<p><strong>Bedrohungsstatus:<\/strong> Keine Informationen auf der Roten Liste der IUCN.<\/p>\n\n\n\n<hr class=\"wp-block-separator has-alpha-channel-opacity is-style-default\"\/>\n","protected":false},"excerpt":{"rendered":"<p>Gro\u00dfaugen-Barrakuda Bigeye barracuda Sphyraena forsteri Gr\u00f6\u00dfe: bis 75 cm Lebensraum: Freiwasser in der N\u00e4he von Riffen Vorkommen: Ostafrika, Malediven, S\u00fcdjapan, ganz S\u00fcdostasien, Nordaustralien, Papua-Neuguinea, Ozeanien bis zu den Gesellschaftsinseln Erkennungsmerkmale: langgestreckter Fisch mit schwach ausgepr\u00e4gtem, gelbem Streifen; gro\u00dfe Augen Biologie &amp; Verhalten: Der nachtaktive R\u00e4uber jagt Fische, Tintenfische und Shrimps. Die Tiere kommen in kleinen &hellip; <\/p>\n<p class=\"link-more\"><a href=\"https:\/\/alles-ueber-riffe.de\/?page_id=4242\" class=\"more-link\"><span class=\"screen-reader-text\">\u201eGro\u00dfaugen-Barrakuda\u201c<\/span> weiterlesen<\/a><\/p>\n","protected":false},"author":1,"featured_media":0,"parent":0,"menu_order":0,"comment_status":"closed","ping_status":"closed","template":"","meta":{"footnotes":""},"class_list":["post-4242","page","type-page","status-publish","hentry"],"_links":{"self":[{"href":"https:\/\/alles-ueber-riffe.de\/index.php?rest_route=\/wp\/v2\/pages\/4242","targetHints":{"allow":["GET"]}}],"collection":[{"href":"https:\/\/alles-ueber-riffe.de\/index.php?rest_route=\/wp\/v2\/pages"}],"about":[{"href":"https:\/\/alles-ueber-riffe.de\/index.php?rest_route=\/wp\/v2\/types\/page"}],"author":[{"embeddable":true,"href":"https:\/\/alles-ueber-riffe.de\/index.php?rest_route=\/wp\/v2\/users\/1"}],"replies":[{"embeddable":true,"href":"https:\/\/alles-ueber-riffe.de\/index.php?rest_route=%2Fwp%2Fv2%2Fcomments&post=4242"}],"version-history":[{"count":7,"href":"https:\/\/alles-ueber-riffe.de\/index.php?rest_route=\/wp\/v2\/pages\/4242\/revisions"}],"predecessor-version":[{"id":6181,"href":"https:\/\/alles-ueber-riffe.de\/index.php?rest_route=\/wp\/v2\/pages\/4242\/revisions\/6181"}],"wp:attachment":[{"href":"https:\/\/alles-ueber-riffe.de\/index.php?rest_route=%2Fwp%2Fv2%2Fmedia&parent=4242"}],"curies":[{"name":"wp","href":"https:\/\/api.w.org\/{rel}","templated":true}]}}