{"id":4230,"date":"2024-12-19T15:10:04","date_gmt":"2024-12-19T15:10:04","guid":{"rendered":"https:\/\/alles-ueber-riffe.de\/?page_id=4230"},"modified":"2025-01-10T10:37:43","modified_gmt":"2025-01-10T10:37:43","slug":"barrakudas-2","status":"publish","type":"page","link":"https:\/\/alles-ueber-riffe.de\/?page_id=4230","title":{"rendered":"Dunkelflossen Barrakuda"},"content":{"rendered":"\n<div class=\"wp-block-group is-vertical is-layout-flex wp-container-core-group-is-layout-8cf370e7 wp-block-group-is-layout-flex\">\n<p><strong>Dunkelflossen-Barrakuda<\/strong><\/p>\n\n\n\n<p>Blackfin Barracuda<\/p>\n\n\n\n<p><em>Sphyraena qenie<\/em><\/p>\n<\/div>\n\n\n\n<div style=\"height:30px\" aria-hidden=\"true\" class=\"wp-block-spacer\"><\/div>\n\n\n\n<figure class=\"wp-block-video\"><video height=\"576\" style=\"aspect-ratio: 1024 \/ 576;\" width=\"1024\" controls src=\"https:\/\/alles-ueber-riffe.de\/wp-content\/uploads\/2025\/01\/Dunkelflossen-Barrakuda.mp4\"><\/video><figcaption class=\"wp-element-caption\">\u00a9 Heinz Krimmer<\/figcaption><\/figure>\n\n\n\n<hr class=\"wp-block-separator has-alpha-channel-opacity is-style-default\"\/>\n\n\n\n<p><strong>Gr\u00f6\u00dfe: <\/strong>bis 1,70 m<\/p>\n\n\n\n<p><strong>Lebensraum:<\/strong> Freiwasser in der N\u00e4he von Riffen<\/p>\n\n\n\n<p><strong>Vorkommen:  <\/strong>alle tropischen Bereiche des Pazifik<\/p>\n\n\n\n<p><strong>Erkennungsmerkmale: <\/strong> langgestreckter, silberner Fisch mit dunklen Querstreifen; Schwanzflosse dunkel bis schwarz<\/p>\n\n\n\n<p><strong>Biologie &amp; Verhalten: <\/strong>Den Dunkelflossen-Barrakuda findet man fast immer in kleinen bis gro\u00dfen Schw\u00e4rmen. Sie sind zumindest zeitweise ortstreu.<\/p>\n\n\n\n<p><strong>Gefahr:<\/strong> Als ein R\u00e4uber am Ende der Nahrungskette besteht bei Verzehr die Gefahr einer ciguatoxischen Vergiftung. Auch kann das Fleisch mit zahlreichen Schadstoffen angereichert sein. Vom Verzehr ist auf jeden Fall abzuraten.<\/p>\n\n\n\n<p><strong>Bedrohungsstatus:<\/strong> Keine Informationen auf der Roten Liste der IUCN. <\/p>\n\n\n\n<hr class=\"wp-block-separator has-alpha-channel-opacity is-style-default\"\/>\n","protected":false},"excerpt":{"rendered":"<p>Dunkelflossen-Barrakuda Blackfin Barracuda Sphyraena qenie Gr\u00f6\u00dfe: bis 1,70 m Lebensraum: Freiwasser in der N\u00e4he von Riffen Vorkommen: alle tropischen Bereiche des Pazifik Erkennungsmerkmale: langgestreckter, silberner Fisch mit dunklen Querstreifen; Schwanzflosse dunkel bis schwarz Biologie &amp; Verhalten: Den Dunkelflossen-Barrakuda findet man fast immer in kleinen bis gro\u00dfen Schw\u00e4rmen. Sie sind zumindest zeitweise ortstreu. Gefahr: Als ein &hellip; <\/p>\n<p class=\"link-more\"><a href=\"https:\/\/alles-ueber-riffe.de\/?page_id=4230\" class=\"more-link\"><span class=\"screen-reader-text\">\u201eDunkelflossen Barrakuda\u201c<\/span> weiterlesen<\/a><\/p>\n","protected":false},"author":1,"featured_media":0,"parent":0,"menu_order":0,"comment_status":"closed","ping_status":"closed","template":"","meta":{"footnotes":""},"class_list":["post-4230","page","type-page","status-publish","hentry"],"_links":{"self":[{"href":"https:\/\/alles-ueber-riffe.de\/index.php?rest_route=\/wp\/v2\/pages\/4230","targetHints":{"allow":["GET"]}}],"collection":[{"href":"https:\/\/alles-ueber-riffe.de\/index.php?rest_route=\/wp\/v2\/pages"}],"about":[{"href":"https:\/\/alles-ueber-riffe.de\/index.php?rest_route=\/wp\/v2\/types\/page"}],"author":[{"embeddable":true,"href":"https:\/\/alles-ueber-riffe.de\/index.php?rest_route=\/wp\/v2\/users\/1"}],"replies":[{"embeddable":true,"href":"https:\/\/alles-ueber-riffe.de\/index.php?rest_route=%2Fwp%2Fv2%2Fcomments&post=4230"}],"version-history":[{"count":5,"href":"https:\/\/alles-ueber-riffe.de\/index.php?rest_route=\/wp\/v2\/pages\/4230\/revisions"}],"predecessor-version":[{"id":6151,"href":"https:\/\/alles-ueber-riffe.de\/index.php?rest_route=\/wp\/v2\/pages\/4230\/revisions\/6151"}],"wp:attachment":[{"href":"https:\/\/alles-ueber-riffe.de\/index.php?rest_route=%2Fwp%2Fv2%2Fmedia&parent=4230"}],"curies":[{"name":"wp","href":"https:\/\/api.w.org\/{rel}","templated":true}]}}