{"id":4094,"date":"2024-12-13T16:12:32","date_gmt":"2024-12-13T16:12:32","guid":{"rendered":"https:\/\/alles-ueber-riffe.de\/?page_id=4094"},"modified":"2025-01-07T12:34:39","modified_gmt":"2025-01-07T12:34:39","slug":"halsband-anemonenfisch","status":"publish","type":"page","link":"https:\/\/alles-ueber-riffe.de\/?page_id=4094","title":{"rendered":"Halsband-Anemonenfisch"},"content":{"rendered":"\n<div class=\"wp-block-group is-vertical is-layout-flex wp-container-core-group-is-layout-8cf370e7 wp-block-group-is-layout-flex\">\n<p><strong>Halsband-Anemonenfisch<\/strong><\/p>\n\n\n\n<p>Pink skunk clownfish<\/p>\n\n\n\n<p><em>Amphiprion perideraion<\/em><\/p>\n<\/div>\n\n\n\n<div style=\"height:30px\" aria-hidden=\"true\" class=\"wp-block-spacer\"><\/div>\n\n\n\n<figure class=\"wp-block-video\"><video height=\"576\" style=\"aspect-ratio: 1024 \/ 576;\" width=\"1024\" controls src=\"https:\/\/alles-ueber-riffe.de\/wp-content\/uploads\/2024\/12\/Halsband-Anemonenfisch_1024x576.mp4\"><\/video><figcaption class=\"wp-element-caption\">\u00a9 Heinz Krimmer<\/figcaption><\/figure>\n\n\n\n<hr class=\"wp-block-separator has-alpha-channel-opacity is-style-default\"\/>\n\n\n\n<p><strong>Gr\u00f6\u00dfe: <\/strong> bis 10 cm<\/p>\n\n\n\n<p><strong>Lebensraum:<\/strong> Lebt in Symbioseanemonen im Korallenriff und Lagunen.<\/p>\n\n\n\n<p><strong>Vorkommen:  <\/strong>S\u00fcdjapan, ganz S\u00fcdostasien, Nordaustralien, Papua-Neuguinea, Ozeanien bis Samoa und Tonga<\/p>\n\n\n\n<p><strong>Erkennungsmerkmale: <\/strong> d\u00fcnner, wei\u00dfer Querstreifen kurz nach dem Auge und entlang der R\u00fcckenflosse; Farbe orange bis rosa<\/p>\n\n\n\n<p><strong>Biologie &amp; Verhalten: <\/strong> Bis auf das wei\u00dfe Halsband identische F\u00e4rbung und Zeichnung wie der Wei\u00dfr\u00fccken-Anemonenfisch. Manchmal leben beide Arten sogar in der gleichen Anemone.<\/p>\n\n\n\n<p>Anemonenfische befestigen ihre Eier am Substrat dicht bei der Anemone und pflegen den Nachwuchs bis zum Schl\u00fcpfen. Danach werden die kleinen Anemonenfische Teil des Planktons und finden am Ende des Larvenstadiums mit Hilfe des Geruchssinnes eine neue Symbioseanemone.<\/p>\n\n\n\n<p>Akzeptiert nur vier der 10 Symbioseanemonen: die Korkenzieher-Anemone, die Lederanemone, die Prachtanemone, die Riesenanemone.<\/p>\n\n\n\n<p><strong>Bedrohungsstatus:<\/strong> Die Art wird auf der Roten Liste der IUCN als \u201e nicht gef\u00e4hrdet\u201c gef\u00fchrt.<\/p>\n\n\n\n<p><strong>Vorkommen:  <\/strong>S\u00fcdjapan, ganz S\u00fcdostasien, Nordaustralien, Papua-Neuguinea, Ozeanien bis Samoa und Tonga<\/p>\n\n\n\n<figure class=\"wp-block-image size-full\"><img loading=\"lazy\" decoding=\"async\" width=\"900\" height=\"450\" src=\"https:\/\/alles-ueber-riffe.de\/wp-content\/uploads\/2024\/12\/pic_Fis-29622.jpg\" alt=\"\" class=\"wp-image-4136\" srcset=\"https:\/\/alles-ueber-riffe.de\/wp-content\/uploads\/2024\/12\/pic_Fis-29622.jpg 900w, https:\/\/alles-ueber-riffe.de\/wp-content\/uploads\/2024\/12\/pic_Fis-29622-300x150.jpg 300w, https:\/\/alles-ueber-riffe.de\/wp-content\/uploads\/2024\/12\/pic_Fis-29622-768x384.jpg 768w\" sizes=\"auto, (max-width: 767px) 89vw, (max-width: 1000px) 54vw, (max-width: 1071px) 543px, 580px\" \/><figcaption class=\"wp-element-caption\"><a href=\"https:\/\/www.aquamaps.org\/receive.php?type_of_map=regular&amp;map=cached\">https:\/\/www.aquamaps.org\/receive.php?type_of_map=regular&amp;map=cached<\/a><\/figcaption><\/figure>\n\n\n\n<hr class=\"wp-block-separator has-alpha-channel-opacity is-style-default\"\/>\n","protected":false},"excerpt":{"rendered":"<p>Halsband-Anemonenfisch Pink skunk clownfish Amphiprion perideraion Gr\u00f6\u00dfe: bis 10 cm Lebensraum: Lebt in Symbioseanemonen im Korallenriff und Lagunen. Vorkommen: S\u00fcdjapan, ganz S\u00fcdostasien, Nordaustralien, Papua-Neuguinea, Ozeanien bis Samoa und Tonga Erkennungsmerkmale: d\u00fcnner, wei\u00dfer Querstreifen kurz nach dem Auge und entlang der R\u00fcckenflosse; Farbe orange bis rosa Biologie &amp; Verhalten: Bis auf das wei\u00dfe Halsband identische F\u00e4rbung &hellip; <\/p>\n<p class=\"link-more\"><a href=\"https:\/\/alles-ueber-riffe.de\/?page_id=4094\" class=\"more-link\"><span class=\"screen-reader-text\">\u201eHalsband-Anemonenfisch\u201c<\/span> weiterlesen<\/a><\/p>\n","protected":false},"author":1,"featured_media":0,"parent":0,"menu_order":0,"comment_status":"closed","ping_status":"closed","template":"","meta":{"footnotes":""},"class_list":["post-4094","page","type-page","status-publish","hentry"],"_links":{"self":[{"href":"https:\/\/alles-ueber-riffe.de\/index.php?rest_route=\/wp\/v2\/pages\/4094","targetHints":{"allow":["GET"]}}],"collection":[{"href":"https:\/\/alles-ueber-riffe.de\/index.php?rest_route=\/wp\/v2\/pages"}],"about":[{"href":"https:\/\/alles-ueber-riffe.de\/index.php?rest_route=\/wp\/v2\/types\/page"}],"author":[{"embeddable":true,"href":"https:\/\/alles-ueber-riffe.de\/index.php?rest_route=\/wp\/v2\/users\/1"}],"replies":[{"embeddable":true,"href":"https:\/\/alles-ueber-riffe.de\/index.php?rest_route=%2Fwp%2Fv2%2Fcomments&post=4094"}],"version-history":[{"count":8,"href":"https:\/\/alles-ueber-riffe.de\/index.php?rest_route=\/wp\/v2\/pages\/4094\/revisions"}],"predecessor-version":[{"id":4319,"href":"https:\/\/alles-ueber-riffe.de\/index.php?rest_route=\/wp\/v2\/pages\/4094\/revisions\/4319"}],"wp:attachment":[{"href":"https:\/\/alles-ueber-riffe.de\/index.php?rest_route=%2Fwp%2Fv2%2Fmedia&parent=4094"}],"curies":[{"name":"wp","href":"https:\/\/api.w.org\/{rel}","templated":true}]}}