{"id":4090,"date":"2024-12-13T16:11:40","date_gmt":"2024-12-13T16:11:40","guid":{"rendered":"https:\/\/alles-ueber-riffe.de\/?page_id=4090"},"modified":"2025-01-07T12:31:51","modified_gmt":"2025-01-07T12:31:51","slug":"falscher-clownfisch","status":"publish","type":"page","link":"https:\/\/alles-ueber-riffe.de\/?page_id=4090","title":{"rendered":"Falscher Clownfisch"},"content":{"rendered":"\n<div class=\"wp-block-group is-vertical is-layout-flex wp-container-core-group-is-layout-8cf370e7 wp-block-group-is-layout-flex\">\n<p><strong>Falscher Clownfisch&nbsp;<\/strong><\/p>\n\n\n\n<p>Common clownfish<\/p>\n\n\n\n<p><em>Amphiprion ocellaris<\/em><\/p>\n<\/div>\n\n\n\n<div style=\"height:31px\" aria-hidden=\"true\" class=\"wp-block-spacer\"><\/div>\n\n\n\n<figure class=\"wp-block-video\"><video height=\"576\" style=\"aspect-ratio: 1024 \/ 576;\" width=\"1024\" controls src=\"https:\/\/alles-ueber-riffe.de\/wp-content\/uploads\/2024\/12\/falscher_Anemonenfisch1024x576.mp4\"><\/video><figcaption class=\"wp-element-caption\">\u00a9 Heinz Krimmer<\/figcaption><\/figure>\n\n\n\n<hr class=\"wp-block-separator has-alpha-channel-opacity is-style-default\"\/>\n\n\n\n<p><strong>Gr\u00f6\u00dfe: <\/strong> bis 11 cm<\/p>\n\n\n\n<p><strong>Lebensraum:<\/strong> Lebt in Symbioseanemonen im Korallenriff.<\/p>\n\n\n\n<p><strong>Vorkommen:  <\/strong>S\u00fcdjapan, ganz S\u00fcdostasien, Westaustralien<\/p>\n\n\n\n<p><strong>Erkennungsmerkmale: <\/strong> drei breite, wei\u00dfe Streifen; K\u00f6rper knallorange<\/p>\n\n\n\n<p><strong>Biologie &amp; Verhalten: <\/strong> Der Falsche Clownfisch ist von dem Echten Clownfisch kaum zu unterscheiden. Lediglich die ausgepr\u00e4gteren schwarzen R\u00e4nder der wei\u00dfen Streifen sprechen f\u00fcr den Echten Clownfisch. Da sie nicht das gleiche Verbreitungsgebiet besiedeln gilt die Regel: Ostaustralien in Richtung Osten lebt der Echte Clownfisch, Westaustralien in Richtung Westen bis Thailand der Falsche Clownfisch.<\/p>\n\n\n\n<p>Clownfische werden inzwischen in Gefangenschaft erfolgreich gez\u00fcchtet. Die so entstandenen Zuchtvarianten besitzen oft eine andere Zeichnung und kommen so in der Freiheit nicht vor. Die beiden Arten dann noch auseinander zu halten ist fast unm\u00f6glich. Da hilft nur noch das Z\u00e4hlen der Strahlen der R\u00fcckenflosse: 9-10 sind es beim Echten Clownfisch, 10-11 beim Falschen und selbst jetzt kann man bei der Zahl 10 Pech haben.<\/p>\n\n\n\n<p>Anemonenfische befestigen ihre Eier am Substrat dicht bei der Anemone und pflegen den Nachwuchs bis zum Schl\u00fcpfen. Danach werden die kleinen Anemonenfische Teil des Planktons und finden am Ende des Larvenstadiums mit Hilfe des Geruchssinnes eine neue Symbioseanemone.<\/p>\n\n\n\n<p>Akzeptiert nur drei der 10 Symbioseanemonen: die Prachtanemone, die Riesenanemone und Mertens Anemone.<\/p>\n\n\n\n<p><strong>Bedrohungsstatus:<\/strong> Die Art wird auf der Roten Liste der IUCN als \u201e nicht gef\u00e4hrdet\u201c gef\u00fchrt.<\/p>\n\n\n\n<hr class=\"wp-block-separator has-alpha-channel-opacity is-style-default\"\/>\n","protected":false},"excerpt":{"rendered":"<p>Falscher Clownfisch&nbsp; Common clownfish Amphiprion ocellaris Gr\u00f6\u00dfe: bis 11 cm Lebensraum: Lebt in Symbioseanemonen im Korallenriff. Vorkommen: S\u00fcdjapan, ganz S\u00fcdostasien, Westaustralien Erkennungsmerkmale: drei breite, wei\u00dfe Streifen; K\u00f6rper knallorange Biologie &amp; Verhalten: Der Falsche Clownfisch ist von dem Echten Clownfisch kaum zu unterscheiden. Lediglich die ausgepr\u00e4gteren schwarzen R\u00e4nder der wei\u00dfen Streifen sprechen f\u00fcr den Echten Clownfisch. &hellip; <\/p>\n<p class=\"link-more\"><a href=\"https:\/\/alles-ueber-riffe.de\/?page_id=4090\" class=\"more-link\"><span class=\"screen-reader-text\">\u201eFalscher Clownfisch\u201c<\/span> weiterlesen<\/a><\/p>\n","protected":false},"author":1,"featured_media":0,"parent":0,"menu_order":0,"comment_status":"closed","ping_status":"closed","template":"","meta":{"footnotes":""},"class_list":["post-4090","page","type-page","status-publish","hentry"],"_links":{"self":[{"href":"https:\/\/alles-ueber-riffe.de\/index.php?rest_route=\/wp\/v2\/pages\/4090","targetHints":{"allow":["GET"]}}],"collection":[{"href":"https:\/\/alles-ueber-riffe.de\/index.php?rest_route=\/wp\/v2\/pages"}],"about":[{"href":"https:\/\/alles-ueber-riffe.de\/index.php?rest_route=\/wp\/v2\/types\/page"}],"author":[{"embeddable":true,"href":"https:\/\/alles-ueber-riffe.de\/index.php?rest_route=\/wp\/v2\/users\/1"}],"replies":[{"embeddable":true,"href":"https:\/\/alles-ueber-riffe.de\/index.php?rest_route=%2Fwp%2Fv2%2Fcomments&post=4090"}],"version-history":[{"count":5,"href":"https:\/\/alles-ueber-riffe.de\/index.php?rest_route=\/wp\/v2\/pages\/4090\/revisions"}],"predecessor-version":[{"id":4317,"href":"https:\/\/alles-ueber-riffe.de\/index.php?rest_route=\/wp\/v2\/pages\/4090\/revisions\/4317"}],"wp:attachment":[{"href":"https:\/\/alles-ueber-riffe.de\/index.php?rest_route=%2Fwp%2Fv2%2Fmedia&parent=4090"}],"curies":[{"name":"wp","href":"https:\/\/api.w.org\/{rel}","templated":true}]}}