{"id":4088,"date":"2024-12-13T16:11:17","date_gmt":"2024-12-13T16:11:17","guid":{"rendered":"https:\/\/alles-ueber-riffe.de\/?page_id=4088"},"modified":"2024-12-13T17:18:03","modified_gmt":"2024-12-13T17:18:03","slug":"echter-clownfisch","status":"publish","type":"page","link":"https:\/\/alles-ueber-riffe.de\/?page_id=4088","title":{"rendered":"Echter Clownfisch"},"content":{"rendered":"\n<div class=\"wp-block-group is-vertical is-layout-flex wp-container-core-group-is-layout-8cf370e7 wp-block-group-is-layout-flex\">\n<p><strong>Echter Clownfisch&nbsp;<\/strong><\/p>\n\n\n\n<p>Orange clownfish<\/p>\n\n\n\n<p><em>Amphiprion percula<\/em><\/p>\n<\/div>\n\n\n\n<div style=\"height:30px\" aria-hidden=\"true\" class=\"wp-block-spacer\"><\/div>\n\n\n\n<figure class=\"wp-block-image size-full\"><img loading=\"lazy\" decoding=\"async\" width=\"1024\" height=\"768\" src=\"https:\/\/alles-ueber-riffe.de\/wp-content\/uploads\/2024\/12\/Echter_Clownfisch_1024x768.jpg\" alt=\"\" class=\"wp-image-4185\" srcset=\"https:\/\/alles-ueber-riffe.de\/wp-content\/uploads\/2024\/12\/Echter_Clownfisch_1024x768.jpg 1024w, https:\/\/alles-ueber-riffe.de\/wp-content\/uploads\/2024\/12\/Echter_Clownfisch_1024x768-300x225.jpg 300w, https:\/\/alles-ueber-riffe.de\/wp-content\/uploads\/2024\/12\/Echter_Clownfisch_1024x768-768x576.jpg 768w\" sizes=\"auto, (max-width: 767px) 89vw, (max-width: 1000px) 54vw, (max-width: 1071px) 543px, 580px\" \/><figcaption class=\"wp-element-caption\">\u00a9 Heinz Krimmer<\/figcaption><\/figure>\n\n\n\n<hr class=\"wp-block-separator has-alpha-channel-opacity is-style-default\"\/>\n\n\n\n<p><strong>Gr\u00f6\u00dfe: <\/strong> bis 11 cm<\/p>\n\n\n\n<p><strong>Lebensraum:<\/strong> Lebt in Symbioseanemonen im Korallenriff.<\/p>\n\n\n\n<p><strong>Vorkommen:  <\/strong>Ostaustralien, Papua-Neuguinea, Ozeanien bis Melanesien<\/p>\n\n\n\n<p><strong>Erkennungsmerkmale: <\/strong> drei breite, wei\u00dfe Streifen; K\u00f6rper knallorange<\/p>\n\n\n\n<p><strong>Biologie &amp; Verhalten: <\/strong> Der Echte Clownfisch ist von dem Falschen Clownfisch kaum zu unterscheiden. Lediglich die ausgepr\u00e4gteren, schwarzen R\u00e4nder der wei\u00dfen Streifen sprechen f\u00fcr den Echten Clownfisch. Da sie nicht das gleiche Verbreitungsgebiet besiedeln gilt die Regel: Ostaustralien in Richtung Osten lebt der Echte Clownfisch, Westaustralien in Richtung Westen bis Thailand der Falsche Clownfisch.<\/p>\n\n\n\n<p>Clownfische werden inzwischen in Gefangenschaft erfolgreich gez\u00fcchtet. Die so entstandenen Zuchtvarianten besitzen oft eine andere Zeichnung und kommen so in der Freiheit nicht vor. Die beiden Arten dann noch auseinander zu halten ist fast unm\u00f6glich. Da hilft nur noch das Z\u00e4hlen der Strahlen der R\u00fcckenflosse: 9-10 sind es beim Echten Clownfisch, 10-11 beim Falschen und selbst jetzt kann man bei der Zahl 10 Pech haben.<\/p>\n\n\n\n<p>Anemonenfische befestigen ihre Eier am Substrat dicht bei der Anemone und pflegen den Nachwuchs bis zum Schl\u00fcpfen. Danach werden die kleinen Anemonenfische Teil des Planktons und finden am Ende des Larvenstadiums mit Hilfe des Geruchssinnes eine neue Symbioseanemone.<\/p>\n\n\n\n<p>Akzeptiert nur drei der 10 Symbioseanemone<\/p>\n\n\n\n<p><strong>Bedrohungsstatus:<\/strong> Die Art wird auf der Roten Liste der IUCN als \u201e nicht gef\u00e4hrdet\u201c gef\u00fchrt.<\/p>\n\n\n\n<hr class=\"wp-block-separator has-alpha-channel-opacity is-style-default\"\/>\n","protected":false},"excerpt":{"rendered":"<p>Echter Clownfisch&nbsp; Orange clownfish Amphiprion percula Gr\u00f6\u00dfe: bis 11 cm Lebensraum: Lebt in Symbioseanemonen im Korallenriff. Vorkommen: Ostaustralien, Papua-Neuguinea, Ozeanien bis Melanesien Erkennungsmerkmale: drei breite, wei\u00dfe Streifen; K\u00f6rper knallorange Biologie &amp; Verhalten: Der Echte Clownfisch ist von dem Falschen Clownfisch kaum zu unterscheiden. Lediglich die ausgepr\u00e4gteren, schwarzen R\u00e4nder der wei\u00dfen Streifen sprechen f\u00fcr den Echten &hellip; <\/p>\n<p class=\"link-more\"><a href=\"https:\/\/alles-ueber-riffe.de\/?page_id=4088\" class=\"more-link\"><span class=\"screen-reader-text\">\u201eEchter Clownfisch\u201c<\/span> weiterlesen<\/a><\/p>\n","protected":false},"author":1,"featured_media":0,"parent":0,"menu_order":0,"comment_status":"closed","ping_status":"closed","template":"","meta":{"footnotes":""},"class_list":["post-4088","page","type-page","status-publish","hentry"],"_links":{"self":[{"href":"https:\/\/alles-ueber-riffe.de\/index.php?rest_route=\/wp\/v2\/pages\/4088","targetHints":{"allow":["GET"]}}],"collection":[{"href":"https:\/\/alles-ueber-riffe.de\/index.php?rest_route=\/wp\/v2\/pages"}],"about":[{"href":"https:\/\/alles-ueber-riffe.de\/index.php?rest_route=\/wp\/v2\/types\/page"}],"author":[{"embeddable":true,"href":"https:\/\/alles-ueber-riffe.de\/index.php?rest_route=\/wp\/v2\/users\/1"}],"replies":[{"embeddable":true,"href":"https:\/\/alles-ueber-riffe.de\/index.php?rest_route=%2Fwp%2Fv2%2Fcomments&post=4088"}],"version-history":[{"count":5,"href":"https:\/\/alles-ueber-riffe.de\/index.php?rest_route=\/wp\/v2\/pages\/4088\/revisions"}],"predecessor-version":[{"id":4188,"href":"https:\/\/alles-ueber-riffe.de\/index.php?rest_route=\/wp\/v2\/pages\/4088\/revisions\/4188"}],"wp:attachment":[{"href":"https:\/\/alles-ueber-riffe.de\/index.php?rest_route=%2Fwp%2Fv2%2Fmedia&parent=4088"}],"curies":[{"name":"wp","href":"https:\/\/api.w.org\/{rel}","templated":true}]}}