{"id":4086,"date":"2024-12-13T16:10:54","date_gmt":"2024-12-13T16:10:54","guid":{"rendered":"https:\/\/alles-ueber-riffe.de\/?page_id=4086"},"modified":"2025-01-07T12:33:18","modified_gmt":"2025-01-07T12:33:18","slug":"clarks-anemonenfisch","status":"publish","type":"page","link":"https:\/\/alles-ueber-riffe.de\/?page_id=4086","title":{"rendered":"Clarks Anemonenfisch"},"content":{"rendered":"\n<div class=\"wp-block-group is-vertical is-layout-flex wp-container-core-group-is-layout-8cf370e7 wp-block-group-is-layout-flex\">\n<p><strong>Clarks Anemonenfisch<\/strong><\/p>\n\n\n\n<p>Yellowtail clownfish<\/p>\n\n\n\n<p><em>(Amphiprion clarkii)<\/em><\/p>\n<\/div>\n\n\n\n<div style=\"height:30px\" aria-hidden=\"true\" class=\"wp-block-spacer\"><\/div>\n\n\n\n<figure class=\"wp-block-video\"><video height=\"576\" style=\"aspect-ratio: 1024 \/ 576;\" width=\"1024\" controls src=\"https:\/\/alles-ueber-riffe.de\/wp-content\/uploads\/2024\/12\/Clarks_Anemonenfisch_1024x576.mp4\"><\/video><figcaption class=\"wp-element-caption\">\u00a9 Heinz Krimmer<\/figcaption><\/figure>\n\n\n\n<hr class=\"wp-block-separator has-alpha-channel-opacity is-style-default\"\/>\n\n\n\n<p><strong>Gr\u00f6\u00dfe: <\/strong> bis 15 cm<\/p>\n\n\n\n<p><strong>Lebensraum:<\/strong> Lebt in Symbioseanemonen im Korallenriff.<\/p>\n\n\n\n<p><strong>Vorkommen:  <\/strong>Persischer Golf, Oman, S\u00fcdjapan, ganz S\u00fcdostasien, Nordaustralien, Papua-Neuguinea, Ozeanien bis Melanesien<\/p>\n\n\n\n<p><strong>Erkennungsmerkmale: <\/strong> zwei dominante wei\u00dfe Querstreifen; einer kurz hinter dem Auge, der zweite kurz vor der Afterflosse; K\u00f6rperf\u00e4rbung variiert zwischen gelb und dunkelbraun.<\/p>\n\n\n\n<p><strong>Biologie &amp; Verhalten: <\/strong> Der Clarks Anemonenfisch ist der Globetrotter unter den Anemonenfischen. Dass er ein so gro\u00dfes Gebiet des Indopazifik besiedeln konnte, hat zwei Gr\u00fcnde:&nbsp;<\/p>\n\n\n\n<ul class=\"wp-block-list\">\n<li>Die lange planktonische Larvenphase, die erm\u00f6glicht, dass die Meeresstr\u00f6mungen die Larven weit verbreiten k\u00f6nnen.<\/li>\n\n\n\n<li>Er ist flexibel und akzeptiert alle 10 Symbioseanemonen.<\/li>\n<\/ul>\n\n\n\n<p>Anemonenfische befestigen ihre Eier am Substrat dicht bei der Anemone und pflegen den Nachwuchs bis zum Schl\u00fcpfen. Danach werden die kleinen Anemonenfische Teil des Planktons und finden am Ende des Larvenstadiums mit Hilfe des Geruchssinnes eine neue Symbioseanemone.<\/p>\n\n\n\n<p><strong>Bedrohungsstatus:<\/strong> Die Art wird auf der Roten Liste der IUCN als \u201e nicht gef\u00e4hrdet\u201c gef\u00fchrt.<\/p>\n\n\n\n<hr class=\"wp-block-separator has-alpha-channel-opacity is-style-default\"\/>\n","protected":false},"excerpt":{"rendered":"<p>Clarks Anemonenfisch Yellowtail clownfish (Amphiprion clarkii) Gr\u00f6\u00dfe: bis 15 cm Lebensraum: Lebt in Symbioseanemonen im Korallenriff. Vorkommen: Persischer Golf, Oman, S\u00fcdjapan, ganz S\u00fcdostasien, Nordaustralien, Papua-Neuguinea, Ozeanien bis Melanesien Erkennungsmerkmale: zwei dominante wei\u00dfe Querstreifen; einer kurz hinter dem Auge, der zweite kurz vor der Afterflosse; K\u00f6rperf\u00e4rbung variiert zwischen gelb und dunkelbraun. Biologie &amp; Verhalten: Der Clarks &hellip; <\/p>\n<p class=\"link-more\"><a href=\"https:\/\/alles-ueber-riffe.de\/?page_id=4086\" class=\"more-link\"><span class=\"screen-reader-text\">\u201eClarks Anemonenfisch\u201c<\/span> weiterlesen<\/a><\/p>\n","protected":false},"author":1,"featured_media":0,"parent":0,"menu_order":0,"comment_status":"closed","ping_status":"closed","template":"","meta":{"footnotes":""},"class_list":["post-4086","page","type-page","status-publish","hentry"],"_links":{"self":[{"href":"https:\/\/alles-ueber-riffe.de\/index.php?rest_route=\/wp\/v2\/pages\/4086","targetHints":{"allow":["GET"]}}],"collection":[{"href":"https:\/\/alles-ueber-riffe.de\/index.php?rest_route=\/wp\/v2\/pages"}],"about":[{"href":"https:\/\/alles-ueber-riffe.de\/index.php?rest_route=\/wp\/v2\/types\/page"}],"author":[{"embeddable":true,"href":"https:\/\/alles-ueber-riffe.de\/index.php?rest_route=\/wp\/v2\/users\/1"}],"replies":[{"embeddable":true,"href":"https:\/\/alles-ueber-riffe.de\/index.php?rest_route=%2Fwp%2Fv2%2Fcomments&post=4086"}],"version-history":[{"count":10,"href":"https:\/\/alles-ueber-riffe.de\/index.php?rest_route=\/wp\/v2\/pages\/4086\/revisions"}],"predecessor-version":[{"id":4318,"href":"https:\/\/alles-ueber-riffe.de\/index.php?rest_route=\/wp\/v2\/pages\/4086\/revisions\/4318"}],"wp:attachment":[{"href":"https:\/\/alles-ueber-riffe.de\/index.php?rest_route=%2Fwp%2Fv2%2Fmedia&parent=4086"}],"curies":[{"name":"wp","href":"https:\/\/api.w.org\/{rel}","templated":true}]}}